{"id":63565,"date":"2022-11-18T12:49:38","date_gmt":"2022-11-18T15:49:38","guid":{"rendered":"https:\/\/bodegaoutdoor.cl\/store\/?post_type=product&#038;p=63565"},"modified":"2023-05-04T19:18:37","modified_gmt":"2023-05-04T23:18:37","slug":"monocular-binoculares-profesionales-monocular-zoom-40x60-cmt","status":"publish","type":"product","link":"https:\/\/bodegaoutdoor.cl\/store\/product\/monocular-binoculares-profesionales-monocular-zoom-40x60-cmt\/","title":{"rendered":"Monocular Binoculares Profesionales Monocular Zoom 40&#215;60 Cmt"},"content":{"rendered":"<p>Monocular<br \/>\nTama\u00f1o: 165*70*65mm<br \/>\nPatr\u00f3n: telescopio Monocular 40X60<br \/>\nPrisma tipo: BAK4<br \/>\nAmpliaci\u00f3n: 40X<br \/>\nDe \u00e1ngulo ancho: 60<br \/>\nCampo de visi\u00f3n: 1500M aprox<br \/>\nDi\u00e1metro de la lente del ojo: 22mm\/0,87 pulgadas (aprox.)<\/p>\n<p><img fetchpriority=\"high\" decoding=\"async\" class=\"alignnone size-full wp-image-63566\" src=\"https:\/\/bodegaoutdoor.cl\/store\/wp-content\/uploads\/2022\/11\/81b4f63e-525f-4141-9541-c32773581de9.jpg\" alt=\"\" width=\"500\" height=\"398\" \/> <img decoding=\"async\" class=\"alignnone size-medium wp-image-63567\" src=\"https:\/\/bodegaoutdoor.cl\/store\/wp-content\/uploads\/2022\/11\/82f06b82-8b77-4c9d-bbb6-0d9ad8da6106.jpg\" alt=\"\" width=\"468\" height=\"500\" \/> <img decoding=\"async\" class=\"alignnone size-medium wp-image-63568\" src=\"https:\/\/bodegaoutdoor.cl\/store\/wp-content\/uploads\/2022\/11\/comet-40x60-1.jpg\" alt=\"\" width=\"500\" height=\"362\" \/> <img loading=\"lazy\" decoding=\"async\" class=\"alignnone size-medium wp-image-63569\" src=\"https:\/\/bodegaoutdoor.cl\/store\/wp-content\/uploads\/2022\/11\/f6574f31-74b5-41ef-902a-f25386625e6e.jpg\" alt=\"\" width=\"458\" height=\"500\" \/><\/p>\n\n    <div class=\"xs_social_share_widget xs_share_url after_content \t\tmain_content  wslu-style-1 wslu-share-box-shaped wslu-fill-colored wslu-none wslu-share-horizontal wslu-theme-font-no wslu-main_content\">\n\n\t\t\n        <ul>\n\t\t\t        <\/ul>\n    <\/div> \n","protected":false},"excerpt":{"rendered":"<p>Monocular Tama\u00f1o: 165*70*65mm Patr\u00f3n: telescopio Monocular 40X60 Prisma tipo: BAK4 Ampliaci\u00f3n: 40X De \u00e1ngulo ancho: 60 Campo de visi\u00f3n: 1500M aprox Di\u00e1metro de la lente del ojo: 22mm\/0,87 pulgadas (aprox.)<\/p>\n","protected":false},"featured_media":63566,"comment_status":"open","ping_status":"closed","template":"","meta":{"jetpack_publicize_message":"","jetpack_publicize_feature_enabled":true,"jetpack_social_post_already_shared":true,"jetpack_social_options":{"image_generator_settings":{"template":"highway","enabled":false},"version":2}},"product_brand":[],"product_cat":[64,1249,15],"product_tag":[],"class_list":{"0":"post-63565","1":"product","2":"type-product","3":"status-publish","4":"has-post-thumbnail","6":"product_cat-accessories","7":"product_cat-binoculares","8":"product_cat-otros","10":"first","11":"instock","12":"sale","13":"taxable","14":"shipping-taxable","15":"purchasable","16":"product-type-simple"},"jetpack_publicize_connections":[],"jetpack_sharing_enabled":true,"_links":{"self":[{"href":"https:\/\/bodegaoutdoor.cl\/store\/wp-json\/wp\/v2\/product\/63565","targetHints":{"allow":["GET"]}}],"collection":[{"href":"https:\/\/bodegaoutdoor.cl\/store\/wp-json\/wp\/v2\/product"}],"about":[{"href":"https:\/\/bodegaoutdoor.cl\/store\/wp-json\/wp\/v2\/types\/product"}],"replies":[{"embeddable":true,"href":"https:\/\/bodegaoutdoor.cl\/store\/wp-json\/wp\/v2\/comments?post=63565"}],"version-history":[{"count":2,"href":"https:\/\/bodegaoutdoor.cl\/store\/wp-json\/wp\/v2\/product\/63565\/revisions"}],"predecessor-version":[{"id":63574,"href":"https:\/\/bodegaoutdoor.cl\/store\/wp-json\/wp\/v2\/product\/63565\/revisions\/63574"}],"wp:featuredmedia":[{"embeddable":true,"href":"https:\/\/bodegaoutdoor.cl\/store\/wp-json\/wp\/v2\/media\/63566"}],"wp:attachment":[{"href":"https:\/\/bodegaoutdoor.cl\/store\/wp-json\/wp\/v2\/media?parent=63565"}],"wp:term":[{"taxonomy":"product_brand","embeddable":true,"href":"https:\/\/bodegaoutdoor.cl\/store\/wp-json\/wp\/v2\/product_brand?post=63565"},{"taxonomy":"product_cat","embeddable":true,"href":"https:\/\/bodegaoutdoor.cl\/store\/wp-json\/wp\/v2\/product_cat?post=63565"},{"taxonomy":"product_tag","embeddable":true,"href":"https:\/\/bodegaoutdoor.cl\/store\/wp-json\/wp\/v2\/product_tag?post=63565"}],"curies":[{"name":"wp","href":"https:\/\/api.w.org\/{rel}","templated":true}]}}