{"id":63585,"date":"2022-11-30T11:23:10","date_gmt":"2022-11-30T14:23:10","guid":{"rendered":"https:\/\/bodegaoutdoor.cl\/store\/product\/shimano-gafas-de-sol-uv400-para-pesca-lentes-de-sol-polarizadas-clasicas-antiultravioleta-para-conduccion-y-montanismo-al-aire-libre-nuevas\/"},"modified":"2023-05-04T19:18:37","modified_gmt":"2023-05-04T23:18:37","slug":"shimano-gafas-de-sol-uv400-para-pesca-lentes-de-sol-polarizadas-clasicas-antiultravioleta-para-conduccion-y-montanismo-al-aire-libre-nuevas","status":"publish","type":"product","link":"https:\/\/bodegaoutdoor.cl\/store\/product\/shimano-gafas-de-sol-uv400-para-pesca-lentes-de-sol-polarizadas-clasicas-antiultravioleta-para-conduccion-y-montanismo-al-aire-libre-nuevas\/","title":{"rendered":"SHIMANO-gafas de sol Uv400, lentes de sol polarizadas cl\u00e1sicas antiultravioleta para conducci\u00f3n y monta\u00f1ismo al aire libre, nuevas"},"content":{"rendered":"<p>&nbsp;<\/p>\n<p align=\"start\">Specifications:<\/p>\n<p>&nbsp;<\/p>\n<p align=\"start\">Products: cycling glasses and sunglasses.<\/p>\n<p>&nbsp;<\/p>\n<p align=\"start\">UV resistance grade: UV400.<\/p>\n<p>&nbsp;<\/p>\n<p align=\"start\">Applicable people: ladies, men, general, adults.<\/p>\n<p>&nbsp;<\/p>\n<p align=\"start\">Applicable scene: fashion wear, party.outdoor riding\uff0c<\/p>\n<p>&nbsp;<\/p>\n<p align=\"start\">Package Included:<\/p>\n<p>&nbsp;<\/p>\n<p align=\"start\">1* Shimano glasses<\/p>\n<p align=\"start\">1* Glasses cloth<\/p>\n<p align=\"start\"><img decoding=\"async\" title=\"SHIMANO-gafas de sol Uv400 para pesca, lentes de sol polarizadas cl\u00e1sicas antiultravioleta para conducci\u00f3n y monta\u00f1ismo al aire libre, nuevas\" src=\"https:\/\/bodegaoutdoor.cl\/store\/wp-content\/uploads\/2022\/11\/63585-dilmhp.jpg\" alt=\"SHIMANO-gafas de sol Uv400 para pesca, lentes de sol polarizadas cl\u00e1sicas antiultravioleta para conducci\u00f3n y monta\u00f1ismo al aire libre, nuevas\" \/><img decoding=\"async\" title=\"SHIMANO-gafas de sol Uv400 para pesca, lentes de sol polarizadas cl\u00e1sicas antiultravioleta para conducci\u00f3n y monta\u00f1ismo al aire libre, nuevas\" src=\"https:\/\/bodegaoutdoor.cl\/store\/wp-content\/uploads\/2022\/11\/63585-rojamr.jpg\" alt=\"SHIMANO-gafas de sol Uv400 para pesca, lentes de sol polarizadas cl\u00e1sicas antiultravioleta para conducci\u00f3n y monta\u00f1ismo al aire libre, nuevas\" \/><img decoding=\"async\" title=\"SHIMANO-gafas de sol Uv400 para pesca, lentes de sol polarizadas cl\u00e1sicas antiultravioleta para conducci\u00f3n y monta\u00f1ismo al aire libre, nuevas\" src=\"https:\/\/bodegaoutdoor.cl\/store\/wp-content\/uploads\/2022\/11\/63585-fmd9zn.jpg\" alt=\"SHIMANO-gafas de sol Uv400 para pesca, lentes de sol polarizadas cl\u00e1sicas antiultravioleta para conducci\u00f3n y monta\u00f1ismo al aire libre, nuevas\" \/><img decoding=\"async\" title=\"SHIMANO-gafas de sol Uv400 para pesca, lentes de sol polarizadas cl\u00e1sicas antiultravioleta para conducci\u00f3n y monta\u00f1ismo al aire libre, nuevas\" src=\"https:\/\/bodegaoutdoor.cl\/store\/wp-content\/uploads\/2022\/11\/63585-ygsnsi.jpg\" alt=\"SHIMANO-gafas de sol Uv400 para pesca, lentes de sol polarizadas cl\u00e1sicas antiultravioleta para conducci\u00f3n y monta\u00f1ismo al aire libre, nuevas\" \/><img decoding=\"async\" title=\"SHIMANO-gafas de sol Uv400 para pesca, lentes de sol polarizadas cl\u00e1sicas antiultravioleta para conducci\u00f3n y monta\u00f1ismo al aire libre, nuevas\" src=\"https:\/\/bodegaoutdoor.cl\/store\/wp-content\/uploads\/2022\/11\/63585-vi7ghc.jpg\" alt=\"SHIMANO-gafas de sol Uv400 para pesca, lentes de sol polarizadas cl\u00e1sicas antiultravioleta para conducci\u00f3n y monta\u00f1ismo al aire libre, nuevas\" \/><img decoding=\"async\" title=\"SHIMANO-gafas de sol Uv400 para pesca, lentes de sol polarizadas cl\u00e1sicas antiultravioleta para conducci\u00f3n y monta\u00f1ismo al aire libre, nuevas\" src=\"https:\/\/bodegaoutdoor.cl\/store\/wp-content\/uploads\/2022\/11\/63585-jpciid.jpg\" alt=\"SHIMANO-gafas de sol Uv400 para pesca, lentes de sol polarizadas cl\u00e1sicas antiultravioleta para conducci\u00f3n y monta\u00f1ismo al aire libre, nuevas\" \/><img decoding=\"async\" title=\"SHIMANO-gafas de sol Uv400 para pesca, lentes de sol polarizadas cl\u00e1sicas antiultravioleta para conducci\u00f3n y monta\u00f1ismo al aire libre, nuevas\" src=\"https:\/\/bodegaoutdoor.cl\/store\/wp-content\/uploads\/2022\/11\/63585-dan3ue.jpg\" alt=\"SHIMANO-gafas de sol Uv400 para pesca, lentes de sol polarizadas cl\u00e1sicas antiultravioleta para conducci\u00f3n y monta\u00f1ismo al aire libre, nuevas\" \/><img decoding=\"async\" title=\"SHIMANO-gafas de sol Uv400 para pesca, lentes de sol polarizadas cl\u00e1sicas antiultravioleta para conducci\u00f3n y monta\u00f1ismo al aire libre, nuevas\" src=\"https:\/\/bodegaoutdoor.cl\/store\/wp-content\/uploads\/2022\/11\/63585-nplrn5.jpg\" alt=\"SHIMANO-gafas de sol Uv400 para pesca, lentes de sol polarizadas cl\u00e1sicas antiultravioleta para conducci\u00f3n y monta\u00f1ismo al aire libre, nuevas\" \/><img decoding=\"async\" title=\"SHIMANO-gafas de sol Uv400 para pesca, lentes de sol polarizadas cl\u00e1sicas antiultravioleta para conducci\u00f3n y monta\u00f1ismo al aire libre, nuevas\" src=\"https:\/\/bodegaoutdoor.cl\/store\/wp-content\/uploads\/2022\/11\/63585-n2mv6c.jpg\" alt=\"SHIMANO-gafas de sol Uv400 para pesca, lentes de sol polarizadas cl\u00e1sicas antiultravioleta para conducci\u00f3n y monta\u00f1ismo al aire libre, nuevas\" \/><img decoding=\"async\" title=\"SHIMANO-gafas de sol Uv400 para pesca, lentes de sol polarizadas cl\u00e1sicas antiultravioleta para conducci\u00f3n y monta\u00f1ismo al aire libre, nuevas\" src=\"https:\/\/bodegaoutdoor.cl\/store\/wp-content\/uploads\/2022\/11\/63585-1mrn7n.jpg\" alt=\"SHIMANO-gafas de sol Uv400 para pesca, lentes de sol polarizadas cl\u00e1sicas antiultravioleta para conducci\u00f3n y monta\u00f1ismo al aire libre, nuevas\" \/><img decoding=\"async\" title=\"SHIMANO-gafas de sol Uv400 para pesca, lentes de sol polarizadas cl\u00e1sicas antiultravioleta para conducci\u00f3n y monta\u00f1ismo al aire libre, nuevas\" src=\"https:\/\/bodegaoutdoor.cl\/store\/wp-content\/uploads\/2022\/11\/63585-htooqc.jpg\" alt=\"SHIMANO-gafas de sol Uv400 para pesca, lentes de sol polarizadas cl\u00e1sicas antiultravioleta para conducci\u00f3n y monta\u00f1ismo al aire libre, nuevas\" \/><img decoding=\"async\" title=\"SHIMANO-gafas de sol Uv400 para pesca, lentes de sol polarizadas cl\u00e1sicas antiultravioleta para conducci\u00f3n y monta\u00f1ismo al aire libre, nuevas\" src=\"https:\/\/bodegaoutdoor.cl\/store\/wp-content\/uploads\/2022\/11\/63585-ne8zy1.jpg\" alt=\"SHIMANO-gafas de sol Uv400 para pesca, lentes de sol polarizadas cl\u00e1sicas antiultravioleta para conducci\u00f3n y monta\u00f1ismo al aire libre, nuevas\" \/><img decoding=\"async\" title=\"SHIMANO-gafas de sol Uv400 para pesca, lentes de sol polarizadas cl\u00e1sicas antiultravioleta para conducci\u00f3n y monta\u00f1ismo al aire libre, nuevas\" src=\"https:\/\/bodegaoutdoor.cl\/store\/wp-content\/uploads\/2022\/11\/63585-ii8wco.jpg\" alt=\"SHIMANO-gafas de sol Uv400 para pesca, lentes de sol polarizadas cl\u00e1sicas antiultravioleta para conducci\u00f3n y monta\u00f1ismo al aire libre, nuevas\" \/><img decoding=\"async\" title=\"SHIMANO-gafas de sol Uv400 para pesca, lentes de sol polarizadas cl\u00e1sicas antiultravioleta para conducci\u00f3n y monta\u00f1ismo al aire libre, nuevas\" src=\"https:\/\/bodegaoutdoor.cl\/store\/wp-content\/uploads\/2022\/11\/63585-cts7jz.jpg\" alt=\"SHIMANO-gafas de sol Uv400 para pesca, lentes de sol polarizadas cl\u00e1sicas antiultravioleta para conducci\u00f3n y monta\u00f1ismo al aire libre, nuevas\" \/><img decoding=\"async\" title=\"SHIMANO-gafas de sol Uv400 para pesca, lentes de sol polarizadas cl\u00e1sicas antiultravioleta para conducci\u00f3n y monta\u00f1ismo al aire libre, nuevas\" src=\"https:\/\/bodegaoutdoor.cl\/store\/wp-content\/uploads\/2022\/11\/63585-p1mo3l.jpg\" alt=\"SHIMANO-gafas de sol Uv400 para pesca, lentes de sol polarizadas cl\u00e1sicas antiultravioleta para conducci\u00f3n y monta\u00f1ismo al aire libre, nuevas\" \/><\/p>\n\n    <div class=\"xs_social_share_widget xs_share_url after_content \t\tmain_content  wslu-style-1 wslu-share-box-shaped wslu-fill-colored wslu-none wslu-share-horizontal wslu-theme-font-no wslu-main_content\">\n\n\t\t\n        <ul>\n\t\t\t        <\/ul>\n    <\/div> \n","protected":false},"excerpt":{"rendered":"<p>&nbsp; Specifications: &nbsp; Products: cycling glasses and sunglasses. &nbsp; UV resistance grade: UV400. &nbsp; Applicable people: ladies, men, general, adults. &nbsp; Applicable scene: fashion wear, party.outdoor riding\uff0c &nbsp; Package Included: &nbsp; 1* Shimano glasses 1* Glasses cloth<\/p>\n","protected":false},"featured_media":63594,"comment_status":"open","ping_status":"closed","template":"","meta":{"jetpack_publicize_message":"","jetpack_publicize_feature_enabled":true,"jetpack_social_post_already_shared":true,"jetpack_social_options":{"image_generator_settings":{"template":"highway","enabled":false},"version":2}},"product_brand":[],"product_cat":[38],"product_tag":[],"class_list":{"0":"post-63585","1":"product","2":"type-product","3":"status-publish","4":"has-post-thumbnail","6":"product_cat-lentes","8":"first","9":"instock","10":"sale","11":"taxable","12":"shipping-taxable","13":"purchasable","14":"product-type-variable"},"jetpack_publicize_connections":[],"jetpack_sharing_enabled":true,"_links":{"self":[{"href":"https:\/\/bodegaoutdoor.cl\/store\/wp-json\/wp\/v2\/product\/63585","targetHints":{"allow":["GET"]}}],"collection":[{"href":"https:\/\/bodegaoutdoor.cl\/store\/wp-json\/wp\/v2\/product"}],"about":[{"href":"https:\/\/bodegaoutdoor.cl\/store\/wp-json\/wp\/v2\/types\/product"}],"replies":[{"embeddable":true,"href":"https:\/\/bodegaoutdoor.cl\/store\/wp-json\/wp\/v2\/comments?post=63585"}],"version-history":[{"count":19,"href":"https:\/\/bodegaoutdoor.cl\/store\/wp-json\/wp\/v2\/product\/63585\/revisions"}],"predecessor-version":[{"id":63677,"href":"https:\/\/bodegaoutdoor.cl\/store\/wp-json\/wp\/v2\/product\/63585\/revisions\/63677"}],"wp:featuredmedia":[{"embeddable":true,"href":"https:\/\/bodegaoutdoor.cl\/store\/wp-json\/wp\/v2\/media\/63594"}],"wp:attachment":[{"href":"https:\/\/bodegaoutdoor.cl\/store\/wp-json\/wp\/v2\/media?parent=63585"}],"wp:term":[{"taxonomy":"product_brand","embeddable":true,"href":"https:\/\/bodegaoutdoor.cl\/store\/wp-json\/wp\/v2\/product_brand?post=63585"},{"taxonomy":"product_cat","embeddable":true,"href":"https:\/\/bodegaoutdoor.cl\/store\/wp-json\/wp\/v2\/product_cat?post=63585"},{"taxonomy":"product_tag","embeddable":true,"href":"https:\/\/bodegaoutdoor.cl\/store\/wp-json\/wp\/v2\/product_tag?post=63585"}],"curies":[{"name":"wp","href":"https:\/\/api.w.org\/{rel}","templated":true}]}}