{"id":63688,"date":"2022-11-30T19:17:37","date_gmt":"2022-11-30T22:17:37","guid":{"rendered":"https:\/\/bodegaoutdoor.cl\/store\/?post_type=product&#038;p=63688"},"modified":"2023-05-04T19:18:37","modified_gmt":"2023-05-04T23:18:37","slug":"binocular-comet-50x50-con-filtro-pack3","status":"publish","type":"product","link":"https:\/\/bodegaoutdoor.cl\/store\/product\/binocular-comet-50x50-con-filtro-pack3\/","title":{"rendered":"Pack(3) Binocular Comet 50&#215;50 con filtro"},"content":{"rendered":"<div class=\"accordion open\" data-accordion=\"\">\n<div id=\"tab-title-description\" class=\"description_tab\" data-control=\"\">Descripci\u00f3n<\/div>\n<div data-content=\"\">\n<p>Binoculares de gran poder de acercamiento marca Comet Optics 50\u00d750, cuenta con aclarador de imagen, filtro para uso nocturno, bolso de transporte y correa de sujeci\u00f3n.<br \/>\nProducto perfecto para actividades como: viajes, deportes al aire libre, observaci\u00f3n de aves, observaci\u00f3n de animales salvajes, camping, monta\u00f1ismo, aventura, tiro, pesca, observaci\u00f3n del terreno, vigilancia y seguridad.<\/p>\n<p><strong>Descripci\u00f3n<\/strong><\/p>\n<ul>\n<li>Dise\u00f1o ergon\u00f3mico de f\u00e1cil agarre<\/li>\n<li>Resistencia al agua, se puede usar incluso en el d\u00eda de lluvia<\/li>\n<li>Tama\u00f1o adecuado con dise\u00f1o port\u00e1til y ligero, f\u00e1cil de llevar en cualquier lugar<\/li>\n<li>Equipado con lente de \u00e1ngulo ancho interno, proporcionando una vista clara y amplia<\/li>\n<li>Compacto y ligero con efecto claro es la mejor opci\u00f3n para su viaje<\/li>\n<\/ul>\n<p><strong>Informaci\u00f3n T\u00e9cnica:<\/strong><\/p>\n<ul>\n<li>Color: Negro<\/li>\n<li>Tama\u00f1o del producto: 18cm x 18cm x 6cm<\/li>\n<li>Peso neto: 252 grs<\/li>\n<li>Material: caucho y vidrio \u00f3ptico.<\/li>\n<li>Ampliaci\u00f3n: 4 a 6 veces<\/li>\n<li>\u00c1ngulo de visi\u00f3n: 7.5 grados<\/li>\n<li>Lentes: lentes \u00f3pticas<\/li>\n<li>Campo de visi\u00f3n: 119m \/ 1000 m<\/li>\n<\/ul>\n<p><strong>Contenido del paquete<\/strong><br \/>\n1 \u2013 Correa sujeci\u00f3n<br \/>\n1 \u2013 Binocular<br \/>\n1 \u2013 Bolso de transporte<br \/>\n1 \u2013 Manual de usuario<\/p>\n<\/div>\n<\/div>\n<div data-accordion=\"\">\n<div id=\"tab-title-additional_information\" class=\"additional_information_tab\" data-control=\"\">Informaci\u00f3n adicional<\/div>\n<div data-content=\"\">\n<table class=\"woocommerce-product-attributes shop_attributes\" style=\"width: 42.0912%; height: 436px;\">\n<tbody>\n<tr class=\"woocommerce-product-attributes-item woocommerce-product-attributes-item--attribute_tama%c3%b1o\">\n<th class=\"woocommerce-product-attributes-item__label\">Tama\u00f1o<\/th>\n<td class=\"woocommerce-product-attributes-item__value\">18cm x 18cm x 6cm<\/td>\n<\/tr>\n<tr class=\"woocommerce-product-attributes-item woocommerce-product-attributes-item--attribute_peso\">\n<th class=\"woocommerce-product-attributes-item__label\">Peso<\/th>\n<td class=\"woocommerce-product-attributes-item__value\">252 grs<\/td>\n<\/tr>\n<tr class=\"woocommerce-product-attributes-item woocommerce-product-attributes-item--attribute_material\">\n<th class=\"woocommerce-product-attributes-item__label\">Material<\/th>\n<td class=\"woocommerce-product-attributes-item__value\">caucho y vidrio \u00f3ptico<\/td>\n<\/tr>\n<tr class=\"woocommerce-product-attributes-item woocommerce-product-attributes-item--attribute_%c3%a1ngulo-de-visi%c3%b3n\">\n<th class=\"woocommerce-product-attributes-item__label\">\u00c1ngulo de visi\u00f3n<\/th>\n<td class=\"woocommerce-product-attributes-item__value\">7.5 grados<\/td>\n<\/tr>\n<tr class=\"woocommerce-product-attributes-item woocommerce-product-attributes-item--attribute_ampliaci%c3%b3n\">\n<th class=\"woocommerce-product-attributes-item__label\">Ampliaci\u00f3n<\/th>\n<td class=\"woocommerce-product-attributes-item__value\">4 a 6 veces<\/td>\n<\/tr>\n<tr class=\"woocommerce-product-attributes-item woocommerce-product-attributes-item--attribute_lentes\">\n<th class=\"woocommerce-product-attributes-item__label\">Lentes<\/th>\n<td class=\"woocommerce-product-attributes-item__value\">lentes \u00f3pticas<\/td>\n<\/tr>\n<tr class=\"woocommerce-product-attributes-item woocommerce-product-attributes-item--attribute_campo-de-visi%c3%b3n\">\n<th class=\"woocommerce-product-attributes-item__label\">Campo de visi\u00f3n<\/th>\n<td class=\"woocommerce-product-attributes-item__value\">119m \/ 1000 m<\/td>\n<\/tr>\n<\/tbody>\n<\/table>\n<\/div>\n<p><img fetchpriority=\"high\" decoding=\"async\" class=\"alignnone size-full wp-image-63541\" src=\"https:\/\/bodegaoutdoor.cl\/store\/wp-content\/uploads\/2022\/11\/7fbe5056-c90b-4be8-9daa-0a11ca009015.jpg\" alt=\"\" width=\"600\" height=\"600\" srcset=\"https:\/\/bodegaoutdoor.cl\/store\/wp-content\/uploads\/2022\/11\/7fbe5056-c90b-4be8-9daa-0a11ca009015.jpg 600w, https:\/\/bodegaoutdoor.cl\/store\/wp-content\/uploads\/2022\/11\/7fbe5056-c90b-4be8-9daa-0a11ca009015-300x300.jpg 300w, https:\/\/bodegaoutdoor.cl\/store\/wp-content\/uploads\/2022\/11\/7fbe5056-c90b-4be8-9daa-0a11ca009015-100x100.jpg 100w, https:\/\/bodegaoutdoor.cl\/store\/wp-content\/uploads\/2022\/11\/7fbe5056-c90b-4be8-9daa-0a11ca009015-150x150.jpg 150w, https:\/\/bodegaoutdoor.cl\/store\/wp-content\/uploads\/2022\/11\/7fbe5056-c90b-4be8-9daa-0a11ca009015-32x32.jpg 32w\" sizes=\"(max-width: 600px) 100vw, 600px\" \/> <img decoding=\"async\" class=\"alignnone size-full wp-image-63540\" src=\"https:\/\/bodegaoutdoor.cl\/store\/wp-content\/uploads\/2022\/11\/5ec5f6e7-c886-4bb1-a5e7-76a9c9fa0ceb.jpg\" alt=\"\" width=\"600\" height=\"600\" srcset=\"https:\/\/bodegaoutdoor.cl\/store\/wp-content\/uploads\/2022\/11\/5ec5f6e7-c886-4bb1-a5e7-76a9c9fa0ceb.jpg 600w, https:\/\/bodegaoutdoor.cl\/store\/wp-content\/uploads\/2022\/11\/5ec5f6e7-c886-4bb1-a5e7-76a9c9fa0ceb-300x300.jpg 300w, https:\/\/bodegaoutdoor.cl\/store\/wp-content\/uploads\/2022\/11\/5ec5f6e7-c886-4bb1-a5e7-76a9c9fa0ceb-100x100.jpg 100w, https:\/\/bodegaoutdoor.cl\/store\/wp-content\/uploads\/2022\/11\/5ec5f6e7-c886-4bb1-a5e7-76a9c9fa0ceb-150x150.jpg 150w, https:\/\/bodegaoutdoor.cl\/store\/wp-content\/uploads\/2022\/11\/5ec5f6e7-c886-4bb1-a5e7-76a9c9fa0ceb-32x32.jpg 32w\" sizes=\"(max-width: 600px) 100vw, 600px\" \/> <img decoding=\"async\" class=\"alignnone size-medium wp-image-63539\" src=\"https:\/\/bodegaoutdoor.cl\/store\/wp-content\/uploads\/2022\/11\/3a6df833-3264-4a0a-bc63-9b8941f92494.jpg\" alt=\"\" width=\"600\" height=\"600\" srcset=\"https:\/\/bodegaoutdoor.cl\/store\/wp-content\/uploads\/2022\/11\/3a6df833-3264-4a0a-bc63-9b8941f92494.jpg 600w, https:\/\/bodegaoutdoor.cl\/store\/wp-content\/uploads\/2022\/11\/3a6df833-3264-4a0a-bc63-9b8941f92494-300x300.jpg 300w, https:\/\/bodegaoutdoor.cl\/store\/wp-content\/uploads\/2022\/11\/3a6df833-3264-4a0a-bc63-9b8941f92494-100x100.jpg 100w, https:\/\/bodegaoutdoor.cl\/store\/wp-content\/uploads\/2022\/11\/3a6df833-3264-4a0a-bc63-9b8941f92494-150x150.jpg 150w, https:\/\/bodegaoutdoor.cl\/store\/wp-content\/uploads\/2022\/11\/3a6df833-3264-4a0a-bc63-9b8941f92494-32x32.jpg 32w\" sizes=\"(max-width: 600px) 100vw, 600px\" \/> <img loading=\"lazy\" decoding=\"async\" class=\"alignnone size-medium wp-image-63538\" src=\"https:\/\/bodegaoutdoor.cl\/store\/wp-content\/uploads\/2022\/11\/1c9209b9-d400-4801-9c15-d968b187a2a2.jpg\" alt=\"\" width=\"1000\" height=\"1000\" srcset=\"https:\/\/bodegaoutdoor.cl\/store\/wp-content\/uploads\/2022\/11\/1c9209b9-d400-4801-9c15-d968b187a2a2.jpg 1000w, https:\/\/bodegaoutdoor.cl\/store\/wp-content\/uploads\/2022\/11\/1c9209b9-d400-4801-9c15-d968b187a2a2-300x300.jpg 300w, https:\/\/bodegaoutdoor.cl\/store\/wp-content\/uploads\/2022\/11\/1c9209b9-d400-4801-9c15-d968b187a2a2-100x100.jpg 100w, https:\/\/bodegaoutdoor.cl\/store\/wp-content\/uploads\/2022\/11\/1c9209b9-d400-4801-9c15-d968b187a2a2-600x600.jpg 600w, https:\/\/bodegaoutdoor.cl\/store\/wp-content\/uploads\/2022\/11\/1c9209b9-d400-4801-9c15-d968b187a2a2-150x150.jpg 150w, https:\/\/bodegaoutdoor.cl\/store\/wp-content\/uploads\/2022\/11\/1c9209b9-d400-4801-9c15-d968b187a2a2-768x768.jpg 768w, https:\/\/bodegaoutdoor.cl\/store\/wp-content\/uploads\/2022\/11\/1c9209b9-d400-4801-9c15-d968b187a2a2-32x32.jpg 32w\" sizes=\"(max-width: 1000px) 100vw, 1000px\" \/> <img loading=\"lazy\" decoding=\"async\" class=\"alignnone size-full wp-image-63537\" src=\"https:\/\/bodegaoutdoor.cl\/store\/wp-content\/uploads\/2022\/11\/D_NQ_NP_604630-MLC31468288945_072019-O.jpg\" alt=\"\" width=\"500\" height=\"440\" \/> <img loading=\"lazy\" decoding=\"async\" class=\"alignnone size-full wp-image-63536\" src=\"https:\/\/bodegaoutdoor.cl\/store\/wp-content\/uploads\/2022\/11\/D_NQ_NP_792221-MLC44672241210_012021-O.jpg\" alt=\"\" width=\"500\" height=\"460\" \/><\/p>\n<\/div>\n\n    <div class=\"xs_social_share_widget xs_share_url after_content \t\tmain_content  wslu-style-1 wslu-share-box-shaped wslu-fill-colored wslu-none wslu-share-horizontal wslu-theme-font-no wslu-main_content\">\n\n\t\t\n        <ul>\n\t\t\t        <\/ul>\n    <\/div> \n","protected":false},"excerpt":{"rendered":"<p><span style=\"color: #ff0000;\"><strong>Pack de 3 Binoculares<\/strong><\/span><\/p>\n","protected":false},"featured_media":63537,"comment_status":"open","ping_status":"closed","template":"","meta":{"jetpack_publicize_message":"","jetpack_publicize_feature_enabled":true,"jetpack_social_post_already_shared":true,"jetpack_social_options":{"image_generator_settings":{"template":"highway","enabled":false},"version":2}},"product_brand":[],"product_cat":[64,331],"product_tag":[906],"class_list":{"0":"post-63688","1":"product","2":"type-product","3":"status-publish","4":"has-post-thumbnail","6":"product_cat-accessories","7":"product_cat-lotes-x-mayor","8":"product_tag-por-mayor","10":"first","11":"instock","12":"sale","13":"taxable","14":"shipping-taxable","15":"purchasable","16":"product-type-simple"},"jetpack_publicize_connections":[],"jetpack_sharing_enabled":true,"_links":{"self":[{"href":"https:\/\/bodegaoutdoor.cl\/store\/wp-json\/wp\/v2\/product\/63688","targetHints":{"allow":["GET"]}}],"collection":[{"href":"https:\/\/bodegaoutdoor.cl\/store\/wp-json\/wp\/v2\/product"}],"about":[{"href":"https:\/\/bodegaoutdoor.cl\/store\/wp-json\/wp\/v2\/types\/product"}],"replies":[{"embeddable":true,"href":"https:\/\/bodegaoutdoor.cl\/store\/wp-json\/wp\/v2\/comments?post=63688"}],"version-history":[{"count":2,"href":"https:\/\/bodegaoutdoor.cl\/store\/wp-json\/wp\/v2\/product\/63688\/revisions"}],"predecessor-version":[{"id":63690,"href":"https:\/\/bodegaoutdoor.cl\/store\/wp-json\/wp\/v2\/product\/63688\/revisions\/63690"}],"wp:featuredmedia":[{"embeddable":true,"href":"https:\/\/bodegaoutdoor.cl\/store\/wp-json\/wp\/v2\/media\/63537"}],"wp:attachment":[{"href":"https:\/\/bodegaoutdoor.cl\/store\/wp-json\/wp\/v2\/media?parent=63688"}],"wp:term":[{"taxonomy":"product_brand","embeddable":true,"href":"https:\/\/bodegaoutdoor.cl\/store\/wp-json\/wp\/v2\/product_brand?post=63688"},{"taxonomy":"product_cat","embeddable":true,"href":"https:\/\/bodegaoutdoor.cl\/store\/wp-json\/wp\/v2\/product_cat?post=63688"},{"taxonomy":"product_tag","embeddable":true,"href":"https:\/\/bodegaoutdoor.cl\/store\/wp-json\/wp\/v2\/product_tag?post=63688"}],"curies":[{"name":"wp","href":"https:\/\/api.w.org\/{rel}","templated":true}]}}