{"id":64589,"date":"2022-12-09T17:25:35","date_gmt":"2022-12-09T20:25:35","guid":{"rendered":"https:\/\/bodegaoutdoor.cl\/store\/product\/prismaticos-profesionales-hd-telescopio-de-telefono-de-gran-aumento-microtelescopio-bak4-para-acampar-200x22-40000m\/"},"modified":"2024-04-25T15:15:47","modified_gmt":"2024-04-25T19:15:47","slug":"binoculares-prismaticos-profesionales-hd-microtelescopio-bak4-200x22-40000m","status":"publish","type":"product","link":"https:\/\/bodegaoutdoor.cl\/store\/product\/binoculares-prismaticos-profesionales-hd-microtelescopio-bak4-200x22-40000m\/","title":{"rendered":"Binoculares Prism\u00e1ticos profesionales HD, microtelescopio BAK4 &#8211; 200X22, 40000m"},"content":{"rendered":"<p style=\"text-align: center;\"><video style=\"max-width: 100%;\" src=\"\/\/video.aliexpress-media.com\/play\/u\/ae_sg_item\/2207494165063\/p\/1\/e\/6\/t\/10301\/337385208054.mp4\" poster=\"https:\/\/ae01.alicdn.com\/kf\/Hfcf6d307efa6499793cba2d327a35d6a0\/Prism-ticos-profesionales-HD-telescopio-de-tel-fono-de-gran-aumento-microtelescopio-BAK4-para-acampar-200X22.jpg,https:\/\/ae01.alicdn.com\/kf\/He0d1fe9818584040a6e35a937ecc2647M\/Prism-ticos-profesionales-HD-telescopio-de-tel-fono-de-gran-aumento-microtelescopio-BAK4-para-acampar-200X22.jpg,https:\/\/ae01.alicdn.com\/kf\/H11de73bd8d944b0aaef611adaf32c166j\/Prism-ticos-profesionales-HD-telescopio-de-tel-fono-de-gran-aumento-microtelescopio-BAK4-para-acampar-200X22.jpg,https:\/\/ae01.alicdn.com\/kf\/Hde0439dcd9e64a258cd201ae2ccad20fU\/Prism-ticos-profesionales-HD-telescopio-de-tel-fono-de-gran-aumento-microtelescopio-BAK4-para-acampar-200X22.jpg,https:\/\/ae01.alicdn.com\/kf\/Hca9e6a2e488d45ff902f19dab8da96efq\/Prism-ticos-profesionales-HD-telescopio-de-tel-fono-de-gran-aumento-microtelescopio-BAK4-para-acampar-200X22.jpg,https:\/\/ae01.alicdn.com\/kf\/H53495e6ed1fb40f28ed2bff802036ff6D\/Prism-ticos-profesionales-HD-telescopio-de-tel-fono-de-gran-aumento-microtelescopio-BAK4-para-acampar-200X22.jpg\" preload=\"auto\" controls=\"controls\" width=\"100%\" height=\"100%\"><\/video><\/p>\n<div>\n<div style=\"padding: 15px;\">\n<p>200X22 actualizaci\u00f3n profesional HD binoculares 40000m<\/p>\n<p>telescopio gran ampliaci\u00f3n BAK4<\/p>\n<p>Caracter\u00edsticas:<\/p>\n<p>Potentes binoculares profesionales: dise\u00f1ados con un aumento de 20x, Una gran lente de objetivo de 22mm y un gran campo de visi\u00f3n de 484 pies\/1000 yardas para objetos en movimiento , perfectos para observar aves, cazar, etc<\/p>\n<p>La lente FMC y el revestimiento multicapa garantizan una excelente transmisi\u00f3n de la luz y mejoran muy bien el brillo, el contraste y la calidad de la imagen. Se puede utilizar por la noche, pero no en total oscuridad. Adecuado para conciertos, \u00f3pera, viajes y observaci\u00f3n astron\u00f3mica.<\/p>\n<p>Duradero, fuerte y antideslizante: La estructura antideslizante duradera no solo se ve decente, sino que tambi\u00e9n es m\u00e1s resistente al desgaste y la humedad, y es perfecta para actividades al aire libre como senderismo, senderismo, viajes, viendo la vida salvaje y el paisaje.<\/p>\n<p>F\u00e1cil de enfocar: tiene una perilla para un enfoque f\u00e1cil y es adecuada para adultos y ni\u00f1os. Conc\u00e9ntrese en el objetivo f\u00e1cilmente con la rueda de ajuste central .<\/p>\n<p>Modelo: telescopio 200&#215;22<\/p>\n<p>Peso: 0,21 kg<\/p>\n<p>Tama\u00f1o: 9*6,3 cm\/3,54 * 2.48in<\/p>\n<p>Campo de visi\u00f3n: 7 \u00b0<\/p>\n<p>Ampliaci\u00f3n: 20X<\/p>\n<p>Material de las lentes: BAK4<\/p>\n<p>Revestimiento \u00f3ptico: FMC<\/p>\n<p>Material del cuerpo: goma<\/p>\n<p>Di\u00e1metro del ocular: 10mm\/pulgadas<\/p>\n<p>Campo de visi\u00f3n: 4000 \/ 40000M<\/p>\n<p>Di\u00e1metro de la lente del Objetivo: 22mm\/pulgadas<\/p>\n<p>Modo de enfoque: enfoque central<\/p>\n<p>Adecuado para: Conciertos, Deportes al aire libre, competiciones, observaci\u00f3n de aves<\/p>\n<p>Especificaci\u00f3n: A: binoculares, B: binoculares + abrazadera de resorte<\/p>\n<p>Nota:<\/p>\n<p>Debido a la diferencia del monitor y efecto de la luz, el color real del art\u00edculo puede ser ligeramente diferente al color mostrado en las im\u00e1genes. \u00a1Gracias!<\/p>\n<p>Permita una desviaci\u00f3n de medici\u00f3n de 1-2cm debido a la medici\u00f3n manual.<\/p>\n<p><strong><span style=\"font-size: 16px;\">Paquetes:<\/span><\/strong><\/p>\n<p>1 Juego de binoculares<\/p>\n<\/div>\n<div><img decoding=\"async\" title=\"Prism\u00e1ticos profesionales HD, telescopio de tel\u00e9fono de gran aumento, microtelescopio BAK4 para acampar, 200X22, 40000m\" src=\"https:\/\/bodegaoutdoor.cl\/store\/wp-content\/uploads\/2022\/12\/64589-vlkrez.jpg\" alt=\"Prism\u00e1ticos profesionales HD, telescopio de tel\u00e9fono de gran aumento, microtelescopio BAK4 para acampar, 200X22, 40000m\" \/><\/div>\n<div style=\"text-align: left;\" align=\"left\"><img decoding=\"async\" title=\"Prism\u00e1ticos profesionales HD, telescopio de tel\u00e9fono de gran aumento, microtelescopio BAK4 para acampar, 200X22, 40000m\" src=\"https:\/\/bodegaoutdoor.cl\/store\/wp-content\/uploads\/2022\/12\/64589-hjr6bx.jpg\" alt=\"Prism\u00e1ticos profesionales HD, telescopio de tel\u00e9fono de gran aumento, microtelescopio BAK4 para acampar, 200X22, 40000m\" width=\"798px\" \/><br \/>\n<img decoding=\"async\" title=\"Prism\u00e1ticos profesionales HD, telescopio de tel\u00e9fono de gran aumento, microtelescopio BAK4 para acampar, 200X22, 40000m\" src=\"https:\/\/bodegaoutdoor.cl\/store\/wp-content\/uploads\/2022\/12\/64589-atfn4v.jpg\" alt=\"Prism\u00e1ticos profesionales HD, telescopio de tel\u00e9fono de gran aumento, microtelescopio BAK4 para acampar, 200X22, 40000m\" width=\"798px\" \/><br \/>\n<img decoding=\"async\" title=\"Prism\u00e1ticos profesionales HD, telescopio de tel\u00e9fono de gran aumento, microtelescopio BAK4 para acampar, 200X22, 40000m\" src=\"https:\/\/bodegaoutdoor.cl\/store\/wp-content\/uploads\/2022\/12\/64589-cyzepe.jpg\" alt=\"Prism\u00e1ticos profesionales HD, telescopio de tel\u00e9fono de gran aumento, microtelescopio BAK4 para acampar, 200X22, 40000m\" width=\"798px\" \/><br \/>\n<img decoding=\"async\" title=\"Prism\u00e1ticos profesionales HD, telescopio de tel\u00e9fono de gran aumento, microtelescopio BAK4 para acampar, 200X22, 40000m\" src=\"https:\/\/bodegaoutdoor.cl\/store\/wp-content\/uploads\/2022\/12\/64589-iatrk6.jpg\" alt=\"Prism\u00e1ticos profesionales HD, telescopio de tel\u00e9fono de gran aumento, microtelescopio BAK4 para acampar, 200X22, 40000m\" width=\"798px\" \/><br \/>\n<img decoding=\"async\" title=\"Prism\u00e1ticos profesionales HD, telescopio de tel\u00e9fono de gran aumento, microtelescopio BAK4 para acampar, 200X22, 40000m\" src=\"https:\/\/bodegaoutdoor.cl\/store\/wp-content\/uploads\/2022\/12\/64589-l1il26.jpg\" alt=\"Prism\u00e1ticos profesionales HD, telescopio de tel\u00e9fono de gran aumento, microtelescopio BAK4 para acampar, 200X22, 40000m\" width=\"798px\" \/><br \/>\n<img decoding=\"async\" title=\"Prism\u00e1ticos profesionales HD, telescopio de tel\u00e9fono de gran aumento, microtelescopio BAK4 para acampar, 200X22, 40000m\" src=\"https:\/\/bodegaoutdoor.cl\/store\/wp-content\/uploads\/2022\/12\/64589-t5pw2b.jpg\" alt=\"Prism\u00e1ticos profesionales HD, telescopio de tel\u00e9fono de gran aumento, microtelescopio BAK4 para acampar, 200X22, 40000m\" width=\"798px\" \/><br \/>\n<img decoding=\"async\" title=\"Prism\u00e1ticos profesionales HD, telescopio de tel\u00e9fono de gran aumento, microtelescopio BAK4 para acampar, 200X22, 40000m\" src=\"https:\/\/bodegaoutdoor.cl\/store\/wp-content\/uploads\/2022\/12\/64589-mfltqy.jpg\" alt=\"Prism\u00e1ticos profesionales HD, telescopio de tel\u00e9fono de gran aumento, microtelescopio BAK4 para acampar, 200X22, 40000m\" width=\"798px\" \/><br \/>\n<img decoding=\"async\" title=\"Prism\u00e1ticos profesionales HD, telescopio de tel\u00e9fono de gran aumento, microtelescopio BAK4 para acampar, 200X22, 40000m\" src=\"https:\/\/bodegaoutdoor.cl\/store\/wp-content\/uploads\/2022\/12\/64589-evbjuu.jpg\" alt=\"Prism\u00e1ticos profesionales HD, telescopio de tel\u00e9fono de gran aumento, microtelescopio BAK4 para acampar, 200X22, 40000m\" width=\"798px\" \/><br \/>\n<img decoding=\"async\" title=\"Prism\u00e1ticos profesionales HD, telescopio de tel\u00e9fono de gran aumento, microtelescopio BAK4 para acampar, 200X22, 40000m\" src=\"https:\/\/bodegaoutdoor.cl\/store\/wp-content\/uploads\/2022\/12\/64589-yxjneo.jpg\" alt=\"Prism\u00e1ticos profesionales HD, telescopio de tel\u00e9fono de gran aumento, microtelescopio BAK4 para acampar, 200X22, 40000m\" width=\"798px\" \/><br \/>\n<img decoding=\"async\" title=\"Prism\u00e1ticos profesionales HD, telescopio de tel\u00e9fono de gran aumento, microtelescopio BAK4 para acampar, 200X22, 40000m\" src=\"https:\/\/bodegaoutdoor.cl\/store\/wp-content\/uploads\/2022\/12\/64589-yhg9xp.jpg\" alt=\"Prism\u00e1ticos profesionales HD, telescopio de tel\u00e9fono de gran aumento, microtelescopio BAK4 para acampar, 200X22, 40000m\" width=\"798px\" \/><br \/>\n<img decoding=\"async\" title=\"Prism\u00e1ticos profesionales HD, telescopio de tel\u00e9fono de gran aumento, microtelescopio BAK4 para acampar, 200X22, 40000m\" src=\"https:\/\/bodegaoutdoor.cl\/store\/wp-content\/uploads\/2022\/12\/64589-d17ahn.jpg\" alt=\"Prism\u00e1ticos profesionales HD, telescopio de tel\u00e9fono de gran aumento, microtelescopio BAK4 para acampar, 200X22, 40000m\" width=\"798px\" \/><br \/>\n<img decoding=\"async\" title=\"Prism\u00e1ticos profesionales HD, telescopio de tel\u00e9fono de gran aumento, microtelescopio BAK4 para acampar, 200X22, 40000m\" src=\"https:\/\/bodegaoutdoor.cl\/store\/wp-content\/uploads\/2022\/12\/64589-ctw1k5.jpg\" alt=\"Prism\u00e1ticos profesionales HD, telescopio de tel\u00e9fono de gran aumento, microtelescopio BAK4 para acampar, 200X22, 40000m\" width=\"798px\" \/><br \/>\n<img decoding=\"async\" title=\"Prism\u00e1ticos profesionales HD, telescopio de tel\u00e9fono de gran aumento, microtelescopio BAK4 para acampar, 200X22, 40000m\" src=\"https:\/\/bodegaoutdoor.cl\/store\/wp-content\/uploads\/2022\/12\/64589-hjr6bx.jpg\" alt=\"Prism\u00e1ticos profesionales HD, telescopio de tel\u00e9fono de gran aumento, microtelescopio BAK4 para acampar, 200X22, 40000m\" width=\"798px\" \/><\/div>\n<div align=\"left\">\n<div style=\"text-align: left;\" align=\"left\"><\/div>\n<\/div>\n<p>&nbsp;<\/p>\n<\/div>\n\n    <div class=\"xs_social_share_widget xs_share_url after_content \t\tmain_content  wslu-style-1 wslu-share-box-shaped wslu-fill-colored wslu-none wslu-share-horizontal wslu-theme-font-no wslu-main_content\">\n\n\t\t\n        <ul>\n\t\t\t        <\/ul>\n    <\/div> \n","protected":false},"excerpt":{"rendered":"<p>200X22 actualizaci\u00f3n profesional HD binoculares 40000m telescopio gran ampliaci\u00f3n BAK4 Caracter\u00edsticas: Potentes binoculares profesionales: dise\u00f1ados con un aumento de 20x, Una gran lente de objetivo de 22mm y un gran campo de visi\u00f3n de 484 pies\/1000 yardas para objetos en movimiento , perfectos para observar aves, cazar, etc La lente FMC y el revestimiento multicapa [&hellip;]<\/p>\n","protected":false},"featured_media":64592,"comment_status":"open","ping_status":"closed","template":"","meta":{"jetpack_publicize_message":"","jetpack_publicize_feature_enabled":true,"jetpack_social_post_already_shared":true,"jetpack_social_options":{"image_generator_settings":{"template":"highway","enabled":false},"version":2}},"product_brand":[],"product_cat":[1249],"product_tag":[],"class_list":{"0":"post-64589","1":"product","2":"type-product","3":"status-publish","4":"has-post-thumbnail","6":"product_cat-binoculares","8":"first","9":"instock","10":"sale","11":"taxable","12":"shipping-taxable","13":"purchasable","14":"product-type-variable"},"jetpack_publicize_connections":[],"jetpack_sharing_enabled":true,"_links":{"self":[{"href":"https:\/\/bodegaoutdoor.cl\/store\/wp-json\/wp\/v2\/product\/64589","targetHints":{"allow":["GET"]}}],"collection":[{"href":"https:\/\/bodegaoutdoor.cl\/store\/wp-json\/wp\/v2\/product"}],"about":[{"href":"https:\/\/bodegaoutdoor.cl\/store\/wp-json\/wp\/v2\/types\/product"}],"replies":[{"embeddable":true,"href":"https:\/\/bodegaoutdoor.cl\/store\/wp-json\/wp\/v2\/comments?post=64589"}],"version-history":[{"count":24,"href":"https:\/\/bodegaoutdoor.cl\/store\/wp-json\/wp\/v2\/product\/64589\/revisions"}],"predecessor-version":[{"id":72429,"href":"https:\/\/bodegaoutdoor.cl\/store\/wp-json\/wp\/v2\/product\/64589\/revisions\/72429"}],"wp:featuredmedia":[{"embeddable":true,"href":"https:\/\/bodegaoutdoor.cl\/store\/wp-json\/wp\/v2\/media\/64592"}],"wp:attachment":[{"href":"https:\/\/bodegaoutdoor.cl\/store\/wp-json\/wp\/v2\/media?parent=64589"}],"wp:term":[{"taxonomy":"product_brand","embeddable":true,"href":"https:\/\/bodegaoutdoor.cl\/store\/wp-json\/wp\/v2\/product_brand?post=64589"},{"taxonomy":"product_cat","embeddable":true,"href":"https:\/\/bodegaoutdoor.cl\/store\/wp-json\/wp\/v2\/product_cat?post=64589"},{"taxonomy":"product_tag","embeddable":true,"href":"https:\/\/bodegaoutdoor.cl\/store\/wp-json\/wp\/v2\/product_tag?post=64589"}],"curies":[{"name":"wp","href":"https:\/\/api.w.org\/{rel}","templated":true}]}}