{"id":64699,"date":"2022-12-09T18:59:31","date_gmt":"2022-12-09T21:59:31","guid":{"rendered":"https:\/\/bodegaoutdoor.cl\/store\/product\/airsoftpeak-mochila-tactica-de-escalada-molle-bolsa-militar-24-l-bolsas-de-nylon-para-deportes-al-aire-libre-de-viaje-camping-senderismo-caza-mochila-mochilas-tacticas-para-hombre-5-11-copia\/"},"modified":"2023-05-24T19:59:02","modified_gmt":"2023-05-24T23:59:02","slug":"airsoftpeak-mochila-tactica-de-escalada-molle-bolsa-militar-24-l-bolsas-de-nylon-para-deportes-al-aire-libre-de-viaje-camping-senderismo-caza-mochila-mochilas-tacticas-para-hombre-5-11-copia","status":"publish","type":"product","link":"https:\/\/bodegaoutdoor.cl\/store\/product\/airsoftpeak-mochila-tactica-de-escalada-molle-bolsa-militar-24-l-bolsas-de-nylon-para-deportes-al-aire-libre-de-viaje-camping-senderismo-caza-mochila-mochilas-tacticas-para-hombre-5-11-copia\/","title":{"rendered":"Mochila t\u00e1ctica Molle  24 L  viaje Camping senderismo Trekking"},"content":{"rendered":"<p style=\"text-align: center;\"><video style=\"max-width: 100%;\" src=\"\/\/video.aliexpress-media.com\/play\/u\/ae_sg_item\/2845935524\/p\/1\/e\/6\/t\/10301\/232835147753.mp4\" poster=\"https:\/\/ae01.alicdn.com\/kf\/H8fb4ce70af70472585c39f7480d7ba44q\/AIRSOFTPEAK-mochila-t-ctica-de-escalada-Molle-bolsa-militar-24-L-bolsas-de-Nylon-para-deportes.jpg,https:\/\/ae01.alicdn.com\/kf\/H6bff51b1b37b4f70992f92d6ade373a44\/AIRSOFTPEAK-mochila-t-ctica-de-escalada-Molle-bolsa-militar-24-L-bolsas-de-Nylon-para-deportes.jpg,https:\/\/ae01.alicdn.com\/kf\/H460be16d723442c4b3027db40c9b508dl\/AIRSOFTPEAK-mochila-t-ctica-de-escalada-Molle-bolsa-militar-24-L-bolsas-de-Nylon-para-deportes.jpg,https:\/\/ae01.alicdn.com\/kf\/H3683c2af85bc490a9bf87b1fcbf49dbew\/AIRSOFTPEAK-mochila-t-ctica-de-escalada-Molle-bolsa-militar-24-L-bolsas-de-Nylon-para-deportes.jpg,https:\/\/ae01.alicdn.com\/kf\/H2f29ac2bea574d31b0925e96e4b6e241E\/AIRSOFTPEAK-mochila-t-ctica-de-escalada-Molle-bolsa-militar-24-L-bolsas-de-Nylon-para-deportes.jpg,https:\/\/ae01.alicdn.com\/kf\/H27353c117db34925918a8a12edb20f90W\/AIRSOFTPEAK-mochila-t-ctica-de-escalada-Molle-bolsa-militar-24-L-bolsas-de-Nylon-para-deportes.jpg\" preload=\"auto\" controls=\"controls\" width=\"100%\" height=\"100%\"><\/video><\/p>\n<div>\n<div>\n<div><\/div>\n<div><\/div>\n<div>\n<p style=\"font-family: OpenSans; font-size: 20px; font-weight: 900; line-height: 28px; margin-bottom: 12px;\">1000D mochila al aire libre 25L Paquete de asalto militar mochila t\u00e1ctica Molle escalada viaje Laptop bolso de hombro EDC bolsas de caza<\/p>\n<\/div>\n<div>\n<p style=\"font-family: OpenSans; font-size: 20px; font-weight: 900; line-height: 28px; margin-bottom: 12px;\">Caracter\u00edsticas:<\/p>\n<p style=\"font-family: OpenSans; font-size: 14px; font-weight: 300; line-height: 20px; margin-bottom: 12px;\">\u3010Grande y organizado\u3011 &#8212; Dimensiones: 17,3 &#8220;x 9,84&#8243; x 9,06 &#8221; (44x25x23 cm). La bolsa frontal de la mochila t\u00e1ctica est\u00e1 equipada con ranuras para herramientas. La gran bolsa principal es ideal para guardar tu ordenador port\u00e1til, iPad, libro, ropa, kit de primeros auxilios, aperitivos y otros art\u00edculos.<br \/>\n\u3010Mochila Molle \u3011 &#8212; la mochila Molle est\u00e1 armada con varias correas en la parte delantera y lateral.<br \/>\n\u3010Material de alta calidad\u3011 &#8212; la mochila Molle de asalto t\u00e1ctico est\u00e1 hecha de material 1000D. La suave cremallera de 2 v\u00edas con cord\u00f3n hace que sea f\u00e1cil tirar incluso usando guantes. Las hebillas de pl\u00e1stico de alta calidad son adecuadas para entornos graves.<br \/>\n\u3010Experiencia c\u00f3moda \u3011 &#8212; el panel trasero de malla transpirable con dise\u00f1o de espuma \u00fanico mantiene su espalda ventilada. Las correas de hombro acolchadas en forma de S le ayudan a extender la carga de su mochila durante mucho tiempo. La correa de estern\u00f3n ajustable puede estabilizar tu mochila de asalto.<\/p>\n<\/div>\n<div>\n<p style=\"font-family: OpenSans; font-size: 20px; font-weight: 900; line-height: 28px; margin-bottom: 12px;\">Especificaciones:<\/p>\n<p style=\"font-family: OpenSans; font-size: 14px; font-weight: 300; line-height: 20px; margin-bottom: 12px;\">Material: nailon 1000D<br \/>\nDimensiones: 25x23x44cm (9,8&#215;9,1&#215;17,3 pulgadas)<br \/>\nColor: Negro<br \/>\nPeso: 1160g<\/p>\n<\/div>\n<div><img decoding=\"async\" style=\"margin-bottom: 10px;\" src=\"\/\/ae01.alicdn.com\/kf\/H77ff59f9c49c4b39975ebfd6b14e9081M.jpg\" \/><img decoding=\"async\" style=\"margin-bottom: 10px;\" src=\"\/\/ae01.alicdn.com\/kf\/H0a29cfe6c0c94a30a550ad7ceda872a5H.jpg\" \/><img decoding=\"async\" style=\"margin-bottom: 10px;\" src=\"\/\/ae01.alicdn.com\/kf\/H3a466772d9494f8e8278c773f8572b18Q.jpg\" \/><img decoding=\"async\" style=\"margin-bottom: 10px;\" src=\"\/\/ae01.alicdn.com\/kf\/Hc998b8d9a7cc4062ab229fad335f3ca2L.jpg\" \/><img decoding=\"async\" style=\"margin-bottom: 10px;\" src=\"\/\/ae01.alicdn.com\/kf\/Hb637b1bd5dd746ce94118a6f55309bdbS.jpg\" \/><img decoding=\"async\" style=\"margin-bottom: 10px;\" src=\"\/\/ae01.alicdn.com\/kf\/Had68c897da7d4bafb29815890794836aZ.jpg\" \/><img decoding=\"async\" style=\"margin-bottom: 10px;\" src=\"\/\/ae01.alicdn.com\/kf\/H21ec296fc0d64f439d809e87c053f9b3B.jpg\" \/><img decoding=\"async\" style=\"margin-bottom: 10px;\" src=\"\/\/ae01.alicdn.com\/kf\/H41fbfb7737a54814a594d632aab045ddD.jpg\" \/><\/div>\n<p>&nbsp;<\/p>\n<\/div>\n<\/div>\n\n    <div class=\"xs_social_share_widget xs_share_url after_content \t\tmain_content  wslu-style-1 wslu-share-box-shaped wslu-fill-colored wslu-none wslu-share-horizontal wslu-theme-font-no wslu-main_content\">\n\n\t\t\n        <ul>\n\t\t\t        <\/ul>\n    <\/div> \n","protected":false},"excerpt":{"rendered":"<div class=\"woocommerce-product-details__short-description\">\n<p><span style=\"color: #ff0000;\"><strong>Lote 3 \/ $29.990 C\/u<\/strong><\/span><\/p>\n<\/div>\n<p class=\"price\">\n","protected":false},"featured_media":64702,"comment_status":"open","ping_status":"closed","template":"","meta":{"jetpack_publicize_message":"","jetpack_publicize_feature_enabled":true,"jetpack_social_post_already_shared":true,"jetpack_social_options":{"image_generator_settings":{"template":"highway","enabled":false},"version":2}},"product_brand":[],"product_cat":[195,238],"product_tag":[],"class_list":{"0":"post-64699","1":"product","2":"type-product","3":"status-publish","4":"has-post-thumbnail","6":"product_cat-mochilas","7":"product_cat-mochilas-10-30-litros","9":"first","10":"instock","11":"sale","12":"taxable","13":"shipping-taxable","14":"purchasable","15":"product-type-variable"},"jetpack_publicize_connections":[],"jetpack_sharing_enabled":true,"_links":{"self":[{"href":"https:\/\/bodegaoutdoor.cl\/store\/wp-json\/wp\/v2\/product\/64699","targetHints":{"allow":["GET"]}}],"collection":[{"href":"https:\/\/bodegaoutdoor.cl\/store\/wp-json\/wp\/v2\/product"}],"about":[{"href":"https:\/\/bodegaoutdoor.cl\/store\/wp-json\/wp\/v2\/types\/product"}],"replies":[{"embeddable":true,"href":"https:\/\/bodegaoutdoor.cl\/store\/wp-json\/wp\/v2\/comments?post=64699"}],"version-history":[{"count":12,"href":"https:\/\/bodegaoutdoor.cl\/store\/wp-json\/wp\/v2\/product\/64699\/revisions"}],"predecessor-version":[{"id":74615,"href":"https:\/\/bodegaoutdoor.cl\/store\/wp-json\/wp\/v2\/product\/64699\/revisions\/74615"}],"wp:featuredmedia":[{"embeddable":true,"href":"https:\/\/bodegaoutdoor.cl\/store\/wp-json\/wp\/v2\/media\/64702"}],"wp:attachment":[{"href":"https:\/\/bodegaoutdoor.cl\/store\/wp-json\/wp\/v2\/media?parent=64699"}],"wp:term":[{"taxonomy":"product_brand","embeddable":true,"href":"https:\/\/bodegaoutdoor.cl\/store\/wp-json\/wp\/v2\/product_brand?post=64699"},{"taxonomy":"product_cat","embeddable":true,"href":"https:\/\/bodegaoutdoor.cl\/store\/wp-json\/wp\/v2\/product_cat?post=64699"},{"taxonomy":"product_tag","embeddable":true,"href":"https:\/\/bodegaoutdoor.cl\/store\/wp-json\/wp\/v2\/product_tag?post=64699"}],"curies":[{"name":"wp","href":"https:\/\/api.w.org\/{rel}","templated":true}]}}