{"id":65297,"date":"2023-02-05T22:07:15","date_gmt":"2023-02-06T01:07:15","guid":{"rendered":"https:\/\/bodegaoutdoor.cl\/store\/product\/north-edge-reloj-inteligente-deportivo-para-hombre-dispositivo-resistente-al-agua-ip68-con-gps-glonass-galileo-seguimiento-del-ritmo-cardiaco-spo2-2022\/"},"modified":"2023-05-04T19:18:34","modified_gmt":"2023-05-04T23:18:34","slug":"north-edge-reloj-inteligente-deportivo-para-hombre-dispositivo-resistente-al-agua-ip68-con-gps-glonass-galileo-seguimiento-del-ritmo-cardiaco-spo2-2022","status":"publish","type":"product","link":"https:\/\/bodegaoutdoor.cl\/store\/product\/north-edge-reloj-inteligente-deportivo-para-hombre-dispositivo-resistente-al-agua-ip68-con-gps-glonass-galileo-seguimiento-del-ritmo-cardiaco-spo2-2022\/","title":{"rendered":"NORTH EDGE-reloj inteligente Outdoor,  resistente al agua IP68, con GPS, GLONASS, GALILEO, seguimiento del ritmo card\u00edaco, SpO2, 2022"},"content":{"rendered":"<p style=\"text-align: center;\"><video style=\"max-width: 100%;\" src=\"\/\/video.aliexpress-media.com\/play\/u\/ae_sg_item\/4288843436\/p\/1\/e\/6\/t\/10301\/1100077211349.mp4\" poster=\"https:\/\/ae01.alicdn.com\/kf\/Sf1d445496fba42af860f369ffcc15fec0\/NORTH-EDGE-reloj-inteligente-deportivo-para-hombre-dispositivo-resistente-al-agua-IP68-con-GPS-GLONASS-GALILEO.jpg,https:\/\/ae01.alicdn.com\/kf\/S4744c9d9e6244de7a3e79f405e658b6cU\/NORTH-EDGE-reloj-inteligente-deportivo-para-hombre-dispositivo-resistente-al-agua-IP68-con-GPS-GLONASS-GALILEO.jpg,https:\/\/ae01.alicdn.com\/kf\/Sdc43160f5f984750bea5a7c93c85547cN\/NORTH-EDGE-reloj-inteligente-deportivo-para-hombre-dispositivo-resistente-al-agua-IP68-con-GPS-GLONASS-GALILEO.jpg,https:\/\/ae01.alicdn.com\/kf\/Sf9180fcf089e491587a08c316659ce67z\/NORTH-EDGE-reloj-inteligente-deportivo-para-hombre-dispositivo-resistente-al-agua-IP68-con-GPS-GLONASS-GALILEO.jpg,https:\/\/ae01.alicdn.com\/kf\/Sf1319c346e434de2a0238cca6203023al\/NORTH-EDGE-reloj-inteligente-deportivo-para-hombre-dispositivo-resistente-al-agua-IP68-con-GPS-GLONASS-GALILEO.jpg,https:\/\/ae01.alicdn.com\/kf\/Sc3675d85020b4cbb9ab6410f0e21d6d1U\/NORTH-EDGE-reloj-inteligente-deportivo-para-hombre-dispositivo-resistente-al-agua-IP68-con-GPS-GLONASS-GALILEO.jpg\" preload=\"auto\" controls=\"controls\" width=\"100%\" height=\"100%\"><\/video><\/p>\n<div>\n<div>\n<div><\/div>\n<div>\n<div>\n<div><\/div>\n<div>\n<div>\n<div><\/div>\n<div>\n<div>\n<div><\/div>\n<div>\n<div>\n<div><\/div>\n<div>\n<p style=\"font-family: OpenSans; font-size: 20px; font-weight: 900; line-height: 28px; margin-bottom: 12px;\">Funci\u00f3n:<\/p>\n<p style=\"font-family: OpenSans; font-size: 14px; font-weight: 300; line-height: 20px; margin-bottom: 12px;\">0 GPS navegaci\u00f3n Beidou&#8230; GLONASS Galileo<br \/>\n1. Frecuencia Card\u00edaca, Monitor de sue\u00f1o<br \/>\n2 SPO2<br \/>\n3. Estr\u00e9s<br \/>\n4. Br\u00fajula<br \/>\n5. M\u00e1s de 100 modos deportivos<br \/>\n6. Estado de Formaci\u00f3n<br \/>\n7. Salud del coraz\u00f3n<br \/>\n8. Alarma<br \/>\n9. Recordatorio de mensaje. Recordatorio de llamada<br \/>\n10. Temporizador<br \/>\n11 Cron\u00f3metro<br \/>\n12 M\u00e1s de 100 esfera multireloj<br \/>\n13 Pasos\/ejercicio efectivo<br \/>\n14 Tiempo\/calor\u00edas\/soporte<br \/>\n15 Control de m\u00fasica<br \/>\n16 Control remoto de c\u00e1mara<br \/>\n17 Recordatorio de sedentarismo<\/p>\n<\/div>\n<div><img decoding=\"async\" title=\"NORTH EDGE-reloj inteligente deportivo para hombre, dispositivo resistente al agua IP68, con GPS, GLONASS, GALILEO, seguimiento del ritmo card\u00edaco, SpO2, 2022\" src=\"https:\/\/bodegaoutdoor.cl\/store\/wp-content\/uploads\/2023\/02\/65297-dqwwyx.jpg\" alt=\"NORTH EDGE-reloj inteligente deportivo para hombre, dispositivo resistente al agua IP68, con GPS, GLONASS, GALILEO, seguimiento del ritmo card\u00edaco, SpO2, 2022\" \/><\/div>\n<div>\n<p style=\"font-family: OpenSans; font-size: 20px; font-weight: 900; line-height: 28px; margin-bottom: 12px;\">8 funciones principales<\/p>\n<p style=\"font-family: OpenSans; font-size: 14px; font-weight: 300; line-height: 20px; margin-bottom: 12px;\">1. M\u00e1s de 100 modos deportivos<br \/>\n2. GPS integrado<br \/>\n3. Monitorizaci\u00f3n del ritmo card\u00edaco 24\/7<br \/>\n4. Monitoreo SpO2 durante todo el d\u00eda<br \/>\n5. Salud del coraz\u00f3n<br \/>\n6. Duraci\u00f3n de la bater\u00eda de 7 d\u00edas<br \/>\n7. Estr\u00e9s<br \/>\n8. Monitoreo del sue\u00f1o<\/p>\n<\/div>\n<div><img decoding=\"async\" style=\"margin-bottom: 10px;\" title=\"NORTH EDGE-reloj inteligente deportivo para hombre, dispositivo resistente al agua IP68, con GPS, GLONASS, GALILEO, seguimiento del ritmo card\u00edaco, SpO2, 2022\" src=\"https:\/\/bodegaoutdoor.cl\/store\/wp-content\/uploads\/2023\/02\/65297-cezofe.jpg\" alt=\"NORTH EDGE-reloj inteligente deportivo para hombre, dispositivo resistente al agua IP68, con GPS, GLONASS, GALILEO, seguimiento del ritmo card\u00edaco, SpO2, 2022\" \/><\/div>\n<div>\n<p style=\"font-family: OpenSans; font-size: 20px; font-weight: 900; line-height: 28px; margin-bottom: 12px;\">M\u00e1s informaci\u00f3n de un vistazo<\/p>\n<p style=\"font-family: OpenSans; font-size: 14px; font-weight: 300; line-height: 20px; margin-bottom: 12px;\">El reloj ofrece una experiencia de visualizaci\u00f3n ultra clara, simplemente levanta la mu\u00f1eca y la pantalla cobra vida al instante.<br \/>\nPantalla de 1,52 pulgadas<br \/>\nResoluci\u00f3n de 283&#215;240 p\u00edxeles<br \/>\n55g peso<br \/>\nIP68 impermeable<\/p>\n<\/div>\n<div><img decoding=\"async\" title=\"NORTH EDGE-reloj inteligente deportivo para hombre, dispositivo resistente al agua IP68, con GPS, GLONASS, GALILEO, seguimiento del ritmo card\u00edaco, SpO2, 2022\" src=\"https:\/\/bodegaoutdoor.cl\/store\/wp-content\/uploads\/2023\/02\/65297-sk6kd3.jpg\" alt=\"NORTH EDGE-reloj inteligente deportivo para hombre, dispositivo resistente al agua IP68, con GPS, GLONASS, GALILEO, seguimiento del ritmo card\u00edaco, SpO2, 2022\" \/><\/div>\n<div>\n<p style=\"font-family: OpenSans; font-size: 20px; font-weight: 900; line-height: 28px; margin-bottom: 12px;\">Cuatro sistemas principales de posicionamiento global<\/p>\n<p style=\"font-family: OpenSans; font-size: 14px; font-weight: 300; line-height: 20px; margin-bottom: 12px;\">Acceda a m\u00faltiples sistemas de navegaci\u00f3n por sat\u00e9lite globales (GPS, Beidou, GLONASS, Galieo) para rastrear en entornos m\u00e1s complicados que solo GPS. Ya est\u00e9s en la ciudad o en el camino, el reloj proporciona funciones de mapeo y navegaci\u00f3n integradas para ayudarte a mantenerte orientado y en curso.<\/p>\n<\/div>\n<div><img decoding=\"async\" title=\"NORTH EDGE-reloj inteligente deportivo para hombre, dispositivo resistente al agua IP68, con GPS, GLONASS, GALILEO, seguimiento del ritmo card\u00edaco, SpO2, 2022\" src=\"https:\/\/bodegaoutdoor.cl\/store\/wp-content\/uploads\/2023\/02\/65297-zsbihj.jpg\" alt=\"NORTH EDGE-reloj inteligente deportivo para hombre, dispositivo resistente al agua IP68, con GPS, GLONASS, GALILEO, seguimiento del ritmo card\u00edaco, SpO2, 2022\" \/><\/div>\n<div>\n<p style=\"font-family: OpenSans; font-size: 20px; font-weight: 900; line-height: 28px; margin-bottom: 12px;\">Posicionamiento GPS de alta precisi\u00f3n<\/p>\n<p style=\"font-family: OpenSans; font-size: 14px; font-weight: 300; line-height: 20px; margin-bottom: 12px;\">Utiliza GPS integrado para ver tu ritmo y distancia en la pantalla durante el ciclismo. Senderismo y caminata r\u00e1pida. Vea un mapa de intensidad de entrenamiento en la aplicaci\u00f3n Zeroner, que muestra los cambios de frecuencia card\u00edaca a lo largo de su ruta.<\/p>\n<p>23 horas &#8212; hasta 23 horas con el GPS encendido.<\/p>\n<\/div>\n<div><img decoding=\"async\" title=\"NORTH EDGE-reloj inteligente deportivo para hombre, dispositivo resistente al agua IP68, con GPS, GLONASS, GALILEO, seguimiento del ritmo card\u00edaco, SpO2, 2022\" src=\"https:\/\/bodegaoutdoor.cl\/store\/wp-content\/uploads\/2023\/02\/65297-juset6.jpg\" alt=\"NORTH EDGE-reloj inteligente deportivo para hombre, dispositivo resistente al agua IP68, con GPS, GLONASS, GALILEO, seguimiento del ritmo card\u00edaco, SpO2, 2022\" \/><\/div>\n<div>\n<p style=\"font-family: OpenSans; font-size: 20px; font-weight: 900; line-height: 28px; margin-bottom: 12px;\">M\u00e1s de 100 modos deportivos &#8212; Juega tu favorito<\/p>\n<p style=\"font-family: OpenSans; font-size: 14px; font-weight: 300; line-height: 20px; margin-bottom: 12px;\">Cuenta los pasos y comprueba las calor\u00edas<br \/>\nSoporta m\u00e1s de 126 modos deportivos como correr, ciclismo, senderismo, nataci\u00f3n, saltar la cuerda y esqu\u00ed. Ya sea que est\u00e9s sumergiendo en la piscina o sudando un campo, puedes disfrutar de tu entrenamiento al m\u00e1ximo.<\/p>\n<\/div>\n<div><img decoding=\"async\" title=\"NORTH EDGE-reloj inteligente deportivo para hombre, dispositivo resistente al agua IP68, con GPS, GLONASS, GALILEO, seguimiento del ritmo card\u00edaco, SpO2, 2022\" src=\"https:\/\/bodegaoutdoor.cl\/store\/wp-content\/uploads\/2023\/02\/65297-lznzsd.jpg\" alt=\"NORTH EDGE-reloj inteligente deportivo para hombre, dispositivo resistente al agua IP68, con GPS, GLONASS, GALILEO, seguimiento del ritmo card\u00edaco, SpO2, 2022\" \/><\/div>\n<div>\n<p style=\"font-family: OpenSans; font-size: 20px; font-weight: 900; line-height: 28px; margin-bottom: 12px;\">Bater\u00eda de m\u00e1s de 7 d\u00edas de duraci\u00f3n<\/p>\n<p style=\"font-family: OpenSans; font-size: 14px; font-weight: 300; line-height: 20px; margin-bottom: 12px;\">Modo de uso normal de 7 d\u00edas<br \/>\nModo de uso pesado de 5 d\u00edas<br \/>\n23 horas de modo continuo de puntos GPS<\/p>\n<\/div>\n<div><img decoding=\"async\" title=\"NORTH EDGE-reloj inteligente deportivo para hombre, dispositivo resistente al agua IP68, con GPS, GLONASS, GALILEO, seguimiento del ritmo card\u00edaco, SpO2, 2022\" src=\"https:\/\/bodegaoutdoor.cl\/store\/wp-content\/uploads\/2023\/02\/65297-9qehrd.jpg\" alt=\"NORTH EDGE-reloj inteligente deportivo para hombre, dispositivo resistente al agua IP68, con GPS, GLONASS, GALILEO, seguimiento del ritmo card\u00edaco, SpO2, 2022\" \/><\/div>\n<div>\n<p style=\"font-size: 20px; font-weight: bold;\">Monitorizaci\u00f3n de la frecuencia card\u00edaca las 24 horas<br \/>\nMonitorizaci\u00f3n de saturaci\u00f3n de ox\u00edgeno en sangre durante todo el d\u00eda<\/p>\n<\/div>\n<div><img decoding=\"async\" title=\"NORTH EDGE-reloj inteligente deportivo para hombre, dispositivo resistente al agua IP68, con GPS, GLONASS, GALILEO, seguimiento del ritmo card\u00edaco, SpO2, 2022\" src=\"https:\/\/bodegaoutdoor.cl\/store\/wp-content\/uploads\/2023\/02\/65297-fundrd.jpg\" alt=\"NORTH EDGE-reloj inteligente deportivo para hombre, dispositivo resistente al agua IP68, con GPS, GLONASS, GALILEO, seguimiento del ritmo card\u00edaco, SpO2, 2022\" \/><\/div>\n<div>\n<p style=\"font-family: OpenSans; font-size: 20px; font-weight: 900; line-height: 28px; margin-bottom: 12px;\">Salud del coraz\u00f3n<\/p>\n<p style=\"font-family: OpenSans; font-size: 14px; font-weight: 300; line-height: 20px; margin-bottom: 12px;\">Eval\u00fae su coraz\u00f3n para la Fibrilaci\u00f3n auricular-una irregular del ritmo card\u00edaco-y comparta f\u00e1cilmente los resultados con usted.<\/p>\n<\/div>\n<div>\n<p style=\"font-family: OpenSans; font-size: 20px; font-weight: 900; line-height: 28px; margin-bottom: 12px;\">Monitoreo del sue\u00f1o<\/p>\n<p style=\"font-family: OpenSans; font-size: 14px; font-weight: 300; line-height: 20px; margin-bottom: 12px;\">Registra tu estado de sue\u00f1o con precisi\u00f3n y te ayuda a entender mejor tu sue\u00f1o<\/p>\n<\/div>\n<div><img decoding=\"async\" title=\"NORTH EDGE-reloj inteligente deportivo para hombre, dispositivo resistente al agua IP68, con GPS, GLONASS, GALILEO, seguimiento del ritmo card\u00edaco, SpO2, 2022\" src=\"https:\/\/bodegaoutdoor.cl\/store\/wp-content\/uploads\/2023\/02\/65297-m50j1p.jpg\" alt=\"NORTH EDGE-reloj inteligente deportivo para hombre, dispositivo resistente al agua IP68, con GPS, GLONASS, GALILEO, seguimiento del ritmo card\u00edaco, SpO2, 2022\" \/><\/div>\n<div>\n<p style=\"font-family: OpenSans; font-size: 20px; font-weight: 900; line-height: 28px; margin-bottom: 12px;\">Medidor de estr\u00e9s<\/p>\n<p style=\"font-family: OpenSans; font-size: 14px; font-weight: 300; line-height: 20px; margin-bottom: 12px;\">El estr\u00e9s tambi\u00e9n es una causa de muchos problemas de salud, por lo que el reloj utiliza algoritmos de desarrollo propio para controlar tus niveles de estr\u00e9s.<\/p>\n<\/div>\n<div>\n<p style=\"font-family: OpenSans; font-size: 20px; font-weight: 900; line-height: 28px; margin-bottom: 12px;\">IP68 impermeable<\/p>\n<p style=\"font-family: OpenSans; font-size: 14px; font-weight: 300; line-height: 20px; margin-bottom: 12px;\">Puede hacer ejercicio fuera de blankout teniendo que preocuparse por que el polvo o la lluvia entren en el camino<\/p>\n<\/div>\n<div><img decoding=\"async\" title=\"NORTH EDGE-reloj inteligente deportivo para hombre, dispositivo resistente al agua IP68, con GPS, GLONASS, GALILEO, seguimiento del ritmo card\u00edaco, SpO2, 2022\" src=\"https:\/\/bodegaoutdoor.cl\/store\/wp-content\/uploads\/2023\/02\/65297-qeh4z4.jpg\" alt=\"NORTH EDGE-reloj inteligente deportivo para hombre, dispositivo resistente al agua IP68, con GPS, GLONASS, GALILEO, seguimiento del ritmo card\u00edaco, SpO2, 2022\" \/><\/div>\n<div>\n<p style=\"font-family: OpenSans; font-size: 20px; font-weight: 900; line-height: 28px; margin-bottom: 12px;\">Asistente Personal para ti<\/p>\n<p style=\"font-family: OpenSans; font-size: 14px; font-weight: 300; line-height: 20px; margin-bottom: 12px;\">Control de m\u00fasica<br \/>\nControl remoto de la c\u00e1mara<br \/>\nNotificaciones de mensajes<br \/>\nNotificaci\u00f3n de Llamada entrante<br \/>\nAlarma<br \/>\nTemporizador<br \/>\nCron\u00f3metro<br \/>\nBr\u00fajula<br \/>\nRecordatorio de sedentarismo<\/p>\n<\/div>\n<div><img decoding=\"async\" title=\"NORTH EDGE-reloj inteligente deportivo para hombre, dispositivo resistente al agua IP68, con GPS, GLONASS, GALILEO, seguimiento del ritmo card\u00edaco, SpO2, 2022\" src=\"https:\/\/bodegaoutdoor.cl\/store\/wp-content\/uploads\/2023\/02\/65297-bczhcg.jpg\" alt=\"NORTH EDGE-reloj inteligente deportivo para hombre, dispositivo resistente al agua IP68, con GPS, GLONASS, GALILEO, seguimiento del ritmo card\u00edaco, SpO2, 2022\" \/><\/div>\n<div>\n<p style=\"font-family: OpenSans; font-size: 20px; font-weight: 900; line-height: 28px; margin-bottom: 12px;\">100 + esfera del reloj<\/p>\n<p style=\"font-family: OpenSans; font-size: 14px; font-weight: 300; line-height: 20px; margin-bottom: 12px;\">Cada uno tiene su propio estilo distintivo, el reloj le permite expresar su gama adiverse de caras de reloj<\/p>\n<\/div>\n<div><img decoding=\"async\" title=\"NORTH EDGE-reloj inteligente deportivo para hombre, dispositivo resistente al agua IP68, con GPS, GLONASS, GALILEO, seguimiento del ritmo card\u00edaco, SpO2, 2022\" src=\"https:\/\/bodegaoutdoor.cl\/store\/wp-content\/uploads\/2023\/02\/65297-rtttgx.jpg\" alt=\"NORTH EDGE-reloj inteligente deportivo para hombre, dispositivo resistente al agua IP68, con GPS, GLONASS, GALILEO, seguimiento del ritmo card\u00edaco, SpO2, 2022\" \/><\/div>\n<div><img decoding=\"async\" title=\"NORTH EDGE-reloj inteligente deportivo para hombre, dispositivo resistente al agua IP68, con GPS, GLONASS, GALILEO, seguimiento del ritmo card\u00edaco, SpO2, 2022\" src=\"https:\/\/bodegaoutdoor.cl\/store\/wp-content\/uploads\/2023\/02\/65297-qlkx8v.jpg\" alt=\"NORTH EDGE-reloj inteligente deportivo para hombre, dispositivo resistente al agua IP68, con GPS, GLONASS, GALILEO, seguimiento del ritmo card\u00edaco, SpO2, 2022\" \/><\/div>\n<div><\/div>\n<\/div>\n<\/div>\n<p>&nbsp;<\/p>\n<\/div>\n<\/div>\n<p>&nbsp;<\/p>\n<\/div>\n<\/div>\n<div><\/div>\n<\/div>\n<\/div>\n<p>&nbsp;<\/p>\n<\/div>\n<\/div>\n\n    <div class=\"xs_social_share_widget xs_share_url after_content \t\tmain_content  wslu-style-1 wslu-share-box-shaped wslu-fill-colored wslu-none wslu-share-horizontal wslu-theme-font-no wslu-main_content\">\n\n\t\t\n        <ul>\n\t\t\t        <\/ul>\n    <\/div> \n","protected":false},"excerpt":{"rendered":"<p>Funci\u00f3n: 0 GPS navegaci\u00f3n Beidou&#8230; GLONASS Galileo 1. Frecuencia Card\u00edaca, Monitor de sue\u00f1o 2 SPO2 3. Estr\u00e9s 4. Br\u00fajula 5. M\u00e1s de 100 modos deportivos 6. Estado de Formaci\u00f3n 7. Salud del coraz\u00f3n 8. Alarma 9. Recordatorio de mensaje. Recordatorio de llamada 10. Temporizador 11 Cron\u00f3metro 12 M\u00e1s de 100 esfera multireloj 13 Pasos\/ejercicio efectivo [&hellip;]<\/p>\n","protected":false},"featured_media":65299,"comment_status":"open","ping_status":"closed","template":"","meta":{"jetpack_publicize_message":"","jetpack_publicize_feature_enabled":true,"jetpack_social_post_already_shared":true,"jetpack_social_options":{"image_generator_settings":{"template":"highway","enabled":false},"version":2}},"product_brand":[],"product_cat":[36],"product_tag":[],"class_list":{"0":"post-65297","1":"product","2":"type-product","3":"status-publish","4":"has-post-thumbnail","6":"product_cat-relojes","8":"first","9":"instock","10":"sale","11":"taxable","12":"shipping-taxable","13":"purchasable","14":"product-type-variable"},"jetpack_publicize_connections":[],"jetpack_sharing_enabled":true,"_links":{"self":[{"href":"https:\/\/bodegaoutdoor.cl\/store\/wp-json\/wp\/v2\/product\/65297","targetHints":{"allow":["GET"]}}],"collection":[{"href":"https:\/\/bodegaoutdoor.cl\/store\/wp-json\/wp\/v2\/product"}],"about":[{"href":"https:\/\/bodegaoutdoor.cl\/store\/wp-json\/wp\/v2\/types\/product"}],"replies":[{"embeddable":true,"href":"https:\/\/bodegaoutdoor.cl\/store\/wp-json\/wp\/v2\/comments?post=65297"}],"version-history":[{"count":16,"href":"https:\/\/bodegaoutdoor.cl\/store\/wp-json\/wp\/v2\/product\/65297\/revisions"}],"predecessor-version":[{"id":65365,"href":"https:\/\/bodegaoutdoor.cl\/store\/wp-json\/wp\/v2\/product\/65297\/revisions\/65365"}],"wp:featuredmedia":[{"embeddable":true,"href":"https:\/\/bodegaoutdoor.cl\/store\/wp-json\/wp\/v2\/media\/65299"}],"wp:attachment":[{"href":"https:\/\/bodegaoutdoor.cl\/store\/wp-json\/wp\/v2\/media?parent=65297"}],"wp:term":[{"taxonomy":"product_brand","embeddable":true,"href":"https:\/\/bodegaoutdoor.cl\/store\/wp-json\/wp\/v2\/product_brand?post=65297"},{"taxonomy":"product_cat","embeddable":true,"href":"https:\/\/bodegaoutdoor.cl\/store\/wp-json\/wp\/v2\/product_cat?post=65297"},{"taxonomy":"product_tag","embeddable":true,"href":"https:\/\/bodegaoutdoor.cl\/store\/wp-json\/wp\/v2\/product_tag?post=65297"}],"curies":[{"name":"wp","href":"https:\/\/api.w.org\/{rel}","templated":true}]}}