{"id":65835,"date":"2023-02-20T18:28:53","date_gmt":"2023-02-20T21:28:53","guid":{"rendered":"https:\/\/bodegaoutdoor.cl\/store\/product\/guantes-termicos-de-invierno-para-hombre-y-mujer-manoplas-termicas-con-pantalla-tactil-resistentes-al-viento-para-artritis-terapia-magnetica-reumatoide\/"},"modified":"2023-05-04T19:18:33","modified_gmt":"2023-05-04T23:18:33","slug":"guantes-termicos-de-invierno-para-hombre-y-mujer-manoplas-termicas-con-pantalla-tactil-resistentes-al-viento-para-artritis-terapia-magnetica-reumatoide","status":"publish","type":"product","link":"https:\/\/bodegaoutdoor.cl\/store\/product\/guantes-termicos-de-invierno-para-hombre-y-mujer-manoplas-termicas-con-pantalla-tactil-resistentes-al-viento-para-artritis-terapia-magnetica-reumatoide\/","title":{"rendered":"Guantes T\u00e9rmicos t\u00e9rmicas con pantalla t\u00e1ctil, resistentes al viento, para artritis, terapia magn\u00e9tica reumatoide"},"content":{"rendered":"<p style=\"text-align: center;\"><video style=\"max-width: 100%;\" src=\"\/\/video.aliexpress-media.com\/play\/u\/ae_sg_item\/2211257528288\/p\/1\/e\/6\/t\/10301\/1100098471467.mp4\" poster=\"https:\/\/ae01.alicdn.com\/kf\/Se0aa2daf4b9c443095f1c83cdf91b69fV\/Guantes-T-rmicos-de-invierno-para-hombre-y-mujer-manoplas-t-rmicas-con-pantalla-t-ctil.jpg,https:\/\/ae01.alicdn.com\/kf\/S182e718a01ea4680a3152626b1e6084f4\/Guantes-T-rmicos-de-invierno-para-hombre-y-mujer-manoplas-t-rmicas-con-pantalla-t-ctil.jpg,https:\/\/ae01.alicdn.com\/kf\/S520891b1a0a742c8be80f95a713ddd06u\/Guantes-T-rmicos-de-invierno-para-hombre-y-mujer-manoplas-t-rmicas-con-pantalla-t-ctil.jpg,https:\/\/ae01.alicdn.com\/kf\/Sf0ec7f12e09c4c7cb2351cae13c130970\/Guantes-T-rmicos-de-invierno-para-hombre-y-mujer-manoplas-t-rmicas-con-pantalla-t-ctil.jpg,https:\/\/ae01.alicdn.com\/kf\/S0243cf83b1f94bc1968e368d5f9acb56o\/Guantes-T-rmicos-de-invierno-para-hombre-y-mujer-manoplas-t-rmicas-con-pantalla-t-ctil.jpg,https:\/\/ae01.alicdn.com\/kf\/Sdff638ef32c442308eb6b140c9c84b0a3\/Guantes-T-rmicos-de-invierno-para-hombre-y-mujer-manoplas-t-rmicas-con-pantalla-t-ctil.jpg\" preload=\"auto\" controls=\"controls\" width=\"100%\" height=\"100%\"><\/video><\/p>\n<div>\n<div>\n<p><span style=\"font-size: 18px;\">Caracter\u00edsticas:<\/span><\/p>\n<p><span style=\"font-size: 18px;\">Especificaci\u00f3n: 100% nuevo y de alta calidad.<\/span><\/p>\n<p><span style=\"font-size: 18px;\">Material: Algod\u00f3n 44% poli\u00e9ster 44% spandex 12%<\/span><\/p>\n<p><span style=\"font-size: 18px;\">Tama\u00f1o: S\/M\/L<\/span><\/p>\n<p><span style=\"font-size: 18px;\">Ayuda a aliviar la artritis, el dolor de manos, la hinchaz\u00f3n y las manos fr\u00edas. Proporciona una compresi\u00f3n suave para mejorar la circulaci\u00f3n sangu\u00ednea.<\/span><\/p>\n<p><span style=\"font-size: 18px;\">La LICRA de algod\u00f3n permite que la piel respire.<\/span><\/p>\n<p><span style=\"font-size: 18px;\">C\u00f3modo de usar todo el d\u00eda y la noche.<\/span><\/p>\n<p><span style=\"font-size: 18px;\">Estos guantes para la artritis est\u00e1n dise\u00f1ados para ayudar a aliviar dolores, dolores y rigidez asociados con la artritis de las manos.<\/span><\/p>\n<p><span style=\"font-size: 18px;\">El dise\u00f1o \u00fanico de los guantes para la artritis proporciona una compresi\u00f3n suave para el calor y ayuda a aumentar la circulaci\u00f3n,<\/span><\/p>\n<p><span style=\"font-size: 18px;\">Lo que finalmente reduce el dolor y promueve la curaci\u00f3n.<\/span><\/p>\n<p><span style=\"font-size: 18px;\">Alivia dolores y dolores<\/span><\/p>\n<p><span style=\"font-size: 18px;\">Ayuda a mejorar la circulaci\u00f3n<\/span><\/p>\n<p><span style=\"font-size: 18px;\">Promueve la curaci\u00f3n<\/span><\/p>\n<p><span style=\"font-size: 18px;\">Este guante puede ser unisex<\/span><\/p>\n<p><span style=\"font-size: 18px;\">Tama\u00f1o:<\/span><\/p>\n<p><span style=\"font-size: 18px;\">S: ancho: 8CM longitud: 20cm<\/span><\/p>\n<p><span style=\"font-size: 18px;\">M: ancho: 8,5 cm longitud: 21cm<\/span><\/p>\n<p><span style=\"font-size: 18px;\">L: ancho: 9,5 cm longitud: 22cm<\/span><\/p>\n<p><span style=\"font-size: 18px;\">Pakage incluido:<\/span><\/p>\n<p><span style=\"font-size: 18px;\">1 par de guantes<\/span><br \/>\n<img decoding=\"async\" title=\"Guantes T\u00e9rmicos de invierno para hombre y mujer, manoplas t\u00e9rmicas con pantalla t\u00e1ctil, resistentes al viento, para artritis, terapia magn\u00e9tica reumatoide\" src=\"https:\/\/bodegaoutdoor.cl\/store\/wp-content\/uploads\/2023\/02\/65835-fehsmr.jpg\" alt=\"Guantes T\u00e9rmicos de invierno para hombre y mujer, manoplas t\u00e9rmicas con pantalla t\u00e1ctil, resistentes al viento, para artritis, terapia magn\u00e9tica reumatoide\" \/><\/p>\n<p><img decoding=\"async\" title=\"Guantes T\u00e9rmicos de invierno para hombre y mujer, manoplas t\u00e9rmicas con pantalla t\u00e1ctil, resistentes al viento, para artritis, terapia magn\u00e9tica reumatoide\" src=\"https:\/\/bodegaoutdoor.cl\/store\/wp-content\/uploads\/2023\/02\/65835-ctiomp.jpg\" alt=\"Guantes T\u00e9rmicos de invierno para hombre y mujer, manoplas t\u00e9rmicas con pantalla t\u00e1ctil, resistentes al viento, para artritis, terapia magn\u00e9tica reumatoide\" \/><br \/>\n<img decoding=\"async\" title=\"Guantes T\u00e9rmicos de invierno para hombre y mujer, manoplas t\u00e9rmicas con pantalla t\u00e1ctil, resistentes al viento, para artritis, terapia magn\u00e9tica reumatoide\" src=\"https:\/\/bodegaoutdoor.cl\/store\/wp-content\/uploads\/2023\/02\/65835-tgedqa.jpg\" alt=\"Guantes T\u00e9rmicos de invierno para hombre y mujer, manoplas t\u00e9rmicas con pantalla t\u00e1ctil, resistentes al viento, para artritis, terapia magn\u00e9tica reumatoide\" \/><br \/>\n<img decoding=\"async\" title=\"Guantes T\u00e9rmicos de invierno para hombre y mujer, manoplas t\u00e9rmicas con pantalla t\u00e1ctil, resistentes al viento, para artritis, terapia magn\u00e9tica reumatoide\" src=\"https:\/\/bodegaoutdoor.cl\/store\/wp-content\/uploads\/2023\/02\/65835-sgwhnr.jpg\" alt=\"Guantes T\u00e9rmicos de invierno para hombre y mujer, manoplas t\u00e9rmicas con pantalla t\u00e1ctil, resistentes al viento, para artritis, terapia magn\u00e9tica reumatoide\" \/><\/p>\n<p><img decoding=\"async\" title=\"Guantes T\u00e9rmicos de invierno para hombre y mujer, manoplas t\u00e9rmicas con pantalla t\u00e1ctil, resistentes al viento, para artritis, terapia magn\u00e9tica reumatoide\" src=\"https:\/\/bodegaoutdoor.cl\/store\/wp-content\/uploads\/2023\/02\/65835-swr6xr.jpg\" alt=\"Guantes T\u00e9rmicos de invierno para hombre y mujer, manoplas t\u00e9rmicas con pantalla t\u00e1ctil, resistentes al viento, para artritis, terapia magn\u00e9tica reumatoide\" \/><br \/>\n<img decoding=\"async\" title=\"Guantes T\u00e9rmicos de invierno para hombre y mujer, manoplas t\u00e9rmicas con pantalla t\u00e1ctil, resistentes al viento, para artritis, terapia magn\u00e9tica reumatoide\" src=\"https:\/\/bodegaoutdoor.cl\/store\/wp-content\/uploads\/2023\/02\/65835-j3bzqa.jpg\" alt=\"Guantes T\u00e9rmicos de invierno para hombre y mujer, manoplas t\u00e9rmicas con pantalla t\u00e1ctil, resistentes al viento, para artritis, terapia magn\u00e9tica reumatoide\" \/><br \/>\n<img decoding=\"async\" title=\"Guantes T\u00e9rmicos de invierno para hombre y mujer, manoplas t\u00e9rmicas con pantalla t\u00e1ctil, resistentes al viento, para artritis, terapia magn\u00e9tica reumatoide\" src=\"https:\/\/bodegaoutdoor.cl\/store\/wp-content\/uploads\/2023\/02\/65835-t6iywo.jpg\" alt=\"Guantes T\u00e9rmicos de invierno para hombre y mujer, manoplas t\u00e9rmicas con pantalla t\u00e1ctil, resistentes al viento, para artritis, terapia magn\u00e9tica reumatoide\" \/><br \/>\n<img decoding=\"async\" title=\"Guantes T\u00e9rmicos de invierno para hombre y mujer, manoplas t\u00e9rmicas con pantalla t\u00e1ctil, resistentes al viento, para artritis, terapia magn\u00e9tica reumatoide\" src=\"https:\/\/bodegaoutdoor.cl\/store\/wp-content\/uploads\/2023\/02\/65835-xxnrn9.jpg\" alt=\"Guantes T\u00e9rmicos de invierno para hombre y mujer, manoplas t\u00e9rmicas con pantalla t\u00e1ctil, resistentes al viento, para artritis, terapia magn\u00e9tica reumatoide\" \/><br \/>\n<img decoding=\"async\" title=\"Guantes T\u00e9rmicos de invierno para hombre y mujer, manoplas t\u00e9rmicas con pantalla t\u00e1ctil, resistentes al viento, para artritis, terapia magn\u00e9tica reumatoide\" src=\"https:\/\/bodegaoutdoor.cl\/store\/wp-content\/uploads\/2023\/02\/65835-nytjoy.jpg\" alt=\"Guantes T\u00e9rmicos de invierno para hombre y mujer, manoplas t\u00e9rmicas con pantalla t\u00e1ctil, resistentes al viento, para artritis, terapia magn\u00e9tica reumatoide\" \/><\/p>\n<\/div>\n<p>&nbsp;<\/p>\n<\/div>\n\n    <div class=\"xs_social_share_widget xs_share_url after_content \t\tmain_content  wslu-style-1 wslu-share-box-shaped wslu-fill-colored wslu-none wslu-share-horizontal wslu-theme-font-no wslu-main_content\">\n\n\t\t\n        <ul>\n\t\t\t        <\/ul>\n    <\/div> \n","protected":false},"excerpt":{"rendered":"<p>Caracter\u00edsticas: Especificaci\u00f3n: 100% nuevo y de alta calidad. Material: Algod\u00f3n 44% poli\u00e9ster 44% spandex 12% Tama\u00f1o: S\/M\/L Ayuda a aliviar la artritis, el dolor de manos, la hinchaz\u00f3n y las manos fr\u00edas. Proporciona una compresi\u00f3n suave para mejorar la circulaci\u00f3n sangu\u00ednea. La LICRA de algod\u00f3n permite que la piel respire. C\u00f3modo de usar todo el [&hellip;]<\/p>\n","protected":false},"featured_media":65839,"comment_status":"open","ping_status":"closed","template":"","meta":{"jetpack_publicize_message":"","jetpack_publicize_feature_enabled":true,"jetpack_social_post_already_shared":true,"jetpack_social_options":{"image_generator_settings":{"template":"highway","enabled":false},"version":2}},"product_brand":[],"product_cat":[15],"product_tag":[],"class_list":{"0":"post-65835","1":"product","2":"type-product","3":"status-publish","4":"has-post-thumbnail","6":"product_cat-otros","8":"first","9":"instock","10":"sale","11":"taxable","12":"shipping-taxable","13":"purchasable","14":"product-type-variable"},"jetpack_publicize_connections":[],"jetpack_sharing_enabled":true,"_links":{"self":[{"href":"https:\/\/bodegaoutdoor.cl\/store\/wp-json\/wp\/v2\/product\/65835","targetHints":{"allow":["GET"]}}],"collection":[{"href":"https:\/\/bodegaoutdoor.cl\/store\/wp-json\/wp\/v2\/product"}],"about":[{"href":"https:\/\/bodegaoutdoor.cl\/store\/wp-json\/wp\/v2\/types\/product"}],"replies":[{"embeddable":true,"href":"https:\/\/bodegaoutdoor.cl\/store\/wp-json\/wp\/v2\/comments?post=65835"}],"version-history":[{"count":12,"href":"https:\/\/bodegaoutdoor.cl\/store\/wp-json\/wp\/v2\/product\/65835\/revisions"}],"predecessor-version":[{"id":66078,"href":"https:\/\/bodegaoutdoor.cl\/store\/wp-json\/wp\/v2\/product\/65835\/revisions\/66078"}],"wp:featuredmedia":[{"embeddable":true,"href":"https:\/\/bodegaoutdoor.cl\/store\/wp-json\/wp\/v2\/media\/65839"}],"wp:attachment":[{"href":"https:\/\/bodegaoutdoor.cl\/store\/wp-json\/wp\/v2\/media?parent=65835"}],"wp:term":[{"taxonomy":"product_brand","embeddable":true,"href":"https:\/\/bodegaoutdoor.cl\/store\/wp-json\/wp\/v2\/product_brand?post=65835"},{"taxonomy":"product_cat","embeddable":true,"href":"https:\/\/bodegaoutdoor.cl\/store\/wp-json\/wp\/v2\/product_cat?post=65835"},{"taxonomy":"product_tag","embeddable":true,"href":"https:\/\/bodegaoutdoor.cl\/store\/wp-json\/wp\/v2\/product_tag?post=65835"}],"curies":[{"name":"wp","href":"https:\/\/api.w.org\/{rel}","templated":true}]}}