{"id":67785,"date":"2023-03-07T15:21:24","date_gmt":"2023-03-07T18:21:24","guid":{"rendered":"https:\/\/bodegaoutdoor.cl\/store\/product\/cinturon-tactico-de-nailon-con-hebilla-automatica-para-hombre-cinturon-militar-de-lona-con-boton-de-aleacion-para-negocios\/"},"modified":"2023-05-04T19:18:32","modified_gmt":"2023-05-04T23:18:32","slug":"cinturon-tactico-de-nailon-con-hebilla-automatica-para-hombre-cinturon-militar-de-lona-con-boton-de-aleacion-para-negocios","status":"publish","type":"product","link":"https:\/\/bodegaoutdoor.cl\/store\/product\/cinturon-tactico-de-nailon-con-hebilla-automatica-para-hombre-cinturon-militar-de-lona-con-boton-de-aleacion-para-negocios\/","title":{"rendered":"Cintur\u00f3n t\u00e1ctico de nailon con hebilla autom\u00e1tica para hombre, cintur\u00f3n militar de lona con bot\u00f3n de aleaci\u00f3n, para negocios"},"content":{"rendered":"<div style=\"margin: 10px auto 0; max-width: 100%;\">\n<div style=\"margin-top: -60.52%;\">\n<div style=\"margin-left: 20.0%; margin-top: -30.26%; width: 20.0%;\"><a href=\"\/\/www.aliexpress.com\/item\/detail\/1005001705528741.html\" target=\"_blank\" rel=\"noopener\"><img decoding=\"async\" style=\"width: 186px; height: 282px;\" src=\"\/\/ae01.alicdn.com\/kf\/Hb4a0000d6527471199622ffe931622f3g.png?width=186&amp;height=282&amp;hash=468\" \/><\/a><\/div>\n<div style=\"margin-left: 40.0%; margin-top: -30.26%; width: 20.0%;\"><a href=\"\/\/www.aliexpress.com\/item\/detail\/1005001835505894.html\" target=\"_blank\" rel=\"noopener\"><img decoding=\"async\" style=\"width: 186px; height: 282px;\" src=\"\/\/ae01.alicdn.com\/kf\/Hb4a0000d6527471199622ffe931622f3g.png?width=186&amp;height=282&amp;hash=468\" \/><\/a><\/div>\n<div style=\"margin-left: 60.0%; margin-top: -30.26%; width: 20.0%;\"><a href=\"\/\/www.aliexpress.com\/item\/detail\/1005001804776120.html\" target=\"_blank\" rel=\"noopener\"><img decoding=\"async\" style=\"width: 186px; height: 282px;\" src=\"\/\/ae01.alicdn.com\/kf\/Hb4a0000d6527471199622ffe931622f3g.png?width=186&amp;height=282&amp;hash=468\" \/><\/a><\/div>\n<div style=\"margin-left: 80.0%; margin-top: -30.26%; width: 20.0%;\"><a href=\"\/\/www.aliexpress.com\/item\/detail\/1005001781088894.html\" target=\"_blank\" rel=\"noopener\"><img decoding=\"async\" style=\"width: 186px; height: 282px;\" src=\"\/\/ae01.alicdn.com\/kf\/Hb4a0000d6527471199622ffe931622f3g.png?width=186&amp;height=282&amp;hash=468\" \/><\/a><\/div>\n<div style=\"margin-left: 0.0%; margin-top: 0.0%; width: 20.0%;\"><\/div>\n<div style=\"margin-left: 20.0%; margin-top: -30.26%; width: 20.0%;\"><a href=\"\/\/www.aliexpress.com\/item\/detail\/1005003379610055.html\" target=\"_blank\" rel=\"noopener\"><img decoding=\"async\" style=\"width: 186px; height: 282px;\" src=\"\/\/ae01.alicdn.com\/kf\/Hb4a0000d6527471199622ffe931622f3g.png?width=186&amp;height=282&amp;hash=468\" \/><\/a><\/div>\n<div style=\"margin-left: 40.0%; margin-top: -30.26%; width: 20.0%;\"><a href=\"\/\/www.aliexpress.com\/item\/detail\/1005003682199116.html\" target=\"_blank\" rel=\"noopener\"><img decoding=\"async\" style=\"width: 186px; height: 282px;\" src=\"\/\/ae01.alicdn.com\/kf\/Hb4a0000d6527471199622ffe931622f3g.png?width=186&amp;height=282&amp;hash=468\" \/><\/a><\/div>\n<div style=\"margin-left: 60.0%; margin-top: -30.26%; width: 20.0%;\"><a href=\"\/\/www.aliexpress.com\/item\/detail\/1005003682505811.html\" target=\"_blank\" rel=\"noopener\"><img decoding=\"async\" style=\"width: 186px; height: 282px;\" src=\"\/\/ae01.alicdn.com\/kf\/Hb4a0000d6527471199622ffe931622f3g.png?width=186&amp;height=282&amp;hash=468\" \/><\/a><\/div>\n<div style=\"margin-left: 80.0%; margin-top: -30.26%; width: 20.0%;\"><a href=\"\/\/www.aliexpress.com\/item\/detail\/1005003682815988.html\" target=\"_blank\" rel=\"noopener\"><img decoding=\"async\" style=\"width: 186px; height: 282px;\" src=\"\/\/ae01.alicdn.com\/kf\/Hb4a0000d6527471199622ffe931622f3g.png?width=186&amp;height=282&amp;hash=468\" \/><\/a><\/div>\n<\/div>\n<\/div>\n<div id=\"offer-template-0\"><span style=\"margin: 0px; padding: 0px; border: 0px; font-style: normal; font-weight: 400; font-size: 16px; line-height: inherit; font-family: Arial, Helvetica, sans-serif; vertical-align: baseline; letter-spacing: normal; text-align: start; text-indent: 0px; text-transform: none;\" data-spm-anchor-id=\"a2g0s.12269583.0.i0.558a3eef93o09F\">Material: lienzo<\/span><\/p>\n<p><span style=\"margin: 0px; padding: 0px; border: 0px; font-style: normal; font-weight: 400; font-size: 16px; line-height: inherit; font-family: Arial, Helvetica, sans-serif; vertical-align: baseline; letter-spacing: normal; text-align: start; text-indent: 0px; text-transform: none;\"><br \/>\n<span style=\"margin: 0px; padding: 0px; border: 0px; font: inherit; vertical-align: baseline;\">Ancho del cintur\u00f3n: 3,5 cm<\/span><\/span><\/p>\n<p><span style=\"margin: 0px; padding: 0px; border: 0px; font-style: normal; font-weight: 400; font-size: 12px; line-height: inherit; font-family: Arial, Helvetica, sans-serif; vertical-align: baseline; letter-spacing: normal; text-align: start; text-indent: 0px; text-transform: none;\"><br \/>\n<span style=\"margin: 0px; padding: 0px; border: 0px; font-style: inherit; font-variant: inherit; font-weight: inherit; font-size: 16px; line-height: inherit; font-family: inherit; vertical-align: baseline;\">Longitud del cintur\u00f3n: 125cm<\/span><\/span><br \/>\n<br style=\"font-family: Arial, Helvetica, sans-serif; font-size: 12px; font-style: normal; font-weight: 400; letter-spacing: normal; text-align: start; text-indent: 0px; text-transform: none;\" \/><span style=\"margin: 0px; padding: 0px; border: 0px; font-style: normal; font-weight: 400; font-size: 16px; line-height: inherit; font-family: Arial, Helvetica, sans-serif; vertical-align: baseline; letter-spacing: normal; text-align: start; text-indent: 0px; text-transform: none;\">Color de la hebilla: como en la imagen<br \/>\nESTILO: moda, formal, novedad, casual, negocios<br \/>\nElija el tama\u00f1o correcto. El cintur\u00f3n se puede ajustar seg\u00fan su cintura usted mismo.<\/span><\/p>\n<p><img decoding=\"async\" src=\"\/\/ae01.alicdn.com\/kf\/S40dc1eb3940747f891f344a77fc799e1G.jpg?width=790&amp;height=871&amp;hash=1661\" \/><\/p>\n<p><img decoding=\"async\" src=\"\/\/ae01.alicdn.com\/kf\/S8c4f3b009c21461ba0578c9576c68cd9Q.jpg?width=790&amp;height=532&amp;hash=1322\" \/><img decoding=\"async\" src=\"\/\/ae01.alicdn.com\/kf\/Scc91e54ddead400a986958c1b3b43779A.jpg?width=790&amp;height=611&amp;hash=1401\" \/><\/p>\n<p><img decoding=\"async\" src=\"\/\/ae01.alicdn.com\/kf\/S8d7a79a8eb4a4f3494800ed2fd259e80q.jpg?width=790&amp;height=817&amp;hash=1607\" \/><\/p>\n<p><img decoding=\"async\" src=\"\/\/ae01.alicdn.com\/kf\/S55e8aeb06a824d6194590b373db68b28P.jpg?width=790&amp;height=834&amp;hash=1624\" \/><\/p>\n<p>&nbsp;<\/p>\n<\/div>\n\n    <div class=\"xs_social_share_widget xs_share_url after_content \t\tmain_content  wslu-style-1 wslu-share-box-shaped wslu-fill-colored wslu-none wslu-share-horizontal wslu-theme-font-no wslu-main_content\">\n\n\t\t\n        <ul>\n\t\t\t        <\/ul>\n    <\/div> \n","protected":false},"excerpt":{"rendered":"<p>Material: lienzo Ancho del cintur\u00f3n: 3,5 cm Longitud del cintur\u00f3n: 125cm Color de la hebilla: como en la imagen ESTILO: moda, formal, novedad, casual, negocios Elija el tama\u00f1o correcto. El cintur\u00f3n se puede ajustar seg\u00fan su cintura usted mismo. &nbsp;<\/p>\n","protected":false},"featured_media":67794,"comment_status":"open","ping_status":"closed","template":"","meta":{"jetpack_publicize_message":"","jetpack_publicize_feature_enabled":true,"jetpack_social_post_already_shared":true,"jetpack_social_options":{"image_generator_settings":{"template":"highway","enabled":false},"version":2}},"product_brand":[],"product_cat":[489],"product_tag":[],"class_list":{"0":"post-67785","1":"product","2":"type-product","3":"status-publish","4":"has-post-thumbnail","6":"product_cat-cinturones","8":"first","9":"instock","10":"sale","11":"taxable","12":"shipping-taxable","13":"purchasable","14":"product-type-variable"},"jetpack_publicize_connections":[],"jetpack_sharing_enabled":true,"_links":{"self":[{"href":"https:\/\/bodegaoutdoor.cl\/store\/wp-json\/wp\/v2\/product\/67785","targetHints":{"allow":["GET"]}}],"collection":[{"href":"https:\/\/bodegaoutdoor.cl\/store\/wp-json\/wp\/v2\/product"}],"about":[{"href":"https:\/\/bodegaoutdoor.cl\/store\/wp-json\/wp\/v2\/types\/product"}],"replies":[{"embeddable":true,"href":"https:\/\/bodegaoutdoor.cl\/store\/wp-json\/wp\/v2\/comments?post=67785"}],"version-history":[{"count":10,"href":"https:\/\/bodegaoutdoor.cl\/store\/wp-json\/wp\/v2\/product\/67785\/revisions"}],"predecessor-version":[{"id":67819,"href":"https:\/\/bodegaoutdoor.cl\/store\/wp-json\/wp\/v2\/product\/67785\/revisions\/67819"}],"wp:featuredmedia":[{"embeddable":true,"href":"https:\/\/bodegaoutdoor.cl\/store\/wp-json\/wp\/v2\/media\/67794"}],"wp:attachment":[{"href":"https:\/\/bodegaoutdoor.cl\/store\/wp-json\/wp\/v2\/media?parent=67785"}],"wp:term":[{"taxonomy":"product_brand","embeddable":true,"href":"https:\/\/bodegaoutdoor.cl\/store\/wp-json\/wp\/v2\/product_brand?post=67785"},{"taxonomy":"product_cat","embeddable":true,"href":"https:\/\/bodegaoutdoor.cl\/store\/wp-json\/wp\/v2\/product_cat?post=67785"},{"taxonomy":"product_tag","embeddable":true,"href":"https:\/\/bodegaoutdoor.cl\/store\/wp-json\/wp\/v2\/product_tag?post=67785"}],"curies":[{"name":"wp","href":"https:\/\/api.w.org\/{rel}","templated":true}]}}