{"id":69993,"date":"2023-04-01T16:03:36","date_gmt":"2023-04-01T19:03:36","guid":{"rendered":"https:\/\/bodegaoutdoor.cl\/store\/product\/lokmat-reloj-inteligente-deportivo-ocean-para-hombre-y-mujer-para-android-con-control-del-ritmo-cardiaco-y-presion-sanguinea\/"},"modified":"2023-05-04T19:18:31","modified_gmt":"2023-05-04T23:18:31","slug":"lokmat-reloj-inteligente-deportivo-ocean-para-hombre-y-mujer-para-android-con-control-del-ritmo-cardiaco-y-presion-sanguinea","status":"publish","type":"product","link":"https:\/\/bodegaoutdoor.cl\/store\/product\/lokmat-reloj-inteligente-deportivo-ocean-para-hombre-y-mujer-para-android-con-control-del-ritmo-cardiaco-y-presion-sanguinea\/","title":{"rendered":"SmartWatch-Reloj inteligente deportivo Ocean para hombre y mujer, para Android, con control del ritmo card\u00edaco y presi\u00f3n sangu\u00ednea"},"content":{"rendered":"<p style=\"text-align: center;\"><video style=\"max-width: 100%;\" src=\"\/\/video.aliexpress-media.com\/play\/u\/ae_sg_item\/3091922947\/p\/1\/e\/6\/t\/10301\/258398815410.mp4\" poster=\"https:\/\/ae01.alicdn.com\/kf\/Hd45746ea9b07409a8c8df2dc2738c80fa\/LOKMAT-Reloj-inteligente-deportivo-Ocean-para-hombre-y-mujer-para-Android-con-control-del-ritmo-card.jpg,https:\/\/ae01.alicdn.com\/kf\/Ha0145b175bd5499185445ceacedeeed1V\/LOKMAT-Reloj-inteligente-deportivo-Ocean-para-hombre-y-mujer-para-Android-con-control-del-ritmo-card.jpg,https:\/\/ae01.alicdn.com\/kf\/H2e4cf17ff4c04750ab4b5cb0f76e81742\/LOKMAT-Reloj-inteligente-deportivo-Ocean-para-hombre-y-mujer-para-Android-con-control-del-ritmo-card.jpg,https:\/\/ae01.alicdn.com\/kf\/H305dc1f0652a4e00b21331bc55bc54ees\/LOKMAT-Reloj-inteligente-deportivo-Ocean-para-hombre-y-mujer-para-Android-con-control-del-ritmo-card.jpg,https:\/\/ae01.alicdn.com\/kf\/H2a291ec36566443f8169fdf4f6cbb5fei\/LOKMAT-Reloj-inteligente-deportivo-Ocean-para-hombre-y-mujer-para-Android-con-control-del-ritmo-card.jpg,https:\/\/ae01.alicdn.com\/kf\/H940d62bfde3242bc994c48aefbd364afn\/LOKMAT-Reloj-inteligente-deportivo-Ocean-para-hombre-y-mujer-para-Android-con-control-del-ritmo-card.jpg\" preload=\"auto\" controls=\"controls\" width=\"100%\" height=\"100%\"><\/video><\/p>\n<div>\n<div>\n<div><\/div>\n<div>\n<p style=\"font-family: OpenSans; font-size: 20px; font-weight: 900; line-height: 28px; margin-bottom: 12px;\">Nuevo producto insignia de LOKMAT.<\/p>\n<p style=\"font-family: OpenSans; font-size: 14px; font-weight: 300; line-height: 20px; margin-bottom: 12px;\">Valiente, sin miedo, anhelo del oc\u00e9ano<\/p>\n<\/div>\n<p>&nbsp;<\/p>\n<div>\n<div>\n<div id=\"265951034449\" data-previewurl=\"\/\/img.alicdn.com\/imgextra\/i3\/6000000004703\/O1CN011bcA6U1kc1Ib0YiVV_!!6000000004703-0-tbvideo.jpg\"><\/div>\n<\/div>\n<\/div>\n<p>&nbsp;<\/p>\n<div>\n<p style=\"font-family: OpenSans; font-size: 20px; font-weight: 900; line-height: 28px; margin-bottom: 12px;\">Presentaci\u00f3n del rendimiento<\/p>\n<p style=\"font-family: OpenSans; font-size: 14px; font-weight: 300; line-height: 20px; margin-bottom: 12px;\">Pod\u00f3metro: Establece tu objetivo de salud y ve tus actividades diarias, comprueba y analiza datos en cualquier momento.<br \/>\nC\u00e1mara remota: c\u00e1mara remota dentro de 10m<br \/>\nRecordatorio: llamada telef\u00f3nica, Mensaje, redes sociales, etc.<br \/>\nSistema operativo Compatible: Android e IOS<br \/>\nCompatibilidad: sistema Android 4,4\/ios 8,0 y superior<br \/>\nM\u00e9todo de conexi\u00f3n: Smartphone conectado con la aplicaci\u00f3n a trav\u00e9s de Bluetooth 4,0. Estable, r\u00e1pido y de muy bajo consumo<br \/>\nNombre de la aplicaci\u00f3n: DayBand<\/p>\n<\/div>\n<div>\n<p style=\"font-family: OpenSans; font-size: 20px; font-weight: 900; line-height: 28px; margin-bottom: 12px;\">M\u00e1s funciones<\/p>\n<p style=\"font-family: OpenSans; font-size: 14px; font-weight: 300; line-height: 20px; margin-bottom: 12px;\">Deportes: seguimiento de pasos, seguimiento de quema de calor\u00edas, configuraci\u00f3n de objetivos deportivos.<\/p>\n<p>Salud: monitorizaci\u00f3n de la frecuencia card\u00edaca las 24 horas, monitorizaci\u00f3n del sue\u00f1o.<\/p>\n<p>Vida: Notificaci\u00f3n de vibraci\u00f3n, despertador, c\u00e1mara remota, m\u00faltiples caras de reloj<\/p>\n<\/div>\n<div>\n<p style=\"font-family: OpenSans; font-size: 20px; font-weight: 900; line-height: 28px; margin-bottom: 12px;\">Par\u00e1metro del producto<\/p>\n<p style=\"font-family: OpenSans; font-size: 14px; font-weight: 300; line-height: 20px; margin-bottom: 12px;\">Pantalla: 1.14TFT<br \/>\nDistancia BT: 10m (espacio abierto)<br \/>\nBater\u00eda: 170 mAh<br \/>\nGrado de Impermeabilidad: 5ATM<br \/>\nDuraci\u00f3n del bot\u00f3n: 100K veces<br \/>\nVida t\u00e1ctil: 100K veces<\/p>\n<\/div>\n<div>\n<p style=\"font-family: OpenSans; font-size: 20px; font-weight: 900; line-height: 28px; margin-bottom: 12px;\">Idiomas<\/p>\n<p style=\"font-family: OpenSans; font-size: 14px; font-weight: 300; line-height: 20px; margin-bottom: 12px;\">Idiomas de la aplicaci\u00f3n: ingl\u00e9s, ruso, alem\u00e1n, japon\u00e9s, coreano, italiano, espa\u00f1ol, portugu\u00e9s, franc\u00e9s, \u00e1rabe<br \/>\nIdiomas del reloj: ingl\u00e9s, ruso, alem\u00e1n, japon\u00e9s, coreano, italiano, espa\u00f1ol, portugu\u00e9s, franc\u00e9s, \u00e1rabe<\/p>\n<\/div>\n<div>\n<p style=\"font-family: OpenSans; font-size: 20px; font-weight: 900; line-height: 28px; margin-bottom: 12px;\">Material<\/p>\n<p style=\"font-family: OpenSans; font-size: 14px; font-weight: 300; line-height: 20px; margin-bottom: 12px;\">Caja del reloj: TPU<br \/>\nCubierta inferior: TPU<br \/>\nCristal del espejo del reloj: cristal Mineral<br \/>\nBot\u00f3n: acero inoxidable 316L<br \/>\nMaterial de la Correa: TPU<br \/>\nPulsera: TPU de 22mm<\/p>\n<\/div>\n<div><img decoding=\"async\" title=\"LOKMAT-Reloj inteligente deportivo Ocean para hombre y mujer, para Android, con control del ritmo card\u00edaco y presi\u00f3n sangu\u00ednea\" src=\"https:\/\/bodegaoutdoor.cl\/store\/wp-content\/uploads\/2023\/04\/69993-g4vlkb.jpg\" alt=\"LOKMAT-Reloj inteligente deportivo Ocean para hombre y mujer, para Android, con control del ritmo card\u00edaco y presi\u00f3n sangu\u00ednea\" \/><\/div>\n<div>\n<p style=\"font-family: OpenSans; font-size: 20px; font-weight: 900; line-height: 28px; margin-bottom: 12px;\">M\u00e1s caras de reloj<\/p>\n<\/div>\n<div><img decoding=\"async\" style=\"margin-bottom: 10px;\" title=\"LOKMAT-Reloj inteligente deportivo Ocean para hombre y mujer, para Android, con control del ritmo card\u00edaco y presi\u00f3n sangu\u00ednea\" src=\"https:\/\/bodegaoutdoor.cl\/store\/wp-content\/uploads\/2023\/04\/69993-dlrjm8.jpg\" alt=\"LOKMAT-Reloj inteligente deportivo Ocean para hombre y mujer, para Android, con control del ritmo card\u00edaco y presi\u00f3n sangu\u00ednea\" \/><\/div>\n<div>\n<p style=\"font-family: OpenSans; font-size: 20px; font-weight: 900; line-height: 28px; margin-bottom: 12px;\">M\u00e1s modos de deporte<\/p>\n<\/div>\n<div><img decoding=\"async\" title=\"LOKMAT-Reloj inteligente deportivo Ocean para hombre y mujer, para Android, con control del ritmo card\u00edaco y presi\u00f3n sangu\u00ednea\" src=\"https:\/\/bodegaoutdoor.cl\/store\/wp-content\/uploads\/2023\/04\/69993-xj10oj.jpg\" alt=\"LOKMAT-Reloj inteligente deportivo Ocean para hombre y mujer, para Android, con control del ritmo card\u00edaco y presi\u00f3n sangu\u00ednea\" \/><\/div>\n<div>\n<p style=\"font-family: OpenSans; font-size: 20px; font-weight: 900; line-height: 28px; margin-bottom: 12px;\">Aplicaciones DayBand: registra de forma integral tu informaci\u00f3n de ejercicio\/salud, soluciones de aplicaciones m\u00e1s inteligentes.<\/p>\n<p style=\"font-family: OpenSans; font-size: 14px; font-weight: 300; line-height: 20px; margin-bottom: 12px;\">Bluetooth 4,0 compatible con Android y iPhone, conecte su tel\u00e9fono para usar la aplicaci\u00f3n DayBand,<br \/>\nObtenga sus datos de salud\/datos deportivos en tiempo real y tenga un estilo de vida m\u00e1s saludable y riguroso.<\/p>\n<\/div>\n<div><img decoding=\"async\" style=\"margin-bottom: 10px;\" title=\"LOKMAT-Reloj inteligente deportivo Ocean para hombre y mujer, para Android, con control del ritmo card\u00edaco y presi\u00f3n sangu\u00ednea\" src=\"https:\/\/bodegaoutdoor.cl\/store\/wp-content\/uploads\/2023\/04\/69993-fnitsu.jpg\" alt=\"LOKMAT-Reloj inteligente deportivo Ocean para hombre y mujer, para Android, con control del ritmo card\u00edaco y presi\u00f3n sangu\u00ednea\" \/><\/div>\n<div>\n<p style=\"font-family: OpenSans; font-size: 20px; font-weight: 900; line-height: 28px; margin-bottom: 12px;\">Aprende m\u00e1s sobre tu salud y ritmo card\u00edaco<\/p>\n<p style=\"font-family: OpenSans; font-size: 14px; font-weight: 300; line-height: 20px; margin-bottom: 12px;\">La salud est\u00e1 muy relacionada con la frecuencia card\u00edaca y se puede monitorear 24 horas al d\u00eda para brindarle una mejor comprensi\u00f3n de su salud.<\/p>\n<\/div>\n<div><img decoding=\"async\" title=\"LOKMAT-Reloj inteligente deportivo Ocean para hombre y mujer, para Android, con control del ritmo card\u00edaco y presi\u00f3n sangu\u00ednea\" src=\"https:\/\/bodegaoutdoor.cl\/store\/wp-content\/uploads\/2023\/04\/69993-jkjnoh.jpg\" alt=\"LOKMAT-Reloj inteligente deportivo Ocean para hombre y mujer, para Android, con control del ritmo card\u00edaco y presi\u00f3n sangu\u00ednea\" \/><\/div>\n<div>\n<p style=\"font-family: OpenSans; font-size: 20px; font-weight: 900; line-height: 28px; margin-bottom: 12px;\">Recordatorio de informaci\u00f3n<\/p>\n<p style=\"font-family: OpenSans; font-size: 14px; font-weight: 300; line-height: 20px; margin-bottom: 12px;\">Te permite procesar r\u00e1pidamente tu informaci\u00f3n (Facebook, Whatsapp, Twitter, Ins, etc.).<\/p>\n<\/div>\n<div><img decoding=\"async\" style=\"margin-bottom: 10px;\" title=\"LOKMAT-Reloj inteligente deportivo Ocean para hombre y mujer, para Android, con control del ritmo card\u00edaco y presi\u00f3n sangu\u00ednea\" src=\"https:\/\/bodegaoutdoor.cl\/store\/wp-content\/uploads\/2023\/04\/69993-cl6cx6.jpg\" alt=\"LOKMAT-Reloj inteligente deportivo Ocean para hombre y mujer, para Android, con control del ritmo card\u00edaco y presi\u00f3n sangu\u00ednea\" \/><\/div>\n<div>\n<p style=\"font-family: OpenSans; font-size: 20px; font-weight: 900; line-height: 28px; margin-bottom: 12px;\">Modo de un solo toque<\/p>\n<p style=\"font-family: OpenSans; font-size: 14px; font-weight: 300; line-height: 20px; margin-bottom: 12px;\">Toque la pantalla para controlar el reloj, es m\u00e1s conveniente de usar<\/p>\n<\/div>\n<div><img decoding=\"async\" style=\"margin-bottom: 10px;\" title=\"LOKMAT-Reloj inteligente deportivo Ocean para hombre y mujer, para Android, con control del ritmo card\u00edaco y presi\u00f3n sangu\u00ednea\" src=\"https:\/\/bodegaoutdoor.cl\/store\/wp-content\/uploads\/2023\/04\/69993-g9dgic.jpg\" alt=\"LOKMAT-Reloj inteligente deportivo Ocean para hombre y mujer, para Android, con control del ritmo card\u00edaco y presi\u00f3n sangu\u00ednea\" \/><\/div>\n<div>\n<p style=\"font-family: OpenSans; font-size: 20px; font-weight: 900; line-height: 28px; margin-bottom: 12px;\">IP68 profesional resistente al agua<\/p>\n<p style=\"font-family: OpenSans; font-size: 14px; font-weight: 300; line-height: 20px; margin-bottom: 12px;\">Soporta la lluvia y la nataci\u00f3n diarias, (no presione el bot\u00f3n debajo del agua)<\/p>\n<\/div>\n<div><img decoding=\"async\" style=\"margin-bottom: 10px;\" title=\"LOKMAT-Reloj inteligente deportivo Ocean para hombre y mujer, para Android, con control del ritmo card\u00edaco y presi\u00f3n sangu\u00ednea\" src=\"https:\/\/bodegaoutdoor.cl\/store\/wp-content\/uploads\/2023\/04\/69993-bsqpmc.jpg\" alt=\"LOKMAT-Reloj inteligente deportivo Ocean para hombre y mujer, para Android, con control del ritmo card\u00edaco y presi\u00f3n sangu\u00ednea\" \/><\/div>\n<div>\n<p style=\"font-family: OpenSans; font-size: 20px; font-weight: 900; line-height: 28px; margin-bottom: 12px;\">C\u00e1mara remota<\/p>\n<p style=\"font-family: OpenSans; font-size: 14px; font-weight: 300; line-height: 20px; margin-bottom: 12px;\">Usa tu reloj para controlar tu tel\u00e9fono para tomar fotos<\/p>\n<\/div>\n<div><img decoding=\"async\" title=\"LOKMAT-Reloj inteligente deportivo Ocean para hombre y mujer, para Android, con control del ritmo card\u00edaco y presi\u00f3n sangu\u00ednea\" src=\"https:\/\/bodegaoutdoor.cl\/store\/wp-content\/uploads\/2023\/04\/69993-qwbbdc.jpg\" alt=\"LOKMAT-Reloj inteligente deportivo Ocean para hombre y mujer, para Android, con control del ritmo card\u00edaco y presi\u00f3n sangu\u00ednea\" \/><\/div>\n<div>\n<p style=\"font-family: OpenSans; font-size: 20px; font-weight: 900; line-height: 28px; margin-bottom: 12px;\">Bater\u00eda de ahorro de energ\u00eda<\/p>\n<p style=\"font-family: OpenSans; font-size: 14px; font-weight: 300; line-height: 20px; margin-bottom: 12px;\">Bater\u00eda de 180mAh, completamente cargada en tres horas, se puede utilizar durante 10 d\u00edas<\/p>\n<\/div>\n<div><img decoding=\"async\" title=\"LOKMAT-Reloj inteligente deportivo Ocean para hombre y mujer, para Android, con control del ritmo card\u00edaco y presi\u00f3n sangu\u00ednea\" src=\"https:\/\/bodegaoutdoor.cl\/store\/wp-content\/uploads\/2023\/04\/69993-b1tmw9.jpg\" alt=\"LOKMAT-Reloj inteligente deportivo Ocean para hombre y mujer, para Android, con control del ritmo card\u00edaco y presi\u00f3n sangu\u00ednea\" \/><\/div>\n<div>\n<p style=\"font-family: OpenSans; font-size: 20px; font-weight: 900; line-height: 28px; margin-bottom: 12px;\">Monitoreo del sue\u00f1o<\/p>\n<p style=\"font-family: OpenSans; font-size: 14px; font-weight: 300; line-height: 20px; margin-bottom: 12px;\">Puede entender con precisi\u00f3n su estado de sue\u00f1o y entender su estado de salud<\/p>\n<\/div>\n<div><img decoding=\"async\" style=\"margin-bottom: 10px;\" title=\"LOKMAT-Reloj inteligente deportivo Ocean para hombre y mujer, para Android, con control del ritmo card\u00edaco y presi\u00f3n sangu\u00ednea\" src=\"https:\/\/bodegaoutdoor.cl\/store\/wp-content\/uploads\/2023\/04\/69993-8ifc13.jpg\" alt=\"LOKMAT-Reloj inteligente deportivo Ocean para hombre y mujer, para Android, con control del ritmo card\u00edaco y presi\u00f3n sangu\u00ednea\" \/><\/div>\n<div>\n<p style=\"font-family: OpenSans; font-size: 20px; font-weight: 900; line-height: 28px; margin-bottom: 12px;\">Materiales cuidadosamente seleccionados<\/p>\n<p style=\"font-family: OpenSans; font-size: 14px; font-weight: 300; line-height: 20px; margin-bottom: 12px;\">La correa de TPU con alta resistencia al desgaste y alta resistencia es m\u00e1s adecuada para deportes<\/p>\n<\/div>\n<div><img decoding=\"async\" title=\"LOKMAT-Reloj inteligente deportivo Ocean para hombre y mujer, para Android, con control del ritmo card\u00edaco y presi\u00f3n sangu\u00ednea\" src=\"https:\/\/bodegaoutdoor.cl\/store\/wp-content\/uploads\/2023\/04\/69993-vjynmy.jpg\" alt=\"LOKMAT-Reloj inteligente deportivo Ocean para hombre y mujer, para Android, con control del ritmo card\u00edaco y presi\u00f3n sangu\u00ednea\" \/><\/div>\n<div>\n<p style=\"font-family: OpenSans; font-size: 20px; font-weight: 900; line-height: 28px; margin-bottom: 12px;\">Reloj despertador<\/p>\n<p style=\"font-family: OpenSans; font-size: 14px; font-weight: 300; line-height: 20px; margin-bottom: 12px;\">Te permite estar a tiempo<br \/>\nSin falta hora de trabajo<\/p>\n<\/div>\n<div><img decoding=\"async\" title=\"LOKMAT-Reloj inteligente deportivo Ocean para hombre y mujer, para Android, con control del ritmo card\u00edaco y presi\u00f3n sangu\u00ednea\" src=\"https:\/\/bodegaoutdoor.cl\/store\/wp-content\/uploads\/2023\/04\/69993-qzoxhh.jpg\" alt=\"LOKMAT-Reloj inteligente deportivo Ocean para hombre y mujer, para Android, con control del ritmo card\u00edaco y presi\u00f3n sangu\u00ednea\" \/><\/div>\n<div>\n<p style=\"font-family: OpenSans; font-size: 20px; font-weight: 900; line-height: 28px; margin-bottom: 12px;\">Agitar para activar la pantalla<\/p>\n<p style=\"font-family: OpenSans; font-size: 14px; font-weight: 300; line-height: 20px; margin-bottom: 12px;\">Agita el reloj para activar la pantalla<\/p>\n<\/div>\n<div><img decoding=\"async\" title=\"LOKMAT-Reloj inteligente deportivo Ocean para hombre y mujer, para Android, con control del ritmo card\u00edaco y presi\u00f3n sangu\u00ednea\" src=\"https:\/\/bodegaoutdoor.cl\/store\/wp-content\/uploads\/2023\/04\/69993-nilyxl.jpg\" alt=\"LOKMAT-Reloj inteligente deportivo Ocean para hombre y mujer, para Android, con control del ritmo card\u00edaco y presi\u00f3n sangu\u00ednea\" \/><\/div>\n<div><img decoding=\"async\" title=\"LOKMAT-Reloj inteligente deportivo Ocean para hombre y mujer, para Android, con control del ritmo card\u00edaco y presi\u00f3n sangu\u00ednea\" src=\"https:\/\/bodegaoutdoor.cl\/store\/wp-content\/uploads\/2023\/04\/69993-j28xz1.jpg\" alt=\"LOKMAT-Reloj inteligente deportivo Ocean para hombre y mujer, para Android, con control del ritmo card\u00edaco y presi\u00f3n sangu\u00ednea\" \/><\/div>\n<p>&nbsp;<\/p>\n<p>&nbsp;<\/p>\n<\/div>\n<\/div>\n\n    <div class=\"xs_social_share_widget xs_share_url after_content \t\tmain_content  wslu-style-1 wslu-share-box-shaped wslu-fill-colored wslu-none wslu-share-horizontal wslu-theme-font-no wslu-main_content\">\n\n\t\t\n        <ul>\n\t\t\t        <\/ul>\n    <\/div> \n","protected":false},"excerpt":{"rendered":"<p>Nuevo producto insignia de LOKMAT. Valiente, sin miedo, anhelo del oc\u00e9ano &nbsp; &nbsp; Presentaci\u00f3n del rendimiento Pod\u00f3metro: Establece tu objetivo de salud y ve tus actividades diarias, comprueba y analiza datos en cualquier momento. C\u00e1mara remota: c\u00e1mara remota dentro de 10m Recordatorio: llamada telef\u00f3nica, Mensaje, redes sociales, etc. Sistema operativo Compatible: Android e IOS Compatibilidad: [&hellip;]<\/p>\n","protected":false},"featured_media":70030,"comment_status":"open","ping_status":"closed","template":"","meta":{"jetpack_publicize_message":"","jetpack_publicize_feature_enabled":true,"jetpack_social_post_already_shared":true,"jetpack_social_options":{"image_generator_settings":{"template":"highway","enabled":false},"version":2}},"product_brand":[],"product_cat":[36],"product_tag":[],"class_list":{"0":"post-69993","1":"product","2":"type-product","3":"status-publish","4":"has-post-thumbnail","6":"product_cat-relojes","8":"first","9":"instock","10":"sale","11":"taxable","12":"shipping-taxable","13":"purchasable","14":"product-type-variable"},"jetpack_publicize_connections":[],"jetpack_sharing_enabled":true,"_links":{"self":[{"href":"https:\/\/bodegaoutdoor.cl\/store\/wp-json\/wp\/v2\/product\/69993","targetHints":{"allow":["GET"]}}],"collection":[{"href":"https:\/\/bodegaoutdoor.cl\/store\/wp-json\/wp\/v2\/product"}],"about":[{"href":"https:\/\/bodegaoutdoor.cl\/store\/wp-json\/wp\/v2\/types\/product"}],"replies":[{"embeddable":true,"href":"https:\/\/bodegaoutdoor.cl\/store\/wp-json\/wp\/v2\/comments?post=69993"}],"version-history":[{"count":18,"href":"https:\/\/bodegaoutdoor.cl\/store\/wp-json\/wp\/v2\/product\/69993\/revisions"}],"predecessor-version":[{"id":70131,"href":"https:\/\/bodegaoutdoor.cl\/store\/wp-json\/wp\/v2\/product\/69993\/revisions\/70131"}],"wp:featuredmedia":[{"embeddable":true,"href":"https:\/\/bodegaoutdoor.cl\/store\/wp-json\/wp\/v2\/media\/70030"}],"wp:attachment":[{"href":"https:\/\/bodegaoutdoor.cl\/store\/wp-json\/wp\/v2\/media?parent=69993"}],"wp:term":[{"taxonomy":"product_brand","embeddable":true,"href":"https:\/\/bodegaoutdoor.cl\/store\/wp-json\/wp\/v2\/product_brand?post=69993"},{"taxonomy":"product_cat","embeddable":true,"href":"https:\/\/bodegaoutdoor.cl\/store\/wp-json\/wp\/v2\/product_cat?post=69993"},{"taxonomy":"product_tag","embeddable":true,"href":"https:\/\/bodegaoutdoor.cl\/store\/wp-json\/wp\/v2\/product_tag?post=69993"}],"curies":[{"name":"wp","href":"https:\/\/api.w.org\/{rel}","templated":true}]}}