{"id":7052,"date":"2020-07-20T19:38:08","date_gmt":"2020-07-20T19:38:08","guid":{"rendered":"https:\/\/bodegaoutdoor.cl\/store\/product\/molle-tactico-militar-medica-bolsa-de-primeros-auxilios-deporte-al-aire-libre-de-nylon-multifuncion-accesorio-de-mochila-ejercito-edc-caza-bolsa-de-herramientas\/"},"modified":"2023-05-04T19:19:36","modified_gmt":"2023-05-04T23:19:36","slug":"molle-tactico-militar-medica-bolsa-de-primeros-auxilios-deporte-al-aire-libre-de-nylon-multifuncion-accesorio-de-mochila-ejercito-edc-caza-bolsa-de-herramientas","status":"publish","type":"product","link":"https:\/\/bodegaoutdoor.cl\/store\/product\/molle-tactico-militar-medica-bolsa-de-primeros-auxilios-deporte-al-aire-libre-de-nylon-multifuncion-accesorio-de-mochila-ejercito-edc-caza-bolsa-de-herramientas\/","title":{"rendered":"Bolso militar  botiquin Molle t\u00e1ctico de primeros auxilios Outdoor Nylon"},"content":{"rendered":"<div>\n<div>\n<div>\n<div>\n<div>\n<div>\n<div>\n<div>\n<p><strong>Especificaci\u00f3n<\/strong> :<br \/>\n<strong>Estilo<\/strong> : Deporte, militar, t\u00e1ctico<br \/>\n<strong>Material principal<\/strong> : Nylon<br \/>\n<strong>Caracter\u00edsticas<\/strong> :<br \/>\nT\u00e1ctico militar Molle m\u00e9dica bolsa de primeros auxilios deporte al aire libre de Nylon multifunci\u00f3n accesorio ej\u00e9rcito EDC caza bolsa de herramientas<br \/>\n<strong>Tama\u00f1o<\/strong>: 25,5 cm * 19cm * 5,5 cm<br \/>\n<strong>Color<\/strong>: Verde militar, negro, caqui, ACU,CP<br \/>\n<strong>Lista de paquetes<\/strong> : 1 * mochila para exteriores<br \/>\n<span style=\"color: #c0392b;\"><strong>Nota<\/strong><\/span> : La luz de la fotograf\u00eda y las diferentes pantallas pueden hacer que el color del art\u00edculo en la imagen sea un poco diferente al real. El error de medici\u00f3n permitido es +\/- 1-3cm.<\/p>\n<p style=\"text-align: left; margin: 0;\"><img decoding=\"async\" style=\"width: 930px;\" title=\"Molle t\u00e1ctico militar m\u00e9dica bolsa de primeros auxilios deporte al aire libre de Nylon multifunci\u00f3n accesorio de mochila ej\u00e9rcito EDC caza bolsa de herramientas\" src=\"https:\/\/bodegaoutdoor.cl\/store\/wp-content\/uploads\/2020\/07\/7052-c79xw9.jpg\" alt=\"Molle t\u00e1ctico militar m\u00e9dica bolsa de primeros auxilios deporte al aire libre de Nylon multifunci\u00f3n accesorio de mochila ej\u00e9rcito EDC caza bolsa de herramientas\" \/><img decoding=\"async\" style=\"width: 930px;\" title=\"Molle t\u00e1ctico militar m\u00e9dica bolsa de primeros auxilios deporte al aire libre de Nylon multifunci\u00f3n accesorio de mochila ej\u00e9rcito EDC caza bolsa de herramientas\" src=\"https:\/\/bodegaoutdoor.cl\/store\/wp-content\/uploads\/2020\/07\/7052-1kdbch.jpg\" alt=\"Molle t\u00e1ctico militar m\u00e9dica bolsa de primeros auxilios deporte al aire libre de Nylon multifunci\u00f3n accesorio de mochila ej\u00e9rcito EDC caza bolsa de herramientas\" \/><img decoding=\"async\" style=\"width: 930px;\" title=\"Molle t\u00e1ctico militar m\u00e9dica bolsa de primeros auxilios deporte al aire libre de Nylon multifunci\u00f3n accesorio de mochila ej\u00e9rcito EDC caza bolsa de herramientas\" src=\"https:\/\/bodegaoutdoor.cl\/store\/wp-content\/uploads\/2020\/07\/7052-xfkywn.jpg\" alt=\"Molle t\u00e1ctico militar m\u00e9dica bolsa de primeros auxilios deporte al aire libre de Nylon multifunci\u00f3n accesorio de mochila ej\u00e9rcito EDC caza bolsa de herramientas\" \/><img decoding=\"async\" style=\"width: 930px;\" title=\"Molle t\u00e1ctico militar m\u00e9dica bolsa de primeros auxilios deporte al aire libre de Nylon multifunci\u00f3n accesorio de mochila ej\u00e9rcito EDC caza bolsa de herramientas\" src=\"https:\/\/bodegaoutdoor.cl\/store\/wp-content\/uploads\/2020\/07\/7052-huzcje.jpg\" alt=\"Molle t\u00e1ctico militar m\u00e9dica bolsa de primeros auxilios deporte al aire libre de Nylon multifunci\u00f3n accesorio de mochila ej\u00e9rcito EDC caza bolsa de herramientas\" \/><img decoding=\"async\" style=\"width: 930px;\" title=\"Molle t\u00e1ctico militar m\u00e9dica bolsa de primeros auxilios deporte al aire libre de Nylon multifunci\u00f3n accesorio de mochila ej\u00e9rcito EDC caza bolsa de herramientas\" src=\"https:\/\/bodegaoutdoor.cl\/store\/wp-content\/uploads\/2020\/07\/7052-gbnixk.jpg\" alt=\"Molle t\u00e1ctico militar m\u00e9dica bolsa de primeros auxilios deporte al aire libre de Nylon multifunci\u00f3n accesorio de mochila ej\u00e9rcito EDC caza bolsa de herramientas\" \/><img decoding=\"async\" style=\"width: 930px;\" title=\"Molle t\u00e1ctico militar m\u00e9dica bolsa de primeros auxilios deporte al aire libre de Nylon multifunci\u00f3n accesorio de mochila ej\u00e9rcito EDC caza bolsa de herramientas\" src=\"https:\/\/bodegaoutdoor.cl\/store\/wp-content\/uploads\/2020\/07\/7052-aapgln.jpg\" alt=\"Molle t\u00e1ctico militar m\u00e9dica bolsa de primeros auxilios deporte al aire libre de Nylon multifunci\u00f3n accesorio de mochila ej\u00e9rcito EDC caza bolsa de herramientas\" \/><img decoding=\"async\" style=\"width: 930px;\" title=\"Molle t\u00e1ctico militar m\u00e9dica bolsa de primeros auxilios deporte al aire libre de Nylon multifunci\u00f3n accesorio de mochila ej\u00e9rcito EDC caza bolsa de herramientas\" src=\"https:\/\/bodegaoutdoor.cl\/store\/wp-content\/uploads\/2020\/07\/7052-cxyhmj.jpg\" alt=\"Molle t\u00e1ctico militar m\u00e9dica bolsa de primeros auxilios deporte al aire libre de Nylon multifunci\u00f3n accesorio de mochila ej\u00e9rcito EDC caza bolsa de herramientas\" \/><img decoding=\"async\" style=\"width: 930px;\" title=\"Molle t\u00e1ctico militar m\u00e9dica bolsa de primeros auxilios deporte al aire libre de Nylon multifunci\u00f3n accesorio de mochila ej\u00e9rcito EDC caza bolsa de herramientas\" src=\"https:\/\/bodegaoutdoor.cl\/store\/wp-content\/uploads\/2020\/07\/7052-su0gl4.jpg\" alt=\"Molle t\u00e1ctico militar m\u00e9dica bolsa de primeros auxilios deporte al aire libre de Nylon multifunci\u00f3n accesorio de mochila ej\u00e9rcito EDC caza bolsa de herramientas\" \/><img decoding=\"async\" style=\"width: 930px;\" title=\"Molle t\u00e1ctico militar m\u00e9dica bolsa de primeros auxilios deporte al aire libre de Nylon multifunci\u00f3n accesorio de mochila ej\u00e9rcito EDC caza bolsa de herramientas\" src=\"https:\/\/bodegaoutdoor.cl\/store\/wp-content\/uploads\/2020\/07\/7052-3qmdzm.jpg\" alt=\"Molle t\u00e1ctico militar m\u00e9dica bolsa de primeros auxilios deporte al aire libre de Nylon multifunci\u00f3n accesorio de mochila ej\u00e9rcito EDC caza bolsa de herramientas\" \/><img decoding=\"async\" style=\"width: 930px;\" title=\"Molle t\u00e1ctico militar m\u00e9dica bolsa de primeros auxilios deporte al aire libre de Nylon multifunci\u00f3n accesorio de mochila ej\u00e9rcito EDC caza bolsa de herramientas\" src=\"https:\/\/bodegaoutdoor.cl\/store\/wp-content\/uploads\/2020\/07\/7052-atnehw.jpg\" alt=\"Molle t\u00e1ctico militar m\u00e9dica bolsa de primeros auxilios deporte al aire libre de Nylon multifunci\u00f3n accesorio de mochila ej\u00e9rcito EDC caza bolsa de herramientas\" \/><img decoding=\"async\" style=\"width: 930px;\" title=\"Molle t\u00e1ctico militar m\u00e9dica bolsa de primeros auxilios deporte al aire libre de Nylon multifunci\u00f3n accesorio de mochila ej\u00e9rcito EDC caza bolsa de herramientas\" src=\"https:\/\/bodegaoutdoor.cl\/store\/wp-content\/uploads\/2020\/07\/7052-ikoild.jpg\" alt=\"Molle t\u00e1ctico militar m\u00e9dica bolsa de primeros auxilios deporte al aire libre de Nylon multifunci\u00f3n accesorio de mochila ej\u00e9rcito EDC caza bolsa de herramientas\" \/><img decoding=\"async\" style=\"width: 930px;\" title=\"Molle t\u00e1ctico militar m\u00e9dica bolsa de primeros auxilios deporte al aire libre de Nylon multifunci\u00f3n accesorio de mochila ej\u00e9rcito EDC caza bolsa de herramientas\" src=\"https:\/\/bodegaoutdoor.cl\/store\/wp-content\/uploads\/2020\/07\/7052-7qiw1j.jpg\" alt=\"Molle t\u00e1ctico militar m\u00e9dica bolsa de primeros auxilios deporte al aire libre de Nylon multifunci\u00f3n accesorio de mochila ej\u00e9rcito EDC caza bolsa de herramientas\" \/><img decoding=\"async\" style=\"width: 930px;\" title=\"Molle t\u00e1ctico militar m\u00e9dica bolsa de primeros auxilios deporte al aire libre de Nylon multifunci\u00f3n accesorio de mochila ej\u00e9rcito EDC caza bolsa de herramientas\" src=\"https:\/\/bodegaoutdoor.cl\/store\/wp-content\/uploads\/2020\/07\/7052-ixoj2w.jpg\" alt=\"Molle t\u00e1ctico militar m\u00e9dica bolsa de primeros auxilios deporte al aire libre de Nylon multifunci\u00f3n accesorio de mochila ej\u00e9rcito EDC caza bolsa de herramientas\" \/><img decoding=\"async\" style=\"width: 930px;\" title=\"Molle t\u00e1ctico militar m\u00e9dica bolsa de primeros auxilios deporte al aire libre de Nylon multifunci\u00f3n accesorio de mochila ej\u00e9rcito EDC caza bolsa de herramientas\" src=\"https:\/\/bodegaoutdoor.cl\/store\/wp-content\/uploads\/2020\/07\/7052-bhrx6r.jpg\" alt=\"Molle t\u00e1ctico militar m\u00e9dica bolsa de primeros auxilios deporte al aire libre de Nylon multifunci\u00f3n accesorio de mochila ej\u00e9rcito EDC caza bolsa de herramientas\" \/><img decoding=\"async\" style=\"width: 930px;\" title=\"Molle t\u00e1ctico militar m\u00e9dica bolsa de primeros auxilios deporte al aire libre de Nylon multifunci\u00f3n accesorio de mochila ej\u00e9rcito EDC caza bolsa de herramientas\" src=\"https:\/\/bodegaoutdoor.cl\/store\/wp-content\/uploads\/2020\/07\/7052-wabcer.jpg\" alt=\"Molle t\u00e1ctico militar m\u00e9dica bolsa de primeros auxilios deporte al aire libre de Nylon multifunci\u00f3n accesorio de mochila ej\u00e9rcito EDC caza bolsa de herramientas\" \/><img decoding=\"async\" style=\"width: 930px;\" title=\"Molle t\u00e1ctico militar m\u00e9dica bolsa de primeros auxilios deporte al aire libre de Nylon multifunci\u00f3n accesorio de mochila ej\u00e9rcito EDC caza bolsa de herramientas\" src=\"https:\/\/bodegaoutdoor.cl\/store\/wp-content\/uploads\/2020\/07\/7052-6rana7.jpg\" alt=\"Molle t\u00e1ctico militar m\u00e9dica bolsa de primeros auxilios deporte al aire libre de Nylon multifunci\u00f3n accesorio de mochila ej\u00e9rcito EDC caza bolsa de herramientas\" \/><\/p>\n<p style=\"text-align: left; margin: 0;\">\n<\/div>\n<\/div>\n<\/div>\n<\/div>\n<\/div>\n<\/div>\n<\/div>\n<\/div>\n\n    <div class=\"xs_social_share_widget xs_share_url after_content \t\tmain_content  wslu-style-1 wslu-share-box-shaped wslu-fill-colored wslu-none wslu-share-horizontal wslu-theme-font-no wslu-main_content\">\n\n\t\t\n        <ul>\n\t\t\t        <\/ul>\n    <\/div> \n","protected":false},"excerpt":{"rendered":"<p>Especificaci\u00f3n : Estilo : Deporte, militar, t\u00e1ctico Material principal : Nylon Caracter\u00edsticas : T\u00e1ctico militar Molle m\u00e9dica bolsa de primeros auxilios deporte al aire libre de Nylon multifunci\u00f3n accesorio ej\u00e9rcito EDC caza bolsa de herramientas Tama\u00f1o: 25,5 cm * 19cm * 5,5 cm Color: Verde militar, negro, caqui, ACU,CP Lista de paquetes : 1 * [&hellip;]<\/p>\n","protected":false},"featured_media":7083,"comment_status":"open","ping_status":"closed","template":"","meta":{"jetpack_publicize_message":"","jetpack_publicize_feature_enabled":true,"jetpack_social_post_already_shared":true,"jetpack_social_options":{"image_generator_settings":{"template":"highway","enabled":false},"version":2}},"product_brand":[],"product_cat":[195,238],"product_tag":[],"class_list":{"0":"post-7052","1":"product","2":"type-product","3":"status-publish","4":"has-post-thumbnail","6":"product_cat-mochilas","7":"product_cat-mochilas-10-30-litros","9":"first","10":"instock","11":"sale","12":"taxable","13":"shipping-taxable","14":"purchasable","15":"product-type-variable"},"jetpack_publicize_connections":[],"jetpack_sharing_enabled":true,"_links":{"self":[{"href":"https:\/\/bodegaoutdoor.cl\/store\/wp-json\/wp\/v2\/product\/7052","targetHints":{"allow":["GET"]}}],"collection":[{"href":"https:\/\/bodegaoutdoor.cl\/store\/wp-json\/wp\/v2\/product"}],"about":[{"href":"https:\/\/bodegaoutdoor.cl\/store\/wp-json\/wp\/v2\/types\/product"}],"replies":[{"embeddable":true,"href":"https:\/\/bodegaoutdoor.cl\/store\/wp-json\/wp\/v2\/comments?post=7052"}],"version-history":[{"count":1,"href":"https:\/\/bodegaoutdoor.cl\/store\/wp-json\/wp\/v2\/product\/7052\/revisions"}],"predecessor-version":[{"id":71338,"href":"https:\/\/bodegaoutdoor.cl\/store\/wp-json\/wp\/v2\/product\/7052\/revisions\/71338"}],"wp:featuredmedia":[{"embeddable":true,"href":"https:\/\/bodegaoutdoor.cl\/store\/wp-json\/wp\/v2\/media\/7083"}],"wp:attachment":[{"href":"https:\/\/bodegaoutdoor.cl\/store\/wp-json\/wp\/v2\/media?parent=7052"}],"wp:term":[{"taxonomy":"product_brand","embeddable":true,"href":"https:\/\/bodegaoutdoor.cl\/store\/wp-json\/wp\/v2\/product_brand?post=7052"},{"taxonomy":"product_cat","embeddable":true,"href":"https:\/\/bodegaoutdoor.cl\/store\/wp-json\/wp\/v2\/product_cat?post=7052"},{"taxonomy":"product_tag","embeddable":true,"href":"https:\/\/bodegaoutdoor.cl\/store\/wp-json\/wp\/v2\/product_tag?post=7052"}],"curies":[{"name":"wp","href":"https:\/\/api.w.org\/{rel}","templated":true}]}}