{"id":71675,"date":"2023-05-05T18:58:13","date_gmt":"2023-05-05T22:58:13","guid":{"rendered":"https:\/\/bodegaoutdoor.cl\/store\/product\/mascarillas-tacticas-combinadas-gorra-de-beisbol-pasamontanas-militar-mascara-de-malla-estilo-ninja-media-cara-mascara-de-malla-de-acero-con-bajo-contenido-de-carbono\/"},"modified":"2023-05-05T19:08:42","modified_gmt":"2023-05-05T23:08:42","slug":"kit-balaclava-tactica-gorra-militar-mascara-de-malla-estilo-ninja-media-cara-mascara-de-malla-de-acero","status":"publish","type":"product","link":"https:\/\/bodegaoutdoor.cl\/store\/product\/kit-balaclava-tactica-gorra-militar-mascara-de-malla-estilo-ninja-media-cara-mascara-de-malla-de-acero\/","title":{"rendered":"Kit Balaclava Tactica + gorra militar, m\u00e1scara de malla estilo Ninja, media cara, m\u00e1scara de malla de acero con bajo contenido de carbono"},"content":{"rendered":"<p style=\"text-align: center;\"><video style=\"max-width: 100%;\" src=\"\/\/video.aliexpress-media.com\/play\/u\/ae_sg_item\/4049558524\/p\/1\/e\/6\/t\/10301\/342318197731.mp4\" poster=\"https:\/\/ae01.alicdn.com\/kf\/S9dff5929d1924163b35717ada8b07b120\/Mascarillas-t-cticas-combinadas-gorra-de-b-isbol-pasamonta-as-militar-m-scara-de-malla-estilo.jpg,https:\/\/ae01.alicdn.com\/kf\/S9080e55049fe4223864c1e3902f4e7b2d\/Mascarillas-t-cticas-combinadas-gorra-de-b-isbol-pasamonta-as-militar-m-scara-de-malla-estilo.jpg,https:\/\/ae01.alicdn.com\/kf\/S70b08487e7794bc49439a9b18431a5936\/Mascarillas-t-cticas-combinadas-gorra-de-b-isbol-pasamonta-as-militar-m-scara-de-malla-estilo.jpg,https:\/\/ae01.alicdn.com\/kf\/Sce2661b5a4a24f76a6ec5b809437e066q\/Mascarillas-t-cticas-combinadas-gorra-de-b-isbol-pasamonta-as-militar-m-scara-de-malla-estilo.jpg,https:\/\/ae01.alicdn.com\/kf\/Seda6517a11b24b01a71ba0f59cd3f3a5v\/Mascarillas-t-cticas-combinadas-gorra-de-b-isbol-pasamonta-as-militar-m-scara-de-malla-estilo.jpg,https:\/\/ae01.alicdn.com\/kf\/S08fb95e585ab4a6e8a79330c9a3d4f3bI\/Mascarillas-t-cticas-combinadas-gorra-de-b-isbol-pasamonta-as-militar-m-scara-de-malla-estilo.png\" preload=\"auto\" controls=\"controls\" width=\"100%\" height=\"100%\"><\/video><\/p>\n<div><\/div>\n<div>\n<div>\n<div>\n<p style=\"font-size: 24px; font-weight: bold; text-align: left; width: 100%;\" align=\"left\">Tipo 1<\/p>\n<p style=\"font-size: 12px; font-weight: normal; text-align: left; width: 100%;\" align=\"left\">Combinaci\u00f3n m\u00e1scara con tapa<\/p>\n<\/div>\n<div>\n<div>\n<div><\/div>\n<div>\n<div>\n<div>\n<p><img decoding=\"async\" style=\"width: 512px;\" src=\"\/\/ae01.alicdn.com\/kf\/Sedd61234d9d24880a34006c512f83d68U.jpg\" width=\"512px\" \/><\/p>\n<div><img decoding=\"async\" src=\"\/\/ae01.alicdn.com\/kf\/S0308cf0fa4d748d4bd47ea7873bdc673j.jpg\" \/><\/div>\n<p>&nbsp;<\/p>\n<div><img decoding=\"async\" src=\"\/\/ae01.alicdn.com\/kf\/Sfacd15e894604e72abf45ba04fff2c39V.jpg\" \/><br \/>\n<img decoding=\"async\" src=\"\/\/ae01.alicdn.com\/kf\/S1cf102fd79694ba6bd459143c626cde28.jpg\" \/><br \/>\n<img decoding=\"async\" src=\"\/\/ae01.alicdn.com\/kf\/S05fbdb5c5d5845369d006150a43f1411M.jpg\" \/><br \/>\n<img decoding=\"async\" src=\"\/\/ae01.alicdn.com\/kf\/S16f58633d0b34a7bae19f222b065cf81v.jpg\" \/><br \/>\n<img decoding=\"async\" src=\"\/\/ae01.alicdn.com\/kf\/S159f8896783542cf960241f95efeac79B.jpg\" \/><br \/>\n<img decoding=\"async\" src=\"\/\/ae01.alicdn.com\/kf\/S03d1d6c794694f36a7a9985b09692f38L.jpg\" \/><br \/>\n<img decoding=\"async\" src=\"\/\/ae01.alicdn.com\/kf\/S4a679265167c46c99055473021546f96A.jpg\" \/><br \/>\n<img decoding=\"async\" src=\"\/\/ae01.alicdn.com\/kf\/S7c50f7eec6f847dd8b364beccf0e7cffc.jpg\" \/><br \/>\n<img decoding=\"async\" src=\"\/\/ae01.alicdn.com\/kf\/Sfde04c95a88745a18783d9f5b481e755I.jpg\" \/><\/div>\n<\/div>\n<div>\n<p style=\"font-family: OpenSans; font-size: 14px; font-weight: 300; line-height: 20px; margin-bottom: 12px;\">De caracter\u00edsticas:<\/p>\n<p>1. Tipo de art\u00edculo: t\u00e1ctica gorra de b\u00e9isbol\/sombrero<\/p>\n<p>2.Color: balck, camuflaje de bosque, Camuflaje digital de bosque, camuflaje del desierto, Camuflaje digital del desierto, ACU<\/p>\n<p>3.Material: POLI\u00c9STER + nailon<\/p>\n<p>4, peso: 0,15 kg<\/p>\n<p>5. Estaciones: todas las estaciones<\/p>\n<div><img decoding=\"async\" src=\"\/\/ae01.alicdn.com\/kf\/S9f649fa3a29d41ceb367c255e36b0521p.jpg\" \/><br \/>\n<img decoding=\"async\" src=\"\/\/ae01.alicdn.com\/kf\/S2b6c0be01f9a47d5a182070ec45f3d38f.jpg\" \/><\/div>\n<\/div>\n<div>\n<p style=\"font-family: OpenSans; font-size: 20px; font-weight: 900; line-height: 28px; margin-bottom: 12px;\">Caracter\u00edstica<\/p>\n<p style=\"font-family: OpenSans; font-size: 14px; font-weight: 300; line-height: 20px; margin-bottom: 12px;\">Color del producto: ver los siguientes detalles<br \/>\nTama\u00f1o del producto: 42x16cm<br \/>\nEscena aplicable: actividades al aire libre<br \/>\nComponente del producto: una m\u00e1scara<br \/>\nPeso del producto: Aproximadamente 136g<br \/>\nMaterial principal: malla de acero con bajo contenido de carbono respetuosa con el medio ambiente y nailon 1000D<br \/>\nResistencia al impacto: el producto pas\u00f3 la prueba de ca\u00edda de bola ANSI Z80.3. A una temperatura de-10celsius-42celsius, la resistencia al impacto alcanza 600FPS.<\/p>\n<div><img decoding=\"async\" src=\"\/\/ae01.alicdn.com\/kf\/S7d815a1917ed44569f699cd703e161ab4.jpg\" \/><br \/>\n<img decoding=\"async\" src=\"\/\/ae01.alicdn.com\/kf\/S803986d7603a46ad902e104c23b7f0a06.jpg\" \/><br \/>\n<img decoding=\"async\" src=\"\/\/ae01.alicdn.com\/kf\/S17d9028406eb4213b1ae44561c642ac2V.jpg\" \/><br \/>\n<img decoding=\"async\" src=\"\/\/ae01.alicdn.com\/kf\/S8320e186e2904860ad376ae02e66e1c73.jpg\" \/><\/div>\n<\/div>\n<div><img decoding=\"async\" src=\"\/\/ae01.alicdn.com\/kf\/S7ef9cfc580b644f1ab97cb8e7ce22998l.jpg\" \/><\/div>\n<div><\/div>\n<\/div>\n<\/div>\n<\/div>\n<\/div>\n<div>\n<p style=\"font-size: 24px; font-weight: bold; text-align: left; width: 100%;\" align=\"left\">Tipo 2<\/p>\n<p style=\"font-size: 12px; font-weight: normal; text-align: left; width: 100%;\" align=\"left\">Capucha t\u00e1ctica con m\u00e1scara de malla: tela de poli\u00e9ster ligera, duradera y altamente transpirable.<br \/>\nProtecci\u00f3n firme de cara y dientes que no se desliza; La m\u00e1scara de malla se prueba a 800FPS de resistencia al impacto en entornos de 14 \u00b0F a 107,6 \u00b0F<br \/>\nC\u00f3modo y transpirable: ofrece una protecci\u00f3n eficaz para la nariz y la boca, especialmente en verano.<br \/>\nLa talla \u00fanica se adapta a la mayor\u00eda con un dise\u00f1o altamente flexible para ofrecer la m\u00e1xima comodidad<\/p>\n<div>\n<div>\n<div id=\"341824756282\" data-previewurl=\"\/\/img.alicdn.com\/imgextra\/i4\/6000000006526\/O1CN015Kpgcl1y4xSPbpfQW_!!6000000006526-0-tbvideo.jpg\"><\/div>\n<\/div>\n<\/div>\n<\/div>\n<div><img decoding=\"async\" src=\"\/\/ae01.alicdn.com\/kf\/Sa7447508e429406faeedf131129d641d6.jpg\" \/><br \/>\n<img decoding=\"async\" src=\"\/\/ae01.alicdn.com\/kf\/S558be257c20b4107a2a34fc990cc137d9.jpg\" \/><br \/>\n<img decoding=\"async\" src=\"\/\/ae01.alicdn.com\/kf\/Seda6517a11b24b01a71ba0f59cd3f3a5v.jpg\" \/><br \/>\n<img decoding=\"async\" src=\"\/\/ae01.alicdn.com\/kf\/Sd239c95c8e344f5da1aee2e3ab15fb5al.jpg\" \/><br \/>\n<img decoding=\"async\" src=\"\/\/ae01.alicdn.com\/kf\/Sce2661b5a4a24f76a6ec5b809437e066q.jpg\" \/><br \/>\n<img decoding=\"async\" src=\"\/\/ae01.alicdn.com\/kf\/S08fb95e585ab4a6e8a79330c9a3d4f3bI.png\" \/><br \/>\n<img decoding=\"async\" src=\"\/\/ae01.alicdn.com\/kf\/S0fceddffd1884078813e0b301f24d7de2.jpg\" \/><\/div>\n<p>&nbsp;<\/p>\n<\/div>\n<\/div>\n\n    <div class=\"xs_social_share_widget xs_share_url after_content \t\tmain_content  wslu-style-1 wslu-share-box-shaped wslu-fill-colored wslu-none wslu-share-horizontal wslu-theme-font-no wslu-main_content\">\n\n\t\t\n        <ul>\n\t\t\t        <\/ul>\n    <\/div> \n","protected":false},"excerpt":{"rendered":"<p>Tipo 1 Combinaci\u00f3n m\u00e1scara con tapa &nbsp; De caracter\u00edsticas: 1. Tipo de art\u00edculo: t\u00e1ctica gorra de b\u00e9isbol\/sombrero 2.Color: balck, camuflaje de bosque, Camuflaje digital de bosque, camuflaje del desierto, Camuflaje digital del desierto, ACU 3.Material: POLI\u00c9STER + nailon 4, peso: 0,15 kg 5. Estaciones: todas las estaciones Caracter\u00edstica Color del producto: ver los siguientes detalles [&hellip;]<\/p>\n","protected":false},"featured_media":71692,"comment_status":"open","ping_status":"closed","template":"","meta":{"jetpack_publicize_message":"","jetpack_publicize_feature_enabled":true,"jetpack_social_post_already_shared":true,"jetpack_social_options":{"image_generator_settings":{"template":"highway","enabled":false},"version":2}},"product_brand":[],"product_cat":[3859],"product_tag":[],"class_list":{"0":"post-71675","1":"product","2":"type-product","3":"status-publish","4":"has-post-thumbnail","6":"product_cat-kit-oferta","8":"first","9":"instock","10":"sale","11":"taxable","12":"shipping-taxable","13":"purchasable","14":"product-type-variable"},"jetpack_publicize_connections":[],"jetpack_sharing_enabled":true,"_links":{"self":[{"href":"https:\/\/bodegaoutdoor.cl\/store\/wp-json\/wp\/v2\/product\/71675","targetHints":{"allow":["GET"]}}],"collection":[{"href":"https:\/\/bodegaoutdoor.cl\/store\/wp-json\/wp\/v2\/product"}],"about":[{"href":"https:\/\/bodegaoutdoor.cl\/store\/wp-json\/wp\/v2\/types\/product"}],"replies":[{"embeddable":true,"href":"https:\/\/bodegaoutdoor.cl\/store\/wp-json\/wp\/v2\/comments?post=71675"}],"version-history":[{"count":28,"href":"https:\/\/bodegaoutdoor.cl\/store\/wp-json\/wp\/v2\/product\/71675\/revisions"}],"predecessor-version":[{"id":71761,"href":"https:\/\/bodegaoutdoor.cl\/store\/wp-json\/wp\/v2\/product\/71675\/revisions\/71761"}],"wp:featuredmedia":[{"embeddable":true,"href":"https:\/\/bodegaoutdoor.cl\/store\/wp-json\/wp\/v2\/media\/71692"}],"wp:attachment":[{"href":"https:\/\/bodegaoutdoor.cl\/store\/wp-json\/wp\/v2\/media?parent=71675"}],"wp:term":[{"taxonomy":"product_brand","embeddable":true,"href":"https:\/\/bodegaoutdoor.cl\/store\/wp-json\/wp\/v2\/product_brand?post=71675"},{"taxonomy":"product_cat","embeddable":true,"href":"https:\/\/bodegaoutdoor.cl\/store\/wp-json\/wp\/v2\/product_cat?post=71675"},{"taxonomy":"product_tag","embeddable":true,"href":"https:\/\/bodegaoutdoor.cl\/store\/wp-json\/wp\/v2\/product_tag?post=71675"}],"curies":[{"name":"wp","href":"https:\/\/api.w.org\/{rel}","templated":true}]}}