{"id":74251,"date":"2023-05-08T19:33:04","date_gmt":"2023-05-08T23:33:04","guid":{"rendered":"https:\/\/bodegaoutdoor.cl\/store\/product\/chaqueta-de-lana-calida-para-hombre-jersey-a-prueba-de-viento-para-deportes-al-aire-libre-de-senderismo-abrigo-termico-ropa-de-entrenamiento-tactico-del-ejercito-invierno\/"},"modified":"2023-05-08T19:37:22","modified_gmt":"2023-05-08T23:37:22","slug":"poleron-polar-termico-para-deportes-senderismo-ropa-de-invierno-montana","status":"publish","type":"product","link":"https:\/\/bodegaoutdoor.cl\/store\/product\/poleron-polar-termico-para-deportes-senderismo-ropa-de-invierno-montana\/","title":{"rendered":"Poleron Polar t\u00e9rmico para deportes  senderismo,  ropa de Invierno, Monta\u00f1a"},"content":{"rendered":"<div>\n<div>\n<p style=\"text-align: center;\"><span style=\"font-size: 24px;\"><strong>Chaqueta de lana c\u00e1lida de invierno para hombre, Jersey, Tops, deportes al aire libre, senderismo, abrigo a prueba de viento, forro t\u00e9rmico, ropa de entrenamiento t\u00e1ctico del ej\u00e9rcito<\/strong><\/span><\/p>\n<p style=\"text-align: center;\"><img decoding=\"async\" src=\"https:\/\/bodegaoutdoor.cl\/store\/wp-content\/uploads\/2023\/05\/74251-jxmphs.jpg\" \/><\/p>\n<p style=\"text-align: center;\"><img fetchpriority=\"high\" decoding=\"async\" src=\"https:\/\/bodegaoutdoor.cl\/store\/wp-content\/uploads\/2023\/05\/74251-fifpgy.jpg\" width=\"790\" height=\"790\" \/><\/p>\n<p><img decoding=\"async\" src=\"https:\/\/bodegaoutdoor.cl\/store\/wp-content\/uploads\/2023\/05\/74251-wfehqm.jpg\" width=\"790\" height=\"790\" \/><\/p>\n<p><img decoding=\"async\" src=\"https:\/\/bodegaoutdoor.cl\/store\/wp-content\/uploads\/2023\/05\/74251-dxpqpy.jpg\" width=\"790\" height=\"790\" \/><\/p>\n<p><img loading=\"lazy\" decoding=\"async\" src=\"\/\/ae01.alicdn.com\/kf\/H040f267840844edea6c2a73253367e82F.jpg\" width=\"790\" height=\"790\" \/><br \/>\n<img decoding=\"async\" src=\"\/\/ae01.alicdn.com\/kf\/H22ccea7a1d3649a389dbc07836bd7aefA.jpg\" \/><img decoding=\"async\" src=\"\/\/ae01.alicdn.com\/kf\/Ha570c1dd02d0444299a7051eae199a69X.jpg\" \/><img decoding=\"async\" src=\"\/\/ae01.alicdn.com\/kf\/H41aadabf0b8a48b79f7eba007b535795B.jpg\" \/><img decoding=\"async\" src=\"\/\/ae01.alicdn.com\/kf\/H22562eac57e14e0d91ec3f5a9770bb15D.jpg\" \/><img decoding=\"async\" src=\"\/\/ae01.alicdn.com\/kf\/H69cea6370be4459a9be0462f62c6fb54c.jpg\" \/><img decoding=\"async\" src=\"\/\/ae01.alicdn.com\/kf\/H6ac151c0e1694d8089ad134ebcac4bddI.jpg\" \/><img decoding=\"async\" src=\"\/\/ae01.alicdn.com\/kf\/Ha22333adb7d149e6b2cf81389db97f79a.jpg\" \/><\/p>\n<\/div>\n<\/div>\n\n    <div class=\"xs_social_share_widget xs_share_url after_content \t\tmain_content  wslu-style-1 wslu-share-box-shaped wslu-fill-colored wslu-none wslu-share-horizontal wslu-theme-font-no wslu-main_content\">\n\n\t\t\n        <ul>\n\t\t\t        <\/ul>\n    <\/div> \n","protected":false},"excerpt":{"rendered":"<p>Chaqueta de lana c\u00e1lida de invierno para hombre, Jersey, Tops, deportes al aire libre, senderismo, abrigo a prueba de viento, forro t\u00e9rmico, ropa de entrenamiento t\u00e1ctico del ej\u00e9rcito<\/p>\n","protected":false},"featured_media":74272,"comment_status":"open","ping_status":"closed","template":"","meta":{"jetpack_publicize_message":"","jetpack_publicize_feature_enabled":true,"jetpack_social_post_already_shared":true,"jetpack_social_options":{"image_generator_settings":{"template":"highway","enabled":false},"version":2}},"product_brand":[],"product_cat":[72,62],"product_tag":[],"class_list":{"0":"post-74251","1":"product","2":"type-product","3":"status-publish","4":"has-post-thumbnail","6":"product_cat-hombre-segunda","7":"product_cat-vestuario-hombre","9":"first","10":"instock","11":"sale","12":"taxable","13":"shipping-taxable","14":"purchasable","15":"product-type-variable"},"jetpack_publicize_connections":[],"jetpack_sharing_enabled":true,"_links":{"self":[{"href":"https:\/\/bodegaoutdoor.cl\/store\/wp-json\/wp\/v2\/product\/74251","targetHints":{"allow":["GET"]}}],"collection":[{"href":"https:\/\/bodegaoutdoor.cl\/store\/wp-json\/wp\/v2\/product"}],"about":[{"href":"https:\/\/bodegaoutdoor.cl\/store\/wp-json\/wp\/v2\/types\/product"}],"replies":[{"embeddable":true,"href":"https:\/\/bodegaoutdoor.cl\/store\/wp-json\/wp\/v2\/comments?post=74251"}],"version-history":[{"count":15,"href":"https:\/\/bodegaoutdoor.cl\/store\/wp-json\/wp\/v2\/product\/74251\/revisions"}],"predecessor-version":[{"id":74307,"href":"https:\/\/bodegaoutdoor.cl\/store\/wp-json\/wp\/v2\/product\/74251\/revisions\/74307"}],"wp:featuredmedia":[{"embeddable":true,"href":"https:\/\/bodegaoutdoor.cl\/store\/wp-json\/wp\/v2\/media\/74272"}],"wp:attachment":[{"href":"https:\/\/bodegaoutdoor.cl\/store\/wp-json\/wp\/v2\/media?parent=74251"}],"wp:term":[{"taxonomy":"product_brand","embeddable":true,"href":"https:\/\/bodegaoutdoor.cl\/store\/wp-json\/wp\/v2\/product_brand?post=74251"},{"taxonomy":"product_cat","embeddable":true,"href":"https:\/\/bodegaoutdoor.cl\/store\/wp-json\/wp\/v2\/product_cat?post=74251"},{"taxonomy":"product_tag","embeddable":true,"href":"https:\/\/bodegaoutdoor.cl\/store\/wp-json\/wp\/v2\/product_tag?post=74251"}],"curies":[{"name":"wp","href":"https:\/\/api.w.org\/{rel}","templated":true}]}}