{"id":74633,"date":"2023-05-30T17:48:45","date_gmt":"2023-05-30T21:48:45","guid":{"rendered":"https:\/\/bodegaoutdoor.cl\/store\/product\/west-biking-pasamontanas-de-terciopelo-gorro-bufanda-calida-cubierta-de-cara-completa-sombrero-escalada-pesca-patinaje-ciclismo-correr-invierno\/"},"modified":"2024-07-09T15:00:21","modified_gmt":"2024-07-09T19:00:21","slug":"west-biking-pasamontanas-balaclava-ciclismo-correr-invierno","status":"publish","type":"product","link":"https:\/\/bodegaoutdoor.cl\/store\/product\/west-biking-pasamontanas-balaclava-ciclismo-correr-invierno\/","title":{"rendered":"WEST BIKING Pasamonta\u00f1as Balaclava Ciclismo, Correr, Invierno"},"content":{"rendered":"<p style=\"text-align: center;\"><video style=\"max-width: 100%;\" src=\"\/\/video.aliexpress-media.com\/play\/u\/ae_sg_item\/2206463279446\/p\/1\/e\/6\/t\/10301\/1100145766937.mp4\" poster=\"https:\/\/ae01.alicdn.com\/kf\/Sf83a98075dd44fb190c8082a50f029f7Q\/WEST-BIKING-Pasamonta-as-de-Terciopelo-Gorro-Bufanda-C-lida-Cubierta-de-Cara-Completa-Sombrero-Escalada.jpg,https:\/\/ae01.alicdn.com\/kf\/S0155f046b55d437bba3f9b72f6d3b3d3k\/WEST-BIKING-Pasamonta-as-de-Terciopelo-Gorro-Bufanda-C-lida-Cubierta-de-Cara-Completa-Sombrero-Escalada.jpg,https:\/\/ae01.alicdn.com\/kf\/S5b37b94cb1624617af682f4d20c2a8f7p\/WEST-BIKING-Pasamonta-as-de-Terciopelo-Gorro-Bufanda-C-lida-Cubierta-de-Cara-Completa-Sombrero-Escalada.jpg,https:\/\/ae01.alicdn.com\/kf\/S39b394b1654e425daf2031fa68d3db7cJ\/WEST-BIKING-Pasamonta-as-de-Terciopelo-Gorro-Bufanda-C-lida-Cubierta-de-Cara-Completa-Sombrero-Escalada.jpg,https:\/\/ae01.alicdn.com\/kf\/S09ec745ae6ef41148dde20918572af38K\/WEST-BIKING-Pasamonta-as-de-Terciopelo-Gorro-Bufanda-C-lida-Cubierta-de-Cara-Completa-Sombrero-Escalada.jpg,https:\/\/ae01.alicdn.com\/kf\/S7bf744fb235b4523921493a29cdfc983S\/WEST-BIKING-Pasamonta-as-de-Terciopelo-Gorro-Bufanda-C-lida-Cubierta-de-Cara-Completa-Sombrero-Escalada.jpg\" preload=\"auto\" controls=\"controls\" width=\"100%\" height=\"100%\"><\/video><\/p>\n<p><span style=\"font-size: 20px;\"><strong id=\"tl_1\">Informaci\u00f3n del producto<\/strong><\/span><\/p>\n<p><strong id=\"tl_2\">Caracter\u00edstica:<\/strong><\/p>\n<p id=\"tl_3\">La tela tiene buena elasticidad y es c\u00e1lida y c\u00f3moda, adecuada para ciclismo en oto\u00f1o e invierno.<\/p>\n<p><strong id=\"tl_4\">Especificaci\u00f3n:<\/strong><\/p>\n<p id=\"tl_5\">1. \u3010Nombre del producto\u3011Mascarilla facial c\u00e1lida y resistente al viento para ciclismo<\/p>\n<p id=\"tl_6\">2. \u3010Material\u3011Tejido a prueba de viento, vell\u00f3n<\/p>\n<p id=\"tl_7\">3. \u3010Circunferencia DE LA cabeza\u3011 52-62cm<\/p>\n<p id=\"tl_8\">4. \u3010Color\u3011Negro<\/p>\n<p id=\"tl_9\">5. \u3010Tama\u00f1o\u3011talla \u00fanica universal<\/p>\n<p id=\"tl_10\">6. \u3010Adecuado para\u3011Ciclismo, escalada, senderismo, etc.<\/p>\n<p id=\"tl_11\"><strong>Paquete incluido:<\/strong>1 x m\u00e1scara facial completa<\/p>\n<p><span id=\"tl_12\">NOTA: Tejido el\u00e1stico, talla \u00fanica, mide la circunferencia de tu cabeza antes de comprar.<\/span><\/p>\n<p><img decoding=\"async\" title=\"WEST BIKING Pasamonta\u00f1as de Terciopelo, Gorro, Bufanda C\u00e1lida, Cubierta de Cara Completa, Sombrero, Escalada, Pesca, Patinaje, Ciclismo, Correr, Invierno\" src=\"https:\/\/bodegaoutdoor.cl\/store\/wp-content\/uploads\/2023\/05\/74633-clfqy6.jpg\" alt=\"WEST BIKING Pasamonta\u00f1as de Terciopelo, Gorro, Bufanda C\u00e1lida, Cubierta de Cara Completa, Sombrero, Escalada, Pesca, Patinaje, Ciclismo, Correr, Invierno\" \/><img decoding=\"async\" title=\"WEST BIKING Pasamonta\u00f1as de Terciopelo, Gorro, Bufanda C\u00e1lida, Cubierta de Cara Completa, Sombrero, Escalada, Pesca, Patinaje, Ciclismo, Correr, Invierno\" src=\"https:\/\/bodegaoutdoor.cl\/store\/wp-content\/uploads\/2023\/05\/74633-h74u7p.jpg\" alt=\"WEST BIKING Pasamonta\u00f1as de Terciopelo, Gorro, Bufanda C\u00e1lida, Cubierta de Cara Completa, Sombrero, Escalada, Pesca, Patinaje, Ciclismo, Correr, Invierno\" \/><img decoding=\"async\" title=\"WEST BIKING Pasamonta\u00f1as de Terciopelo, Gorro, Bufanda C\u00e1lida, Cubierta de Cara Completa, Sombrero, Escalada, Pesca, Patinaje, Ciclismo, Correr, Invierno\" src=\"https:\/\/bodegaoutdoor.cl\/store\/wp-content\/uploads\/2023\/05\/74633-h1utd2.jpg\" alt=\"WEST BIKING Pasamonta\u00f1as de Terciopelo, Gorro, Bufanda C\u00e1lida, Cubierta de Cara Completa, Sombrero, Escalada, Pesca, Patinaje, Ciclismo, Correr, Invierno\" \/><img decoding=\"async\" title=\"WEST BIKING Pasamonta\u00f1as de Terciopelo, Gorro, Bufanda C\u00e1lida, Cubierta de Cara Completa, Sombrero, Escalada, Pesca, Patinaje, Ciclismo, Correr, Invierno\" src=\"https:\/\/bodegaoutdoor.cl\/store\/wp-content\/uploads\/2023\/05\/74633-i5rrcz.jpg\" alt=\"WEST BIKING Pasamonta\u00f1as de Terciopelo, Gorro, Bufanda C\u00e1lida, Cubierta de Cara Completa, Sombrero, Escalada, Pesca, Patinaje, Ciclismo, Correr, Invierno\" \/><img decoding=\"async\" title=\"WEST BIKING Pasamonta\u00f1as de Terciopelo, Gorro, Bufanda C\u00e1lida, Cubierta de Cara Completa, Sombrero, Escalada, Pesca, Patinaje, Ciclismo, Correr, Invierno\" src=\"https:\/\/bodegaoutdoor.cl\/store\/wp-content\/uploads\/2023\/05\/74633-fz69mg.jpg\" alt=\"WEST BIKING Pasamonta\u00f1as de Terciopelo, Gorro, Bufanda C\u00e1lida, Cubierta de Cara Completa, Sombrero, Escalada, Pesca, Patinaje, Ciclismo, Correr, Invierno\" \/><img decoding=\"async\" title=\"WEST BIKING Pasamonta\u00f1as de Terciopelo, Gorro, Bufanda C\u00e1lida, Cubierta de Cara Completa, Sombrero, Escalada, Pesca, Patinaje, Ciclismo, Correr, Invierno\" src=\"https:\/\/bodegaoutdoor.cl\/store\/wp-content\/uploads\/2023\/05\/74633-fru59h.jpg\" alt=\"WEST BIKING Pasamonta\u00f1as de Terciopelo, Gorro, Bufanda C\u00e1lida, Cubierta de Cara Completa, Sombrero, Escalada, Pesca, Patinaje, Ciclismo, Correr, Invierno\" \/><img decoding=\"async\" title=\"WEST BIKING Pasamonta\u00f1as de Terciopelo, Gorro, Bufanda C\u00e1lida, Cubierta de Cara Completa, Sombrero, Escalada, Pesca, Patinaje, Ciclismo, Correr, Invierno\" src=\"https:\/\/bodegaoutdoor.cl\/store\/wp-content\/uploads\/2023\/05\/74633-z7ulvc.jpg\" alt=\"WEST BIKING Pasamonta\u00f1as de Terciopelo, Gorro, Bufanda C\u00e1lida, Cubierta de Cara Completa, Sombrero, Escalada, Pesca, Patinaje, Ciclismo, Correr, Invierno\" \/><img decoding=\"async\" title=\"WEST BIKING Pasamonta\u00f1as de Terciopelo, Gorro, Bufanda C\u00e1lida, Cubierta de Cara Completa, Sombrero, Escalada, Pesca, Patinaje, Ciclismo, Correr, Invierno\" src=\"https:\/\/bodegaoutdoor.cl\/store\/wp-content\/uploads\/2023\/05\/74633-dhog5o.jpg\" alt=\"WEST BIKING Pasamonta\u00f1as de Terciopelo, Gorro, Bufanda C\u00e1lida, Cubierta de Cara Completa, Sombrero, Escalada, Pesca, Patinaje, Ciclismo, Correr, Invierno\" \/><img decoding=\"async\" title=\"WEST BIKING Pasamonta\u00f1as de Terciopelo, Gorro, Bufanda C\u00e1lida, Cubierta de Cara Completa, Sombrero, Escalada, Pesca, Patinaje, Ciclismo, Correr, Invierno\" src=\"https:\/\/bodegaoutdoor.cl\/store\/wp-content\/uploads\/2023\/05\/74633-oo0pvu.jpg\" alt=\"WEST BIKING Pasamonta\u00f1as de Terciopelo, Gorro, Bufanda C\u00e1lida, Cubierta de Cara Completa, Sombrero, Escalada, Pesca, Patinaje, Ciclismo, Correr, Invierno\" \/><img decoding=\"async\" title=\"WEST BIKING Pasamonta\u00f1as de Terciopelo, Gorro, Bufanda C\u00e1lida, Cubierta de Cara Completa, Sombrero, Escalada, Pesca, Patinaje, Ciclismo, Correr, Invierno\" src=\"https:\/\/bodegaoutdoor.cl\/store\/wp-content\/uploads\/2023\/05\/74633-9jmlcp.jpg\" alt=\"WEST BIKING Pasamonta\u00f1as de Terciopelo, Gorro, Bufanda C\u00e1lida, Cubierta de Cara Completa, Sombrero, Escalada, Pesca, Patinaje, Ciclismo, Correr, Invierno\" \/><img decoding=\"async\" title=\"WEST BIKING Pasamonta\u00f1as de Terciopelo, Gorro, Bufanda C\u00e1lida, Cubierta de Cara Completa, Sombrero, Escalada, Pesca, Patinaje, Ciclismo, Correr, Invierno\" src=\"https:\/\/bodegaoutdoor.cl\/store\/wp-content\/uploads\/2023\/05\/74633-m6sibr.jpg\" alt=\"WEST BIKING Pasamonta\u00f1as de Terciopelo, Gorro, Bufanda C\u00e1lida, Cubierta de Cara Completa, Sombrero, Escalada, Pesca, Patinaje, Ciclismo, Correr, Invierno\" \/><img decoding=\"async\" title=\"WEST BIKING Pasamonta\u00f1as de Terciopelo, Gorro, Bufanda C\u00e1lida, Cubierta de Cara Completa, Sombrero, Escalada, Pesca, Patinaje, Ciclismo, Correr, Invierno\" src=\"https:\/\/bodegaoutdoor.cl\/store\/wp-content\/uploads\/2023\/05\/74633-bzf8rp.jpg\" alt=\"WEST BIKING Pasamonta\u00f1as de Terciopelo, Gorro, Bufanda C\u00e1lida, Cubierta de Cara Completa, Sombrero, Escalada, Pesca, Patinaje, Ciclismo, Correr, Invierno\" \/><img decoding=\"async\" title=\"WEST BIKING Pasamonta\u00f1as de Terciopelo, Gorro, Bufanda C\u00e1lida, Cubierta de Cara Completa, Sombrero, Escalada, Pesca, Patinaje, Ciclismo, Correr, Invierno\" src=\"https:\/\/bodegaoutdoor.cl\/store\/wp-content\/uploads\/2023\/05\/74633-mqb1th.jpg\" alt=\"WEST BIKING Pasamonta\u00f1as de Terciopelo, Gorro, Bufanda C\u00e1lida, Cubierta de Cara Completa, Sombrero, Escalada, Pesca, Patinaje, Ciclismo, Correr, Invierno\" \/><\/p>\n\n    <div class=\"xs_social_share_widget xs_share_url after_content \t\tmain_content  wslu-style-1 wslu-share-box-shaped wslu-fill-colored wslu-none wslu-share-horizontal wslu-theme-font-no wslu-main_content\">\n\n\t\t\n        <ul>\n\t\t\t        <\/ul>\n    <\/div> \n","protected":false},"excerpt":{"rendered":"<p>Informaci\u00f3n del producto Caracter\u00edstica: La tela tiene buena elasticidad y es c\u00e1lida y c\u00f3moda, adecuada para ciclismo en oto\u00f1o e invierno. Especificaci\u00f3n: 1. \u3010Nombre del producto\u3011Mascarilla facial c\u00e1lida y resistente al viento para ciclismo 2. \u3010Material\u3011Tejido a prueba de viento, vell\u00f3n 3. \u3010Circunferencia DE LA cabeza\u3011 52-62cm 4. \u3010Color\u3011Negro 5. \u3010Tama\u00f1o\u3011talla \u00fanica universal 6. \u3010Adecuado [&hellip;]<\/p>\n","protected":false},"featured_media":74635,"comment_status":"open","ping_status":"closed","template":"","meta":{"jetpack_publicize_message":"","jetpack_publicize_feature_enabled":true,"jetpack_social_post_already_shared":true,"jetpack_social_options":{"image_generator_settings":{"template":"highway","enabled":false},"version":2}},"product_brand":[],"product_cat":[1295],"product_tag":[],"class_list":{"0":"post-74633","1":"product","2":"type-product","3":"status-publish","4":"has-post-thumbnail","6":"product_cat-ciclismo","8":"first","9":"instock","10":"sale","11":"taxable","12":"shipping-taxable","13":"purchasable","14":"product-type-variable"},"jetpack_publicize_connections":[],"jetpack_sharing_enabled":true,"_links":{"self":[{"href":"https:\/\/bodegaoutdoor.cl\/store\/wp-json\/wp\/v2\/product\/74633","targetHints":{"allow":["GET"]}}],"collection":[{"href":"https:\/\/bodegaoutdoor.cl\/store\/wp-json\/wp\/v2\/product"}],"about":[{"href":"https:\/\/bodegaoutdoor.cl\/store\/wp-json\/wp\/v2\/types\/product"}],"replies":[{"embeddable":true,"href":"https:\/\/bodegaoutdoor.cl\/store\/wp-json\/wp\/v2\/comments?post=74633"}],"version-history":[{"count":17,"href":"https:\/\/bodegaoutdoor.cl\/store\/wp-json\/wp\/v2\/product\/74633\/revisions"}],"predecessor-version":[{"id":74671,"href":"https:\/\/bodegaoutdoor.cl\/store\/wp-json\/wp\/v2\/product\/74633\/revisions\/74671"}],"wp:featuredmedia":[{"embeddable":true,"href":"https:\/\/bodegaoutdoor.cl\/store\/wp-json\/wp\/v2\/media\/74635"}],"wp:attachment":[{"href":"https:\/\/bodegaoutdoor.cl\/store\/wp-json\/wp\/v2\/media?parent=74633"}],"wp:term":[{"taxonomy":"product_brand","embeddable":true,"href":"https:\/\/bodegaoutdoor.cl\/store\/wp-json\/wp\/v2\/product_brand?post=74633"},{"taxonomy":"product_cat","embeddable":true,"href":"https:\/\/bodegaoutdoor.cl\/store\/wp-json\/wp\/v2\/product_cat?post=74633"},{"taxonomy":"product_tag","embeddable":true,"href":"https:\/\/bodegaoutdoor.cl\/store\/wp-json\/wp\/v2\/product_tag?post=74633"}],"curies":[{"name":"wp","href":"https:\/\/api.w.org\/{rel}","templated":true}]}}