{"id":76175,"date":"2023-07-01T12:13:43","date_gmt":"2023-07-01T16:13:43","guid":{"rendered":"https:\/\/bodegaoutdoor.cl\/store\/product\/cuenco-plegable-de-acero-inoxidable-304-para-exteriores-vajilla-militar-para-acampar-senderismo-viaje-picnic-plato-portatil-plegable-suministros-de-cocina\/"},"modified":"2023-07-02T13:39:36","modified_gmt":"2023-07-02T17:39:36","slug":"plato-plegable-de-acero-inoxidable-estilo-militar-para-acampar-senderismo-viaje-picnic","status":"publish","type":"product","link":"https:\/\/bodegaoutdoor.cl\/store\/product\/plato-plegable-de-acero-inoxidable-estilo-militar-para-acampar-senderismo-viaje-picnic\/","title":{"rendered":"Plato plegable de acero inoxidable, estilo militar para acampar, senderismo, viaje, Picnic"},"content":{"rendered":"<div>\n<p>&nbsp;<\/p>\n<p style=\"font-size: 18px; color: #000000; font-family: tahoma, arial, helvetica, sans-serif;\" align=\"center\"><strong id=\"tl_1\">Cuenco plegable para exteriores, vajilla militar de acero inoxidable 304 para acampar, senderismo, viajes, Picnic, plato port\u00e1til plegable, suministros de cocina<\/strong><\/p>\n<p><strong><span id=\"tl_2\" style=\"font-family: arial,helvetica,sans-serif;\">Descripci\u00f3n:<br \/>\n<\/span><\/strong><\/p>\n<p><span id=\"tl_3\" style=\"font-family: 'Times New Roman'; font-size: 16px;\">Nombre del producto: Sart\u00e9n ovalada de acero inoxidable (peque\u00f1a)<\/span><\/p>\n<p><span id=\"tl_4\" style=\"font-family: 'Times New Roman'; font-size: 16px;\">Modelo: wOSRMTO01<\/span><\/p>\n<p><span id=\"tl_5\" style=\"font-family: 'Times New Roman'; font-size: 16px;\">Material del producto: acero inoxidable 304<\/span><\/p>\n<p><span id=\"tl_6\" style=\"font-family: 'Times New Roman'; font-size: 16px;\">Tama\u00f1o del producto: fiambrera: 20,9*16,7*4,2 cm<\/span><\/p>\n<p><span id=\"tl_7\" style=\"font-family: 'Times New Roman'; font-size: 16px;\">Tapa: 20,3*16,1*2cm Mango: D22 * 2,1 cm<\/span><\/p>\n<p><span id=\"tl_8\" style=\"font-family: 'Times New Roman'; font-size: 16px;\">Peso del producto: G 355\/418G<\/span><\/p>\n<p><span id=\"tl_9\" style=\"font-family: 'Times New Roman'; font-size: 16px;\">Grosor del producto: 0,5 MM, mango: 1,2 MM<\/span><\/p>\n<p><strong><span style=\"font-size: 21px;\"><span id=\"tl_10\" style=\"font-family: arial,helvetica,sans-serif;\">Especificaciones:<br \/>\n<\/span><\/span><\/strong><\/p>\n<p><span id=\"tl_11\" style=\"font-family: 'Times New Roman'; font-size: 16px;\">Caracter\u00edsticas<\/span><\/p>\n<p><span id=\"tl_12\" style=\"font-family: 'Times New Roman'; font-size: 16px;\">Est\u00e1 hecho de acero inoxidable 202 de alta calidad, no t\u00f3xico, no se oxida y protege la salud de la familia.<\/span><\/p>\n<p><span id=\"tl_13\" style=\"font-family: 'Times New Roman'; font-size: 16px;\">El mango grueso anti-escaldado y el exquisito proceso de remachado garantizan que no haya accidentes durante la cocci\u00f3n.<\/span><\/p>\n<p><span id=\"tl_14\" style=\"font-family: 'Times New Roman'; font-size: 16px;\">Los lados interior y exterior est\u00e1n hechos de nylon, y el producto no es f\u00e1cil de rayar, y el borde rizado es liso, y el producto es m\u00e1s texturizado.<\/span><\/p>\n<p><strong><span style=\"font-size: 21px;\"><span id=\"tl_15\" style=\"font-family: arial,helvetica,sans-serif;\">Paquete incluido:<br \/>\n<\/span><\/span><\/strong><\/p>\n<p><span id=\"tl_16\" style=\"font-family: 'Times New Roman'; font-size: 16px;\">1 * fiambrera<\/span><\/p>\n<p align=\"center\"><img decoding=\"async\" title=\"Cuenco plegable de acero inoxidable 304 para exteriores, vajilla militar para acampar, senderismo, viaje, Picnic, plato port\u00e1til plegable, suministros de cocina\" src=\"https:\/\/bodegaoutdoor.cl\/store\/wp-content\/uploads\/2023\/07\/76175-azr9qy.jpg\" alt=\"Cuenco plegable de acero inoxidable 304 para exteriores, vajilla militar para acampar, senderismo, viaje, Picnic, plato port\u00e1til plegable, suministros de cocina\" \/><img decoding=\"async\" title=\"Cuenco plegable de acero inoxidable 304 para exteriores, vajilla militar para acampar, senderismo, viaje, Picnic, plato port\u00e1til plegable, suministros de cocina\" src=\"https:\/\/bodegaoutdoor.cl\/store\/wp-content\/uploads\/2023\/07\/76175-zuhqea.jpg\" alt=\"Cuenco plegable de acero inoxidable 304 para exteriores, vajilla militar para acampar, senderismo, viaje, Picnic, plato port\u00e1til plegable, suministros de cocina\" \/><img decoding=\"async\" title=\"Cuenco plegable de acero inoxidable 304 para exteriores, vajilla militar para acampar, senderismo, viaje, Picnic, plato port\u00e1til plegable, suministros de cocina\" src=\"https:\/\/bodegaoutdoor.cl\/store\/wp-content\/uploads\/2023\/07\/76175-caqou3.jpg\" alt=\"Cuenco plegable de acero inoxidable 304 para exteriores, vajilla militar para acampar, senderismo, viaje, Picnic, plato port\u00e1til plegable, suministros de cocina\" \/><img decoding=\"async\" title=\"Cuenco plegable de acero inoxidable 304 para exteriores, vajilla militar para acampar, senderismo, viaje, Picnic, plato port\u00e1til plegable, suministros de cocina\" src=\"https:\/\/bodegaoutdoor.cl\/store\/wp-content\/uploads\/2023\/07\/76175-stl5ej.jpg\" alt=\"Cuenco plegable de acero inoxidable 304 para exteriores, vajilla militar para acampar, senderismo, viaje, Picnic, plato port\u00e1til plegable, suministros de cocina\" \/><img decoding=\"async\" title=\"Cuenco plegable de acero inoxidable 304 para exteriores, vajilla militar para acampar, senderismo, viaje, Picnic, plato port\u00e1til plegable, suministros de cocina\" src=\"https:\/\/bodegaoutdoor.cl\/store\/wp-content\/uploads\/2023\/07\/76175-63kbla.jpg\" alt=\"Cuenco plegable de acero inoxidable 304 para exteriores, vajilla militar para acampar, senderismo, viaje, Picnic, plato port\u00e1til plegable, suministros de cocina\" \/><img decoding=\"async\" title=\"Cuenco plegable de acero inoxidable 304 para exteriores, vajilla militar para acampar, senderismo, viaje, Picnic, plato port\u00e1til plegable, suministros de cocina\" src=\"https:\/\/bodegaoutdoor.cl\/store\/wp-content\/uploads\/2023\/07\/76175-2jzj3q.jpg\" alt=\"Cuenco plegable de acero inoxidable 304 para exteriores, vajilla militar para acampar, senderismo, viaje, Picnic, plato port\u00e1til plegable, suministros de cocina\" \/><img decoding=\"async\" title=\"Cuenco plegable de acero inoxidable 304 para exteriores, vajilla militar para acampar, senderismo, viaje, Picnic, plato port\u00e1til plegable, suministros de cocina\" src=\"https:\/\/bodegaoutdoor.cl\/store\/wp-content\/uploads\/2023\/07\/76175-ptzvpa.jpg\" alt=\"Cuenco plegable de acero inoxidable 304 para exteriores, vajilla militar para acampar, senderismo, viaje, Picnic, plato port\u00e1til plegable, suministros de cocina\" \/><\/p>\n<\/div>\n\n    <div class=\"xs_social_share_widget xs_share_url after_content \t\tmain_content  wslu-style-1 wslu-share-box-shaped wslu-fill-colored wslu-none wslu-share-horizontal wslu-theme-font-no wslu-main_content\">\n\n\t\t\n        <ul>\n\t\t\t        <\/ul>\n    <\/div> \n","protected":false},"excerpt":{"rendered":"<p>&nbsp; Cuenco plegable para exteriores, vajilla militar de acero inoxidable 304 para acampar, senderismo, viajes, Picnic, plato port\u00e1til plegable, suministros de cocina Descripci\u00f3n: Nombre del producto: Sart\u00e9n ovalada de acero inoxidable (peque\u00f1a) Modelo: wOSRMTO01 Material del producto: acero inoxidable 304 Tama\u00f1o del producto: fiambrera: 20,9*16,7*4,2 cm Tapa: 20,3*16,1*2cm Mango: D22 * 2,1 cm Peso del [&hellip;]<\/p>\n","protected":false},"featured_media":76195,"comment_status":"open","ping_status":"closed","template":"","meta":{"jetpack_publicize_message":"","jetpack_publicize_feature_enabled":true,"jetpack_social_post_already_shared":true,"jetpack_social_options":{"image_generator_settings":{"template":"highway","enabled":false},"version":2}},"product_brand":[],"product_cat":[15,2814],"product_tag":[],"class_list":{"0":"post-76175","1":"product","2":"type-product","3":"status-publish","4":"has-post-thumbnail","6":"product_cat-otros","7":"product_cat-camping","9":"first","10":"instock","11":"sale","12":"taxable","13":"shipping-taxable","14":"purchasable","15":"product-type-simple"},"jetpack_publicize_connections":[],"jetpack_sharing_enabled":true,"_links":{"self":[{"href":"https:\/\/bodegaoutdoor.cl\/store\/wp-json\/wp\/v2\/product\/76175","targetHints":{"allow":["GET"]}}],"collection":[{"href":"https:\/\/bodegaoutdoor.cl\/store\/wp-json\/wp\/v2\/product"}],"about":[{"href":"https:\/\/bodegaoutdoor.cl\/store\/wp-json\/wp\/v2\/types\/product"}],"replies":[{"embeddable":true,"href":"https:\/\/bodegaoutdoor.cl\/store\/wp-json\/wp\/v2\/comments?post=76175"}],"version-history":[{"count":11,"href":"https:\/\/bodegaoutdoor.cl\/store\/wp-json\/wp\/v2\/product\/76175\/revisions"}],"predecessor-version":[{"id":76205,"href":"https:\/\/bodegaoutdoor.cl\/store\/wp-json\/wp\/v2\/product\/76175\/revisions\/76205"}],"wp:featuredmedia":[{"embeddable":true,"href":"https:\/\/bodegaoutdoor.cl\/store\/wp-json\/wp\/v2\/media\/76195"}],"wp:attachment":[{"href":"https:\/\/bodegaoutdoor.cl\/store\/wp-json\/wp\/v2\/media?parent=76175"}],"wp:term":[{"taxonomy":"product_brand","embeddable":true,"href":"https:\/\/bodegaoutdoor.cl\/store\/wp-json\/wp\/v2\/product_brand?post=76175"},{"taxonomy":"product_cat","embeddable":true,"href":"https:\/\/bodegaoutdoor.cl\/store\/wp-json\/wp\/v2\/product_cat?post=76175"},{"taxonomy":"product_tag","embeddable":true,"href":"https:\/\/bodegaoutdoor.cl\/store\/wp-json\/wp\/v2\/product_tag?post=76175"}],"curies":[{"name":"wp","href":"https:\/\/api.w.org\/{rel}","templated":true}]}}