{"id":7724,"date":"2020-07-23T02:42:06","date_gmt":"2020-07-23T02:42:06","guid":{"rendered":"https:\/\/bodegaoutdoor.cl\/store\/product\/chaqueta-bomber-ma1-air-force-pilot-informal-recien-llegado-estilo-militar-para-hombre-abrigo-grueso-de-terciopelo-y-lana-para-invierno-para-hombre-verde-azul-caqui\/"},"modified":"2024-03-12T20:49:58","modified_gmt":"2024-03-12T23:49:58","slug":"chaqueta-bomber-ma1-air-force-pilot-informal-recien-llegado-estilo-militar-para-hombre-abrigo-grueso-de-terciopelo-y-lana-para-invierno-para-hombre-verde-azul-caqui","status":"publish","type":"product","link":"https:\/\/bodegaoutdoor.cl\/store\/product\/chaqueta-bomber-ma1-air-force-pilot-informal-recien-llegado-estilo-militar-para-hombre-abrigo-grueso-de-terciopelo-y-lana-para-invierno-para-hombre-verde-azul-caqui\/","title":{"rendered":"Chaqueta Tactica Bomber Ma1 Air Force Pilot"},"content":{"rendered":"<div style=\"margin: 0.0px auto;\">\n<p style=\"overflow: hidden; height: 1.0px; margin: 0.0px; padding: 0.0px;\">10032<\/p>\n<\/div>\n<div style=\"clear: both;\">\n<p>&nbsp;<\/p>\n<\/div>\n<p style=\"text-align: center;\"><strong><img decoding=\"async\" title=\"Chaqueta Bomber Ma1 Air Force Pilot, informal, reci\u00e9n llegado, estilo militar, para hombre, abrigo grueso de terciopelo y lana, para invierno, para hombre, verde, azul, caqui\" src=\"https:\/\/bodegaoutdoor.cl\/store\/wp-content\/uploads\/2020\/07\/7724-vtreev.jpg\" alt=\"Chaqueta Bomber Ma1 Air Force Pilot, informal, reci\u00e9n llegado, estilo militar, para hombre, abrigo grueso de terciopelo y lana, para invierno, para hombre, verde, azul, caqui\" \/><\/strong><\/p>\n<p style=\"text-align: center;\"><span style=\"font-family: tahoma , geneva , sans-serif;\"><strong><span style=\"color: #000000;\"><span style=\"font-size: 28.0px;\"><img decoding=\"async\" title=\"Chaqueta Bomber Ma1 Air Force Pilot, informal, reci\u00e9n llegado, estilo militar, para hombre, abrigo grueso de terciopelo y lana, para invierno, para hombre, verde, azul, caqui\" src=\"https:\/\/bodegaoutdoor.cl\/store\/wp-content\/uploads\/2020\/07\/7724-n5xvmd.jpg\" alt=\"Chaqueta Bomber Ma1 Air Force Pilot, informal, reci\u00e9n llegado, estilo militar, para hombre, abrigo grueso de terciopelo y lana, para invierno, para hombre, verde, azul, caqui\" \/><\/span><\/span><\/strong><\/span><\/p>\n<p style=\"text-align: center; margin: 0;\"><img decoding=\"async\" title=\"Chaqueta Bomber Ma1 Air Force Pilot, informal, reci\u00e9n llegado, estilo militar, para hombre, abrigo grueso de terciopelo y lana, para invierno, para hombre, verde, azul, caqui\" src=\"https:\/\/bodegaoutdoor.cl\/store\/wp-content\/uploads\/2020\/07\/7724-1a1cta.jpg\" alt=\"Chaqueta Bomber Ma1 Air Force Pilot, informal, reci\u00e9n llegado, estilo militar, para hombre, abrigo grueso de terciopelo y lana, para invierno, para hombre, verde, azul, caqui\" \/><\/p>\n<p><span style=\"font-family: tahoma , geneva , sans-serif;\"><strong><span style=\"color: #000000;\"><span style=\"font-size: 28.0px;\">Nota: Este art\u00edculo es un<\/span><\/span><span style=\"color: #ff0000;\"><span style=\"font-size: 28.0px;\">Adem\u00e1s de terciopelo<\/span><\/span><span style=\"color: #000000;\"><span style=\"font-size: 28.0px;\">Modelos y<\/span><\/span><span style=\"color: #ff0000;\"><span style=\"font-size: 28.0px;\">Delgada<\/span><\/span><span style=\"color: #000000;\"><span style=\"font-size: 28.0px;\">Secci\u00f3n, selecciona el grosor del producto seg\u00fan tus necesidades.<\/span><\/span><\/strong><\/span><\/p>\n<p style=\"text-align: center;\"><span style=\"font-size: 48.0px;\"><span style=\"font-family: tahoma , geneva , sans-serif;\"><strong><span style=\"color: #ff0000;\">Adem\u00e1s de terciopelo<\/span><span style=\"color: #000000;\">Los modelos<\/span><\/strong><\/span><\/span><\/p>\n<p style=\"text-align: center;\"><span style=\"font-family: tahoma , geneva , sans-serif;\"><strong><span style=\"color: #000000;\"><span style=\"font-size: 28.0px;\"><img decoding=\"async\" title=\"Chaqueta Bomber Ma1 Air Force Pilot, informal, reci\u00e9n llegado, estilo militar, para hombre, abrigo grueso de terciopelo y lana, para invierno, para hombre, verde, azul, caqui\" src=\"https:\/\/bodegaoutdoor.cl\/store\/wp-content\/uploads\/2020\/07\/7724-hprx1d.jpg\" alt=\"Chaqueta Bomber Ma1 Air Force Pilot, informal, reci\u00e9n llegado, estilo militar, para hombre, abrigo grueso de terciopelo y lana, para invierno, para hombre, verde, azul, caqui\" width=\"930\" \/><\/span><\/span><\/strong><\/span><\/p>\n<p style=\"text-align: center;\"><span style=\"font-family: tahoma , geneva , sans-serif;\"><strong><span style=\"color: #000000;\"><span style=\"font-size: 28.0px;\"><img decoding=\"async\" title=\"Chaqueta Bomber Ma1 Air Force Pilot, informal, reci\u00e9n llegado, estilo militar, para hombre, abrigo grueso de terciopelo y lana, para invierno, para hombre, verde, azul, caqui\" src=\"https:\/\/bodegaoutdoor.cl\/store\/wp-content\/uploads\/2020\/07\/7724-tbtlvf.jpg\" alt=\"Chaqueta Bomber Ma1 Air Force Pilot, informal, reci\u00e9n llegado, estilo militar, para hombre, abrigo grueso de terciopelo y lana, para invierno, para hombre, verde, azul, caqui\" width=\"930\" \/><\/span><\/span><\/strong><\/span><\/p>\n<p style=\"text-align: center;\"><span style=\"font-family: tahoma , geneva , sans-serif;\"><strong><span style=\"color: #000000;\"><span style=\"font-size: 28.0px;\"><img decoding=\"async\" title=\"Chaqueta Bomber Ma1 Air Force Pilot, informal, reci\u00e9n llegado, estilo militar, para hombre, abrigo grueso de terciopelo y lana, para invierno, para hombre, verde, azul, caqui\" src=\"https:\/\/bodegaoutdoor.cl\/store\/wp-content\/uploads\/2020\/07\/7724-c5qfy3.jpg\" alt=\"Chaqueta Bomber Ma1 Air Force Pilot, informal, reci\u00e9n llegado, estilo militar, para hombre, abrigo grueso de terciopelo y lana, para invierno, para hombre, verde, azul, caqui\" width=\"930\" \/><\/span><br \/>\n<span style=\"font-size: 48.0px;\"><span style=\"font-family: tahoma , geneva , sans-serif;\"><strong><span style=\"color: #ff0000;\">Delgada<\/span><span style=\"color: #000000;\">Secci\u00f3n<br \/>\n<img decoding=\"async\" title=\"Chaqueta Bomber Ma1 Air Force Pilot, informal, reci\u00e9n llegado, estilo militar, para hombre, abrigo grueso de terciopelo y lana, para invierno, para hombre, verde, azul, caqui\" src=\"https:\/\/bodegaoutdoor.cl\/store\/wp-content\/uploads\/2020\/07\/7724-4gqrcn.jpg\" alt=\"Chaqueta Bomber Ma1 Air Force Pilot, informal, reci\u00e9n llegado, estilo militar, para hombre, abrigo grueso de terciopelo y lana, para invierno, para hombre, verde, azul, caqui\" \/><\/span><\/strong><\/span><\/span><\/span><\/strong><\/span><br \/>\n<img decoding=\"async\" title=\"Chaqueta Bomber Ma1 Air Force Pilot, informal, reci\u00e9n llegado, estilo militar, para hombre, abrigo grueso de terciopelo y lana, para invierno, para hombre, verde, azul, caqui\" src=\"https:\/\/bodegaoutdoor.cl\/store\/wp-content\/uploads\/2020\/07\/7724-iefn7s.jpg\" alt=\"Chaqueta Bomber Ma1 Air Force Pilot, informal, reci\u00e9n llegado, estilo militar, para hombre, abrigo grueso de terciopelo y lana, para invierno, para hombre, verde, azul, caqui\" \/><br \/>\n<img decoding=\"async\" title=\"Chaqueta Bomber Ma1 Air Force Pilot, informal, reci\u00e9n llegado, estilo militar, para hombre, abrigo grueso de terciopelo y lana, para invierno, para hombre, verde, azul, caqui\" src=\"https:\/\/bodegaoutdoor.cl\/store\/wp-content\/uploads\/2020\/07\/7724-hqaiol.jpg\" alt=\"Chaqueta Bomber Ma1 Air Force Pilot, informal, reci\u00e9n llegado, estilo militar, para hombre, abrigo grueso de terciopelo y lana, para invierno, para hombre, verde, azul, caqui\" \/><\/p>\n<p><span style=\"font-size: 48.0px;\">Dentro de diferentes con&#8221;<strong><span style=\"color: #ff0000;\">Adem\u00e1s de terciopelo modelos<\/span><\/strong>&#8220;Y&#8221;<span style=\"color: #ff0000;\"><strong>Secci\u00f3n delgada<\/strong><\/span>&#8220;<\/span><br \/>\n<img decoding=\"async\" title=\"Chaqueta Bomber Ma1 Air Force Pilot, informal, reci\u00e9n llegado, estilo militar, para hombre, abrigo grueso de terciopelo y lana, para invierno, para hombre, verde, azul, caqui\" src=\"https:\/\/bodegaoutdoor.cl\/store\/wp-content\/uploads\/2020\/07\/7724-gyu9ya.jpg\" alt=\"Chaqueta Bomber Ma1 Air Force Pilot, informal, reci\u00e9n llegado, estilo militar, para hombre, abrigo grueso de terciopelo y lana, para invierno, para hombre, verde, azul, caqui\" \/><\/p>\n<p style=\"text-align: center;\"><span style=\"font-family: tahoma , geneva , sans-serif;\"><strong><span style=\"color: #000000;\"><span style=\"font-size: 28.0px;\"><img decoding=\"async\" title=\"Chaqueta Bomber Ma1 Air Force Pilot, informal, reci\u00e9n llegado, estilo militar, para hombre, abrigo grueso de terciopelo y lana, para invierno, para hombre, verde, azul, caqui\" src=\"https:\/\/bodegaoutdoor.cl\/store\/wp-content\/uploads\/2020\/07\/7724-osztcb.jpg\" alt=\"Chaqueta Bomber Ma1 Air Force Pilot, informal, reci\u00e9n llegado, estilo militar, para hombre, abrigo grueso de terciopelo y lana, para invierno, para hombre, verde, azul, caqui\" width=\"930\" \/><\/span><\/span><\/strong><\/span><\/p>\n<p style=\"text-align: center;\"><span style=\"font-family: tahoma , geneva , sans-serif;\"><strong><span style=\"color: #000000;\"><span style=\"font-size: 28.0px;\"><img decoding=\"async\" title=\"Chaqueta Bomber Ma1 Air Force Pilot, informal, reci\u00e9n llegado, estilo militar, para hombre, abrigo grueso de terciopelo y lana, para invierno, para hombre, verde, azul, caqui\" src=\"https:\/\/bodegaoutdoor.cl\/store\/wp-content\/uploads\/2020\/07\/7724-hwjwpo.jpg\" alt=\"Chaqueta Bomber Ma1 Air Force Pilot, informal, reci\u00e9n llegado, estilo militar, para hombre, abrigo grueso de terciopelo y lana, para invierno, para hombre, verde, azul, caqui\" width=\"930\" \/><\/span><\/span><\/strong><\/span><\/p>\n<p style=\"text-align: center;\"><span style=\"font-family: tahoma , geneva , sans-serif;\"><strong><span style=\"color: #000000;\"><span style=\"font-size: 28.0px;\"><img decoding=\"async\" title=\"Chaqueta Bomber Ma1 Air Force Pilot, informal, reci\u00e9n llegado, estilo militar, para hombre, abrigo grueso de terciopelo y lana, para invierno, para hombre, verde, azul, caqui\" src=\"https:\/\/bodegaoutdoor.cl\/store\/wp-content\/uploads\/2020\/07\/7724-0jfkva.jpg\" alt=\"Chaqueta Bomber Ma1 Air Force Pilot, informal, reci\u00e9n llegado, estilo militar, para hombre, abrigo grueso de terciopelo y lana, para invierno, para hombre, verde, azul, caqui\" width=\"930\" \/><\/span><\/span><\/strong><\/span><\/p>\n<p style=\"text-align: center;\"><span style=\"font-family: tahoma , geneva , sans-serif;\"><strong><span style=\"color: #000000;\"><span style=\"font-size: 28.0px;\"><img decoding=\"async\" title=\"Chaqueta Bomber Ma1 Air Force Pilot, informal, reci\u00e9n llegado, estilo militar, para hombre, abrigo grueso de terciopelo y lana, para invierno, para hombre, verde, azul, caqui\" src=\"https:\/\/bodegaoutdoor.cl\/store\/wp-content\/uploads\/2020\/07\/7724-lqjqtx.jpg\" alt=\"Chaqueta Bomber Ma1 Air Force Pilot, informal, reci\u00e9n llegado, estilo militar, para hombre, abrigo grueso de terciopelo y lana, para invierno, para hombre, verde, azul, caqui\" width=\"930\" \/><\/span><\/span><\/strong><\/span><\/p>\n<p style=\"text-align: center;\"><span style=\"font-family: tahoma , geneva , sans-serif;\"><strong><span style=\"color: #000000;\"><span style=\"font-size: 28.0px;\"><img decoding=\"async\" title=\"Chaqueta Bomber Ma1 Air Force Pilot, informal, reci\u00e9n llegado, estilo militar, para hombre, abrigo grueso de terciopelo y lana, para invierno, para hombre, verde, azul, caqui\" src=\"https:\/\/bodegaoutdoor.cl\/store\/wp-content\/uploads\/2020\/07\/7724-swvns9.jpg\" alt=\"Chaqueta Bomber Ma1 Air Force Pilot, informal, reci\u00e9n llegado, estilo militar, para hombre, abrigo grueso de terciopelo y lana, para invierno, para hombre, verde, azul, caqui\" width=\"930\" \/><\/span><\/span><\/strong><\/span><\/p>\n<p style=\"text-align: center;\"><span style=\"font-family: tahoma , geneva , sans-serif;\"><strong><span style=\"color: #000000;\"><span style=\"font-size: 28.0px;\"><img decoding=\"async\" title=\"Chaqueta Bomber Ma1 Air Force Pilot, informal, reci\u00e9n llegado, estilo militar, para hombre, abrigo grueso de terciopelo y lana, para invierno, para hombre, verde, azul, caqui\" src=\"https:\/\/bodegaoutdoor.cl\/store\/wp-content\/uploads\/2020\/07\/7724-gemvav.jpg\" alt=\"Chaqueta Bomber Ma1 Air Force Pilot, informal, reci\u00e9n llegado, estilo militar, para hombre, abrigo grueso de terciopelo y lana, para invierno, para hombre, verde, azul, caqui\" width=\"930\" \/><\/span><\/span><\/strong><\/span><\/p>\n<p style=\"text-align: center;\"><span style=\"font-family: tahoma , geneva , sans-serif;\"><strong><span style=\"color: #000000;\"><span style=\"font-size: 28.0px;\"><img decoding=\"async\" title=\"Chaqueta Bomber Ma1 Air Force Pilot, informal, reci\u00e9n llegado, estilo militar, para hombre, abrigo grueso de terciopelo y lana, para invierno, para hombre, verde, azul, caqui\" src=\"https:\/\/bodegaoutdoor.cl\/store\/wp-content\/uploads\/2020\/07\/7724-8mfjob.jpg\" alt=\"Chaqueta Bomber Ma1 Air Force Pilot, informal, reci\u00e9n llegado, estilo militar, para hombre, abrigo grueso de terciopelo y lana, para invierno, para hombre, verde, azul, caqui\" width=\"930\" \/><\/span><\/span><\/strong><\/span><\/p>\n<p style=\"text-align: center;\"><span style=\"font-family: tahoma , geneva , sans-serif;\"><strong><span style=\"color: #000000;\"><span style=\"font-size: 28.0px;\"><img decoding=\"async\" title=\"Chaqueta Bomber Ma1 Air Force Pilot, informal, reci\u00e9n llegado, estilo militar, para hombre, abrigo grueso de terciopelo y lana, para invierno, para hombre, verde, azul, caqui\" src=\"https:\/\/bodegaoutdoor.cl\/store\/wp-content\/uploads\/2020\/07\/7724-aoskzr.jpg\" alt=\"Chaqueta Bomber Ma1 Air Force Pilot, informal, reci\u00e9n llegado, estilo militar, para hombre, abrigo grueso de terciopelo y lana, para invierno, para hombre, verde, azul, caqui\" width=\"930\" \/><\/span><\/span><\/strong><\/span><\/p>\n<p style=\"text-align: center;\"><span style=\"font-family: tahoma , geneva , sans-serif;\"><strong><span style=\"color: #000000;\"><span style=\"font-size: 28.0px;\"><img decoding=\"async\" title=\"Chaqueta Bomber Ma1 Air Force Pilot, informal, reci\u00e9n llegado, estilo militar, para hombre, abrigo grueso de terciopelo y lana, para invierno, para hombre, verde, azul, caqui\" src=\"https:\/\/bodegaoutdoor.cl\/store\/wp-content\/uploads\/2020\/07\/7724-y2t0d5.jpg\" alt=\"Chaqueta Bomber Ma1 Air Force Pilot, informal, reci\u00e9n llegado, estilo militar, para hombre, abrigo grueso de terciopelo y lana, para invierno, para hombre, verde, azul, caqui\" width=\"930\" \/><\/span><\/span><\/strong><\/span><\/p>\n<p style=\"text-align: center;\"><span style=\"font-family: tahoma , geneva , sans-serif;\"><strong><span style=\"color: #000000;\"><span style=\"font-size: 28.0px;\"><img decoding=\"async\" title=\"Chaqueta Bomber Ma1 Air Force Pilot, informal, reci\u00e9n llegado, estilo militar, para hombre, abrigo grueso de terciopelo y lana, para invierno, para hombre, verde, azul, caqui\" src=\"https:\/\/bodegaoutdoor.cl\/store\/wp-content\/uploads\/2020\/07\/7724-i7lrew.jpg\" alt=\"Chaqueta Bomber Ma1 Air Force Pilot, informal, reci\u00e9n llegado, estilo militar, para hombre, abrigo grueso de terciopelo y lana, para invierno, para hombre, verde, azul, caqui\" width=\"930\" \/><\/span><\/span><\/strong><\/span><\/p>\n<div>\n<div style=\"font-size: 12.0px; font-family: arial , verdana , sans-serif; color: #333333; text-align: center;\"><img decoding=\"async\" title=\"Chaqueta Bomber Ma1 Air Force Pilot, informal, reci\u00e9n llegado, estilo militar, para hombre, abrigo grueso de terciopelo y lana, para invierno, para hombre, verde, azul, caqui\" src=\"https:\/\/bodegaoutdoor.cl\/store\/wp-content\/uploads\/2020\/07\/7724-ovsarg.jpg\" alt=\"Chaqueta Bomber Ma1 Air Force Pilot, informal, reci\u00e9n llegado, estilo militar, para hombre, abrigo grueso de terciopelo y lana, para invierno, para hombre, verde, azul, caqui\" \/> <img decoding=\"async\" title=\"Chaqueta Bomber Ma1 Air Force Pilot, informal, reci\u00e9n llegado, estilo militar, para hombre, abrigo grueso de terciopelo y lana, para invierno, para hombre, verde, azul, caqui\" src=\"https:\/\/bodegaoutdoor.cl\/store\/wp-content\/uploads\/2020\/07\/7724-evw1qe.jpg\" alt=\"Chaqueta Bomber Ma1 Air Force Pilot, informal, reci\u00e9n llegado, estilo militar, para hombre, abrigo grueso de terciopelo y lana, para invierno, para hombre, verde, azul, caqui\" \/><\/div>\n<div style=\"font-size: 12.0px; font-family: arial , verdana , sans-serif; color: #333333;\"><strong><span style=\"font-size: 22.0px;\"><span style=\"color: #000000;\">1: completa la direcci\u00f3n correcta del destinatario informaci\u00f3n:<\/span><\/span><\/strong><\/div>\n<p style=\"font-size: 12.0px; font-family: arial , verdana , sans-serif; color: #333333;\"><span style=\"font-size: 16.0px;\"><span style=\"color: #000000;\">La informaci\u00f3n precisa y completa del destinatario ayudar\u00e1 a que el paquete llegue a tu direcci\u00f3n m\u00e1s r\u00e1pidamente. La informaci\u00f3n de direcci\u00f3n completa debe incluir la siguiente informaci\u00f3n:<\/span><br \/>\n<span style=\"color: #000000;\">Nombre del destinatario: (utiliza el nombre del documento oficial)<\/span><br \/>\n<span style=\"color: #000000;\">Direcci\u00f3n del destinatario:<\/span><br \/>\n<strong><span style=\"color: #ff0000;\">El nombre de la calle<\/span><\/strong><span style=\"color: #000000;\">, <\/span><span style=\"color: #ff0000;\"><strong>N\u00famero de casa<\/strong><\/span><span style=\"color: #000000;\">(N\u00famero de apartamento), el nombre del distrito<\/span><br \/>\n<span style=\"color: #000000;\">El nombre de la ciudad:<\/span><br \/>\n<span style=\"color: #000000;\">Nombre del Estado o de la provincia:<\/span><br \/>\n<span style=\"color: #000000;\">Pa\u00eds:<\/span><br \/>\n<span style=\"color: #000000;\">C\u00f3digo postal:<\/span><br \/>\n<span style=\"color: #000000;\">Si necesitas cambiar tu direcci\u00f3n, h\u00e1znoslo saber<\/span><strong><span style=\"color: #ff0000;\">En un plazo de 24 horas tras realizar el pago<\/span><\/strong><span style=\"color: #000000;\">\u00a1Y no aceptaremos el cambio de pa\u00eds!<\/span><\/span><\/p>\n<p style=\"font-size: 12.0px; font-family: arial , verdana , sans-serif; color: #333333;\"><strong><span style=\"font-size: 22.0px;\"><span style=\"color: #000000;\">2: Env\u00edo y tiempo:<\/span><\/span><\/strong><\/p>\n<p style=\"font-size: 12.0px; font-family: arial , verdana , sans-serif; color: #333333;\"><span style=\"font-size: 16.0px;\"><span style=\"color: #000000;\">A): enviamos todos los paquetes que se pueden seguir<\/span><br \/>\n<span style=\"color: #000000;\">B): normalmente toma<\/span><strong><span style=\"color: #ff0000;\">15-45 d\u00edas<\/span><\/strong><span style=\"color: #000000;\">Para llegar a la mayor\u00eda de los pa\u00edses, dependiendo del pa\u00eds. Si necesitas un servicio m\u00e1s r\u00e1pido, ponte en contacto con nuestro servicio al cliente.<\/span><br \/>\n<span style=\"color: #000000;\">Si no recibes tu paquete durante 60 d\u00edas (Brasil: 90 d\u00edas), te devolveremos el pago en su totalidad o te lo devolveremos. \u00a1No tendr\u00e1s ninguna p\u00e9rdida!<\/span><\/span><\/p>\n<p style=\"font-size: 12.0px; font-family: arial , verdana , sans-serif; color: #333333;\"><strong><span style=\"font-size: 22.0px;\"><span style=\"color: #000000;\">3: informaci\u00f3n sobre el tama\u00f1o:<\/span><\/span><\/strong><br \/>\n<span style=\"font-size: 16.0px;\"><span style=\"color: #000000;\">Nuestro tama\u00f1o es el<\/span><strong><span style=\"color: #ff0000;\">Tama\u00f1o de China<\/span><\/strong><span style=\"color: #000000;\">, Todos sabemos que el tama\u00f1o de China es ca\u00f3tico, por lo que los compradores deben verificar cuidadosamente el tama\u00f1o de la informaci\u00f3n antes de la compra, toda la informaci\u00f3n de tama\u00f1o es precisa, se mide por informaci\u00f3n de tama\u00f1o f\u00edsico, \u00bfC\u00f3mo elegir el tama\u00f1o correcto? Mide la informaci\u00f3n de tus datos de ropa habituales, despu\u00e9s consulta el tama\u00f1o de la informaci\u00f3n, selecciona tu talla y similar a nuestra talla.<\/span><\/span><\/p>\n<div style=\"font-size: 12.0px; font-family: arial , verdana , sans-serif; color: #333333;\"><span style=\"color: #000000;\"><span style=\"font-size: 22.0px;\"><strong>4: la comunicaci\u00f3n:<\/strong><\/span><\/span><br \/>\n<span style=\"font-size: 16.0px;\"><span style=\"color: #000000;\">Trabajamos 12 horas al d\u00eda (excepto fines de semana y d\u00edas festivos), si tienes alguna pregunta, no dudes en contactarnos y responderemos a tu consulta<\/span><strong><span style=\"color: #ff0000;\">En 1-12 horas<\/span><\/strong><span style=\"color: #000000;\">\u00a1! Realizaremos un seguimiento del estado de cada paquete durante la ejecuci\u00f3n del pedido. Nos pondremos en contacto contigo si tu paquete llega a la zona local. Si no has recibido el paquete, nos pondremos en contacto contigo. Por favor,<\/span><strong><span style=\"color: #ff0000;\">Mantenerse en contacto<\/span><\/strong><span style=\"color: #000000;\">\u00a1Con nosotros!<\/span><\/span><\/div>\n<p style=\"font-size: 12.0px; font-family: arial , verdana , sans-serif; color: #333333;\"><strong><span style=\"font-size: 22.0px;\"><span style=\"color: #000000;\">5: servicio posventa:<\/span><\/span><\/strong><br \/>\n<span style=\"font-size: 16.0px;\"><span style=\"color: #000000;\">Si no recibiste el paquete o recibiste el producto si tienes alg\u00fan problema, cont\u00e1ctanos, haremos lo posible para resolver tu problema, \u00a1para que est\u00e9s satisfecho!<\/span><strong><span style=\"color: #ff0000;\">\u00bfNo<\/span><\/strong><span style=\"color: #000000;\">Deja un comentario negativo antes de contactar con nosotros.<\/span><\/span><\/p>\n<div style=\"font-size: 12.0px; font-family: arial , verdana , sans-serif; color: #333333;\"><\/div>\n<div style=\"font-size: 12.0px; font-family: arial , verdana , sans-serif; color: #333333; text-align: center;\"><\/div>\n<div style=\"font-size: 12.0px; font-family: arial , verdana , sans-serif; color: #333333; text-align: center;\"><\/div>\n<div style=\"font-size: 12.0px; font-family: arial , verdana , sans-serif; color: #333333; text-align: center;\"><strong style=\"font-family: Georgia, 'Times New Roman', 'Bitstream Charter', Times, serif; font-size: 16px;\"><span style=\"font-size: 24.0px;\">El pago<\/span><\/strong><\/div>\n<\/div>\n<p>Nuestra protecci\u00f3n del comprador solo protege los m\u00e9todos de pago en AliExpress de la siguiente manera:<\/p>\n<p style=\"text-align: left; margin: 0;\"><img decoding=\"async\" title=\"Chaqueta Bomber Ma1 Air Force Pilot, informal, reci\u00e9n llegado, estilo militar, para hombre, abrigo grueso de terciopelo y lana, para invierno, para hombre, verde, azul, caqui\" src=\"https:\/\/bodegaoutdoor.cl\/store\/wp-content\/uploads\/2020\/07\/7724-ba2oin.jpg\" alt=\"Chaqueta Bomber Ma1 Air Force Pilot, informal, reci\u00e9n llegado, estilo militar, para hombre, abrigo grueso de terciopelo y lana, para invierno, para hombre, verde, azul, caqui\" \/><\/p>\n<div style=\"text-align: center;\"><\/div>\n\n    <div class=\"xs_social_share_widget xs_share_url after_content \t\tmain_content  wslu-style-1 wslu-share-box-shaped wslu-fill-colored wslu-none wslu-share-horizontal wslu-theme-font-no wslu-main_content\">\n\n\t\t\n        <ul>\n\t\t\t        <\/ul>\n    <\/div> \n","protected":false},"excerpt":{"rendered":"<p>10032 &nbsp; Nota: Este art\u00edculo es unAdem\u00e1s de terciopeloModelos yDelgadaSecci\u00f3n, selecciona el grosor del producto seg\u00fan tus necesidades. Adem\u00e1s de terciopeloLos modelos DelgadaSecci\u00f3n Dentro de diferentes con&#8221;Adem\u00e1s de terciopelo modelos&#8220;Y&#8221;Secci\u00f3n delgada&#8220; 1: completa la direcci\u00f3n correcta del destinatario informaci\u00f3n: La informaci\u00f3n precisa y completa del destinatario ayudar\u00e1 a que el paquete llegue a tu direcci\u00f3n [&hellip;]<\/p>\n","protected":false},"featured_media":7824,"comment_status":"open","ping_status":"closed","template":"","meta":{"jetpack_publicize_message":"","jetpack_publicize_feature_enabled":true,"jetpack_social_post_already_shared":true,"jetpack_social_options":{"image_generator_settings":{"template":"highway","enabled":false},"version":2}},"product_brand":[],"product_cat":[73,62],"product_tag":[],"class_list":{"0":"post-7724","1":"product","2":"type-product","3":"status-publish","4":"has-post-thumbnail","6":"product_cat-hombre-tercera","7":"product_cat-vestuario-hombre","9":"first","10":"instock","11":"sale","12":"taxable","13":"shipping-taxable","14":"purchasable","15":"product-type-variable"},"jetpack_publicize_connections":[],"jetpack_sharing_enabled":true,"_links":{"self":[{"href":"https:\/\/bodegaoutdoor.cl\/store\/wp-json\/wp\/v2\/product\/7724","targetHints":{"allow":["GET"]}}],"collection":[{"href":"https:\/\/bodegaoutdoor.cl\/store\/wp-json\/wp\/v2\/product"}],"about":[{"href":"https:\/\/bodegaoutdoor.cl\/store\/wp-json\/wp\/v2\/types\/product"}],"replies":[{"embeddable":true,"href":"https:\/\/bodegaoutdoor.cl\/store\/wp-json\/wp\/v2\/comments?post=7724"}],"version-history":[{"count":2,"href":"https:\/\/bodegaoutdoor.cl\/store\/wp-json\/wp\/v2\/product\/7724\/revisions"}],"predecessor-version":[{"id":71324,"href":"https:\/\/bodegaoutdoor.cl\/store\/wp-json\/wp\/v2\/product\/7724\/revisions\/71324"}],"wp:featuredmedia":[{"embeddable":true,"href":"https:\/\/bodegaoutdoor.cl\/store\/wp-json\/wp\/v2\/media\/7824"}],"wp:attachment":[{"href":"https:\/\/bodegaoutdoor.cl\/store\/wp-json\/wp\/v2\/media?parent=7724"}],"wp:term":[{"taxonomy":"product_brand","embeddable":true,"href":"https:\/\/bodegaoutdoor.cl\/store\/wp-json\/wp\/v2\/product_brand?post=7724"},{"taxonomy":"product_cat","embeddable":true,"href":"https:\/\/bodegaoutdoor.cl\/store\/wp-json\/wp\/v2\/product_cat?post=7724"},{"taxonomy":"product_tag","embeddable":true,"href":"https:\/\/bodegaoutdoor.cl\/store\/wp-json\/wp\/v2\/product_tag?post=7724"}],"curies":[{"name":"wp","href":"https:\/\/api.w.org\/{rel}","templated":true}]}}