{"id":78376,"date":"2023-08-31T12:25:13","date_gmt":"2023-08-31T16:25:13","guid":{"rendered":"https:\/\/bodegaoutdoor.cl\/store\/product\/west-biking-mochila-impermeable-para-bicicleta-transpirable-ultraligera-de-10l-para-hidratacion\/"},"modified":"2023-08-31T12:49:22","modified_gmt":"2023-08-31T16:49:22","slug":"west-biking-mochila-impermeable-para-bicicleta-transpirable-ultraligera-de-10l-para-hidratacion","status":"publish","type":"product","link":"https:\/\/bodegaoutdoor.cl\/store\/product\/west-biking-mochila-impermeable-para-bicicleta-transpirable-ultraligera-de-10l-para-hidratacion\/","title":{"rendered":"WEST BIKING-Mochila impermeable para bicicleta, ultraligera, de 10l"},"content":{"rendered":"<div style=\"width: px; line-height: 150%; font-family: Arial, Helvetica, sans-serif; font-size: 12px;\">\n<p style=\"margin-bottom: 6px; margin-top: 6px;\"><img decoding=\"async\" title=\"WEST BIKING-mochila impermeable para bicicleta, transpirable, ultraligera, de 10l, para hidrataci\u00f3n\" src=\"https:\/\/bodegaoutdoor.cl\/store\/wp-content\/uploads\/2023\/08\/78376-o3t4g4.jpg\" alt=\"WEST BIKING-mochila impermeable para bicicleta, transpirable, ultraligera, de 10l, para hidrataci\u00f3n\" width=\"810\" height=\"40\" \/><\/p>\n<p><strong>Caracter\u00edsticas:<\/strong><br \/>\nTela de nailon repelente al agua y resistente al desgarro.<br \/>\nCremalleras de buena calidad, f\u00e1cil cierre y descierre.<br \/>\nPanel trasero acolchado transpirable, correa de estern\u00f3n ajustable y correa para el hombro.<br \/>\nCorreas ajustables laterales y frontales para colgar cualquier cosa que necesite.<br \/>\nRi\u00f1onera para tel\u00e9fono m\u00f3vil, llaves, accesorios peque\u00f1os.<\/p>\n<p><strong>Especificaciones:<\/strong><br \/>\nMaterial: nailon<br \/>\nColor: negro-gris, negro-verde, negro-naranja, negro-amarillo (opcional)<br \/>\nCapacidad: aproximadamente 10L<br \/>\nTama\u00f1o: 440*250*90mm\/17,3*9,8*3.5in<br \/>\nTama\u00f1o del paquete: 450*270*100mm\/17,7*10,6*3.9in<br \/>\nPeso del paquete: aproximadamente 280g\/9,9 onzas<\/p>\n<p><strong>Lista de embalaje:<\/strong><br \/>\n1 * bolsa de ciclismo<\/p>\n<p style=\"margin-bottom: 6px; margin-top: 6px;\"><img decoding=\"async\" title=\"WEST BIKING-mochila impermeable para bicicleta, transpirable, ultraligera, de 10l, para hidrataci\u00f3n\" src=\"https:\/\/bodegaoutdoor.cl\/store\/wp-content\/uploads\/2023\/08\/78376-xz25ci.jpg\" alt=\"WEST BIKING-mochila impermeable para bicicleta, transpirable, ultraligera, de 10l, para hidrataci\u00f3n\" width=\"810\" height=\"40\" \/><\/p>\n<p><img decoding=\"async\" title=\"WEST BIKING-mochila impermeable para bicicleta, transpirable, ultraligera, de 10l, para hidrataci\u00f3n\" src=\"https:\/\/bodegaoutdoor.cl\/store\/wp-content\/uploads\/2023\/08\/78376-r5jlrv.jpg\" alt=\"WEST BIKING-mochila impermeable para bicicleta, transpirable, ultraligera, de 10l, para hidrataci\u00f3n\" \/><br \/>\n<img decoding=\"async\" title=\"WEST BIKING-mochila impermeable para bicicleta, transpirable, ultraligera, de 10l, para hidrataci\u00f3n\" src=\"https:\/\/bodegaoutdoor.cl\/store\/wp-content\/uploads\/2023\/08\/78376-fwux0y.jpg\" alt=\"WEST BIKING-mochila impermeable para bicicleta, transpirable, ultraligera, de 10l, para hidrataci\u00f3n\" \/><br \/>\n<img decoding=\"async\" title=\"WEST BIKING-mochila impermeable para bicicleta, transpirable, ultraligera, de 10l, para hidrataci\u00f3n\" src=\"https:\/\/bodegaoutdoor.cl\/store\/wp-content\/uploads\/2023\/08\/78376-ikhgoh.jpg\" alt=\"WEST BIKING-mochila impermeable para bicicleta, transpirable, ultraligera, de 10l, para hidrataci\u00f3n\" \/><br \/>\n<img decoding=\"async\" title=\"WEST BIKING-mochila impermeable para bicicleta, transpirable, ultraligera, de 10l, para hidrataci\u00f3n\" src=\"https:\/\/bodegaoutdoor.cl\/store\/wp-content\/uploads\/2023\/08\/78376-bkcizy.jpg\" alt=\"WEST BIKING-mochila impermeable para bicicleta, transpirable, ultraligera, de 10l, para hidrataci\u00f3n\" \/><br \/>\n<img decoding=\"async\" title=\"WEST BIKING-mochila impermeable para bicicleta, transpirable, ultraligera, de 10l, para hidrataci\u00f3n\" src=\"https:\/\/bodegaoutdoor.cl\/store\/wp-content\/uploads\/2023\/08\/78376-bpl2bw.jpg\" alt=\"WEST BIKING-mochila impermeable para bicicleta, transpirable, ultraligera, de 10l, para hidrataci\u00f3n\" \/><br \/>\n<img decoding=\"async\" title=\"WEST BIKING-mochila impermeable para bicicleta, transpirable, ultraligera, de 10l, para hidrataci\u00f3n\" src=\"https:\/\/bodegaoutdoor.cl\/store\/wp-content\/uploads\/2023\/08\/78376-h58kmb.jpg\" alt=\"WEST BIKING-mochila impermeable para bicicleta, transpirable, ultraligera, de 10l, para hidrataci\u00f3n\" \/><br \/>\n<img decoding=\"async\" title=\"WEST BIKING-mochila impermeable para bicicleta, transpirable, ultraligera, de 10l, para hidrataci\u00f3n\" src=\"https:\/\/bodegaoutdoor.cl\/store\/wp-content\/uploads\/2023\/08\/78376-ueehbb.jpg\" alt=\"WEST BIKING-mochila impermeable para bicicleta, transpirable, ultraligera, de 10l, para hidrataci\u00f3n\" \/><br \/>\n<img decoding=\"async\" title=\"WEST BIKING-mochila impermeable para bicicleta, transpirable, ultraligera, de 10l, para hidrataci\u00f3n\" src=\"https:\/\/bodegaoutdoor.cl\/store\/wp-content\/uploads\/2023\/08\/78376-ecbbzx.jpg\" alt=\"WEST BIKING-mochila impermeable para bicicleta, transpirable, ultraligera, de 10l, para hidrataci\u00f3n\" \/><br \/>\n<img decoding=\"async\" title=\"WEST BIKING-mochila impermeable para bicicleta, transpirable, ultraligera, de 10l, para hidrataci\u00f3n\" src=\"https:\/\/bodegaoutdoor.cl\/store\/wp-content\/uploads\/2023\/08\/78376-dh6dln.jpg\" alt=\"WEST BIKING-mochila impermeable para bicicleta, transpirable, ultraligera, de 10l, para hidrataci\u00f3n\" \/><br \/>\n<img decoding=\"async\" title=\"WEST BIKING-mochila impermeable para bicicleta, transpirable, ultraligera, de 10l, para hidrataci\u00f3n\" src=\"https:\/\/bodegaoutdoor.cl\/store\/wp-content\/uploads\/2023\/08\/78376-lzqtvk.jpg\" alt=\"WEST BIKING-mochila impermeable para bicicleta, transpirable, ultraligera, de 10l, para hidrataci\u00f3n\" \/><br \/>\n<img decoding=\"async\" title=\"WEST BIKING-mochila impermeable para bicicleta, transpirable, ultraligera, de 10l, para hidrataci\u00f3n\" src=\"https:\/\/bodegaoutdoor.cl\/store\/wp-content\/uploads\/2023\/08\/78376-visi5g.jpg\" alt=\"WEST BIKING-mochila impermeable para bicicleta, transpirable, ultraligera, de 10l, para hidrataci\u00f3n\" \/><br \/>\n<img decoding=\"async\" title=\"WEST BIKING-mochila impermeable para bicicleta, transpirable, ultraligera, de 10l, para hidrataci\u00f3n\" src=\"https:\/\/bodegaoutdoor.cl\/store\/wp-content\/uploads\/2023\/08\/78376-ipvrit.jpg\" alt=\"WEST BIKING-mochila impermeable para bicicleta, transpirable, ultraligera, de 10l, para hidrataci\u00f3n\" \/><br \/>\n<img decoding=\"async\" title=\"WEST BIKING-mochila impermeable para bicicleta, transpirable, ultraligera, de 10l, para hidrataci\u00f3n\" src=\"https:\/\/bodegaoutdoor.cl\/store\/wp-content\/uploads\/2023\/08\/78376-x2egc3.jpg\" alt=\"WEST BIKING-mochila impermeable para bicicleta, transpirable, ultraligera, de 10l, para hidrataci\u00f3n\" \/><br \/>\n<img decoding=\"async\" title=\"WEST BIKING-mochila impermeable para bicicleta, transpirable, ultraligera, de 10l, para hidrataci\u00f3n\" src=\"https:\/\/bodegaoutdoor.cl\/store\/wp-content\/uploads\/2023\/08\/78376-4hbnfw.jpg\" alt=\"WEST BIKING-mochila impermeable para bicicleta, transpirable, ultraligera, de 10l, para hidrataci\u00f3n\" \/><br \/>\n<img decoding=\"async\" title=\"WEST BIKING-mochila impermeable para bicicleta, transpirable, ultraligera, de 10l, para hidrataci\u00f3n\" src=\"https:\/\/bodegaoutdoor.cl\/store\/wp-content\/uploads\/2023\/08\/78376-tbmmro.jpg\" alt=\"WEST BIKING-mochila impermeable para bicicleta, transpirable, ultraligera, de 10l, para hidrataci\u00f3n\" \/><br \/>\n<img decoding=\"async\" title=\"WEST BIKING-mochila impermeable para bicicleta, transpirable, ultraligera, de 10l, para hidrataci\u00f3n\" src=\"https:\/\/bodegaoutdoor.cl\/store\/wp-content\/uploads\/2023\/08\/78376-qjnkou.jpg\" alt=\"WEST BIKING-mochila impermeable para bicicleta, transpirable, ultraligera, de 10l, para hidrataci\u00f3n\" \/><br \/>\n<img decoding=\"async\" title=\"WEST BIKING-mochila impermeable para bicicleta, transpirable, ultraligera, de 10l, para hidrataci\u00f3n\" src=\"https:\/\/bodegaoutdoor.cl\/store\/wp-content\/uploads\/2023\/08\/78376-5go0pg.jpg\" alt=\"WEST BIKING-mochila impermeable para bicicleta, transpirable, ultraligera, de 10l, para hidrataci\u00f3n\" \/><br \/>\n<img decoding=\"async\" title=\"WEST BIKING-mochila impermeable para bicicleta, transpirable, ultraligera, de 10l, para hidrataci\u00f3n\" src=\"https:\/\/bodegaoutdoor.cl\/store\/wp-content\/uploads\/2023\/08\/78376-6khkqi.jpg\" alt=\"WEST BIKING-mochila impermeable para bicicleta, transpirable, ultraligera, de 10l, para hidrataci\u00f3n\" \/><\/p>\n<div style=\"margin-bottom: 6px; margin-top: 6px;\"><img decoding=\"async\" title=\"WEST BIKING-mochila impermeable para bicicleta, transpirable, ultraligera, de 10l, para hidrataci\u00f3n\" src=\"https:\/\/bodegaoutdoor.cl\/store\/wp-content\/uploads\/2023\/08\/78376-xnxvgn.jpg\" alt=\"WEST BIKING-mochila impermeable para bicicleta, transpirable, ultraligera, de 10l, para hidrataci\u00f3n\" width=\"810\" height=\"40\" \/><\/div>\n<p><img loading=\"lazy\" decoding=\"async\" title=\"WEST BIKING-mochila impermeable para bicicleta, transpirable, ultraligera, de 10l, para hidrataci\u00f3n\" src=\"\/\/hz01.i.aliimg.com\/img\/pb\/959\/942\/746\/746942959_855.jpg\" alt=\"WEST BIKING-mochila impermeable para bicicleta, transpirable, ultraligera, de 10l, para hidrataci\u00f3n\" width=\"425\" height=\"62\" \/><\/p>\n<p style=\"font-family: arial , helvetica; font-size: 12.0px; text-align: left;\">1) Aceptamos Alipay, West Union, TT.<span style=\"font-size: 13.0px;\">Se aceptan las principales tarjetas de cr\u00e9dito a trav\u00e9s del procesador de pagos seguro ESCROW.<\/span><\/p>\n<p style=\"font-family: arial , helvetica; font-size: 12.0px; text-align: left;\">2) El pago debe realizarse dentro de los 3 d\u00edas posteriores al pedido.<\/p>\n<p style=\"font-family: arial , helvetica; font-size: 12.0px; text-align: left;\">3) Si no puede pagar inmediatamente despu\u00e9s del cierre de la subasta, espere unos minutos y vuelva a intentarlo. Los pagos deben completarse en 3 d\u00edas.<\/p>\n<p style=\"margin-bottom: 6px; margin-top: 6px;\"><img loading=\"lazy\" decoding=\"async\" title=\"WEST BIKING-mochila impermeable para bicicleta, transpirable, ultraligera, de 10l, para hidrataci\u00f3n\" src=\"https:\/\/bodegaoutdoor.cl\/store\/wp-content\/uploads\/2023\/08\/78376-k9ku6k.jpg\" alt=\"WEST BIKING-mochila impermeable para bicicleta, transpirable, ultraligera, de 10l, para hidrataci\u00f3n\" width=\"810\" height=\"40\" \/><\/p>\n<p style=\"font-family: arial , helvetica; font-size: 12.0px; text-align: left; margin-bottom: 6px;\"><span style=\"font-weight: bold; font-size: 14px;\">1. ENV\u00cdO MUNDIAL.<\/span>(Excepto algunos pa\u00edses y APO\/FPO)<br \/>\n2. Los pedidos se procesan a tiempo despu\u00e9s de la verificaci\u00f3n de pago.<br \/>\n3. Solo enviamos a direcciones de pedido confirmadas. La direcci\u00f3n de su pedido DEBE COINCIDIR con la direcci\u00f3n de env\u00edo.<br \/>\n4. Las im\u00e1genes que se muestran no son el art\u00edculo real y son solo para su referencia.<br \/>\n5. El TIEMPO DE TR\u00c1NSITO del SERVICIO lo proporciona el transportista y excluye fines de semana y festivos. Los tiempos de tr\u00e1nsito pueden variar, sobre todo durante la temporada de vacaciones.<br \/>\n6. Si no ha recibido su env\u00edo en 30 d\u00edas desde el pago, p\u00f3ngase en contacto con nosotros. Realizaremos un seguimiento del env\u00edo y nos pondremos en contacto con usted lo antes posible con una respuesta. \u00a1Nuestro objetivo es la satisfacci\u00f3n del cliente!<br \/>\n7. Debido al estado de las existencias y a las diferencias horarias, elegiremos enviar su art\u00edculo desde nuestro primer almac\u00e9n disponible para una entrega r\u00e1pida.<\/p>\n<p style=\"font-family: arial , helvetica; font-size: 12.0px; text-align: left; margin-bottom: 6px;\"><img loading=\"lazy\" decoding=\"async\" title=\"WEST BIKING-mochila impermeable para bicicleta, transpirable, ultraligera, de 10l, para hidrataci\u00f3n\" src=\"https:\/\/bodegaoutdoor.cl\/store\/wp-content\/uploads\/2023\/08\/78376-wf3kbz.jpg\" alt=\"WEST BIKING-mochila impermeable para bicicleta, transpirable, ultraligera, de 10l, para hidrataci\u00f3n\" width=\"810\" height=\"40\" \/><\/p>\n<p style=\"font-family: arial , helvetica; font-size: 12.0px; text-align: left;\"><span style=\"font-family: arial , helvetica; font-size: 12.0px; text-align: left;\">1. Tiene 7 d\u00edas para contactarnos y 30 d\u00edas para devolverlo a partir de la fecha de recepci\u00f3n. Si este art\u00edculo est\u00e1 en su posesi\u00f3n m\u00e1s de 7 d\u00edas, se considera usado y NO LE EMITIREMOS UN REEMBOLSO O REEMPLAZO. \u00a1NO HAY EXCEPCIONES! Los gastos de env\u00edo corren a cargo del vendedor y del comprador a medias.<br \/>\n2. Todos los art\u00edculos devueltos DEBEN ESTAR en el embalaje original y DEBE PROPORCIONARNOS el n\u00famero de seguimiento de env\u00edo, el motivo espec\u00edfico de la devoluci\u00f3n y su n\u00famero de pedido.<br \/>\n3. Le reembolsaremos el IMPORTE TOTAL DE SU OFERTA GANADORA, una vez recibido el art\u00edculo en su estado y embalaje original con todos los componentes y accesorios incluidos, DESPU\u00c9S DE QUE TANTO EL COMPRADOR COMO EL VENDEDOR cancelen la transacci\u00f3n de Aliexpress. O bien, puede optar por un reemplazo.<br \/>\n4. Asumiremos todos los gastos de env\u00edo si el (los) producto (s) no es (son) como se anuncia (n).<\/span><\/p>\n<p style=\"margin-bottom: 6px; margin-top: 6px;\"><img loading=\"lazy\" decoding=\"async\" title=\"WEST BIKING-mochila impermeable para bicicleta, transpirable, ultraligera, de 10l, para hidrataci\u00f3n\" src=\"https:\/\/bodegaoutdoor.cl\/store\/wp-content\/uploads\/2023\/08\/78376-c6iufy.jpg\" alt=\"WEST BIKING-mochila impermeable para bicicleta, transpirable, ultraligera, de 10l, para hidrataci\u00f3n\" width=\"810\" height=\"40\" \/><\/p>\n<p style=\"font-family: arial , helvetica; font-size: 12.0px; text-align: left;\">1. 12 meses de garant\u00eda limitada del fabricante para art\u00edculos defectuosos (excluyendo art\u00edculos da\u00f1ados y\/o mal utilizados despu\u00e9s de la recepci\u00f3n). Los accesorios vienen con una garant\u00eda de 3 meses.<br \/>\n2. Los art\u00edculos defectuosos DEBEN SER reportados y devueltos dentro del per\u00edodo de garant\u00eda (y en el embalaje original, si es posible). Debe decirnos cu\u00e1l es el defecto y darnos su n\u00famero de pedido. No reparamos ni reemplazamos art\u00edculos con garant\u00eda expirada.<br \/>\n\u00a1Al realizar un pedido en aliexpress aceptas todas las pol\u00edticas mencionadas anteriormente!<\/p>\n<p style=\"margin-bottom: 6px; margin-top: 6px;\"><img loading=\"lazy\" decoding=\"async\" title=\"WEST BIKING-mochila impermeable para bicicleta, transpirable, ultraligera, de 10l, para hidrataci\u00f3n\" src=\"https:\/\/bodegaoutdoor.cl\/store\/wp-content\/uploads\/2023\/08\/78376-kmhkjp.jpg\" alt=\"WEST BIKING-mochila impermeable para bicicleta, transpirable, ultraligera, de 10l, para hidrataci\u00f3n\" width=\"810\" height=\"40\" \/><\/p>\n<p style=\"margin: 0.0px; padding: 0.0px; border: 0.0px; line-height: 16.0px; font-family: arial , helvetica; font-size: 12.0px; vertical-align: baseline;\">\u00a1Mantenemos altos est\u00e1ndares de excelencia y nos esforzamos por conseguir una satisfacci\u00f3n del cliente del 100 %! Los comentarios son muy importantes. Le pedimos que se ponga en contacto con nosotros inmediatamente ANTES de darnos comentarios neutrales o negativos, para que podamos abordar satisfactoriamente sus inquietudes.<br \/>\n\u00a1Es imposible abordar problemas si no los conocemos!<\/p>\n<p style=\"margin-top: 6px;\"><img loading=\"lazy\" decoding=\"async\" title=\"WEST BIKING-mochila impermeable para bicicleta, transpirable, ultraligera, de 10l, para hidrataci\u00f3n\" src=\"https:\/\/bodegaoutdoor.cl\/store\/wp-content\/uploads\/2023\/08\/78376-vlifot.jpg\" alt=\"WEST BIKING-mochila impermeable para bicicleta, transpirable, ultraligera, de 10l, para hidrataci\u00f3n\" width=\"810\" height=\"40\" \/><\/p>\n<\/div>\n\n    <div class=\"xs_social_share_widget xs_share_url after_content \t\tmain_content  wslu-style-1 wslu-share-box-shaped wslu-fill-colored wslu-none wslu-share-horizontal wslu-theme-font-no wslu-main_content\">\n\n\t\t\n        <ul>\n\t\t\t        <\/ul>\n    <\/div> \n","protected":false},"excerpt":{"rendered":"<p>Caracter\u00edsticas: Tela de nailon repelente al agua y resistente al desgarro. Cremalleras de buena calidad, f\u00e1cil cierre y descierre. Panel trasero acolchado transpirable, correa de estern\u00f3n ajustable y correa para el hombro. Correas ajustables laterales y frontales para colgar cualquier cosa que necesite. Ri\u00f1onera para tel\u00e9fono m\u00f3vil, llaves, accesorios peque\u00f1os. Especificaciones: Material: nailon Color: negro-gris, [&hellip;]<\/p>\n","protected":false},"featured_media":78381,"comment_status":"open","ping_status":"closed","template":"","meta":{"jetpack_publicize_message":"","jetpack_publicize_feature_enabled":true,"jetpack_social_post_already_shared":true,"jetpack_social_options":{"image_generator_settings":{"template":"highway","enabled":false},"version":2}},"product_brand":[],"product_cat":[195,238],"product_tag":[],"class_list":{"0":"post-78376","1":"product","2":"type-product","3":"status-publish","4":"has-post-thumbnail","6":"product_cat-mochilas","7":"product_cat-mochilas-10-30-litros","9":"first","10":"instock","11":"sale","12":"taxable","13":"shipping-taxable","14":"purchasable","15":"product-type-variable"},"jetpack_publicize_connections":[],"jetpack_sharing_enabled":true,"_links":{"self":[{"href":"https:\/\/bodegaoutdoor.cl\/store\/wp-json\/wp\/v2\/product\/78376","targetHints":{"allow":["GET"]}}],"collection":[{"href":"https:\/\/bodegaoutdoor.cl\/store\/wp-json\/wp\/v2\/product"}],"about":[{"href":"https:\/\/bodegaoutdoor.cl\/store\/wp-json\/wp\/v2\/types\/product"}],"replies":[{"embeddable":true,"href":"https:\/\/bodegaoutdoor.cl\/store\/wp-json\/wp\/v2\/comments?post=78376"}],"version-history":[{"count":29,"href":"https:\/\/bodegaoutdoor.cl\/store\/wp-json\/wp\/v2\/product\/78376\/revisions"}],"predecessor-version":[{"id":78445,"href":"https:\/\/bodegaoutdoor.cl\/store\/wp-json\/wp\/v2\/product\/78376\/revisions\/78445"}],"wp:featuredmedia":[{"embeddable":true,"href":"https:\/\/bodegaoutdoor.cl\/store\/wp-json\/wp\/v2\/media\/78381"}],"wp:attachment":[{"href":"https:\/\/bodegaoutdoor.cl\/store\/wp-json\/wp\/v2\/media?parent=78376"}],"wp:term":[{"taxonomy":"product_brand","embeddable":true,"href":"https:\/\/bodegaoutdoor.cl\/store\/wp-json\/wp\/v2\/product_brand?post=78376"},{"taxonomy":"product_cat","embeddable":true,"href":"https:\/\/bodegaoutdoor.cl\/store\/wp-json\/wp\/v2\/product_cat?post=78376"},{"taxonomy":"product_tag","embeddable":true,"href":"https:\/\/bodegaoutdoor.cl\/store\/wp-json\/wp\/v2\/product_tag?post=78376"}],"curies":[{"name":"wp","href":"https:\/\/api.w.org\/{rel}","templated":true}]}}