{"id":79572,"date":"2023-09-27T19:03:13","date_gmt":"2023-09-27T22:03:13","guid":{"rendered":"https:\/\/bodegaoutdoor.cl\/store\/product\/chaquetas-tacticas-de-piel-de-tiburon-para-hombre-chaqueta-militar-con-capucha-impermeable-a-prueba-de-viento-uniformes-funcionales-para-exteriores-multiples-bolsillos\/"},"modified":"2023-09-28T12:13:56","modified_gmt":"2023-09-28T15:13:56","slug":"chaquetas-tacticas-de-piel-de-tiburon-para-hombre-chaqueta-militar-con-capucha-impermeable-a-prueba-de-viento-uniformes-funcionales-para-exteriores-multiples-bolsillos","status":"publish","type":"product","link":"https:\/\/bodegaoutdoor.cl\/store\/product\/chaquetas-tacticas-de-piel-de-tiburon-para-hombre-chaqueta-militar-con-capucha-impermeable-a-prueba-de-viento-uniformes-funcionales-para-exteriores-multiples-bolsillos\/","title":{"rendered":"Chaquetas impermeable con capucha a prueba de viento, multiples bolsillos"},"content":{"rendered":"<p style=\"text-align: center;\"><video style=\"max-width: 100%;\" src=\"\/\/video.aliexpress-media.com\/play\/u\/ae_sg_item\/2208953147394\/p\/1\/e\/6\/t\/10301\/4000085356783.mp4\" poster=\"https:\/\/ae01.alicdn.com\/kf\/S7a04d0076aa44f0d87add7240d5c2a465\/Chaquetas-t-cticas-de-piel-de-tibur-n-para-hombre-chaqueta-militar-con-capucha-impermeable-a.jpg\" preload=\"auto\" controls=\"controls\" width=\"100%\" height=\"100%\"><\/video><\/p>\n<div>\n<div>\n<p><span style=\"font-size: 20px;\"><strong id=\"tl_1\"><br \/>\nChaquetas t\u00e1cticas de piel de tibur\u00f3n para hombre, chaqueta militar suave impermeable a prueba de viento con capucha, uniformes funcionales para exteriores, multibolsillos<\/strong><\/span><\/p>\n<p id=\"tl_2\" style=\"text-align: left; margin: 0;\"><img decoding=\"async\" title=\"Chaquetas t\u00e1cticas de piel de tibur\u00f3n para hombre, chaqueta militar con capucha impermeable a prueba de viento, uniformes funcionales para exteriores, m\u00faltiples bolsillos\" src=\"https:\/\/bodegaoutdoor.cl\/store\/wp-content\/uploads\/2023\/09\/79572-9pugmb.jpg\" alt=\"Chaquetas t\u00e1cticas de piel de tibur\u00f3n para hombre, chaqueta militar con capucha impermeable a prueba de viento, uniformes funcionales para exteriores, m\u00faltiples bolsillos\" \/> <img decoding=\"async\" title=\"Chaquetas t\u00e1cticas de piel de tibur\u00f3n para hombre, chaqueta militar con capucha impermeable a prueba de viento, uniformes funcionales para exteriores, m\u00faltiples bolsillos\" src=\"https:\/\/bodegaoutdoor.cl\/store\/wp-content\/uploads\/2023\/09\/79572-pytmc8.jpg\" alt=\"Chaquetas t\u00e1cticas de piel de tibur\u00f3n para hombre, chaqueta militar con capucha impermeable a prueba de viento, uniformes funcionales para exteriores, m\u00faltiples bolsillos\" \/><\/p>\n<p>Consejos c\u00e1lidos:<br \/>\n1. Este tama\u00f1o se mide en cm, 1 pulgada = 2,54 cm<br \/>\nDebido a la medici\u00f3n manual, puede haber un error de aproximadamente 1-3cm, por favor comprenda.<br \/>\n2. \u00bfNo est\u00e1 seguro de su talla?<br \/>\nNo se preocupe, solo h\u00e1ganos saber su altura, peso y busto, le recomendaremos el tama\u00f1o adecuado para usted.<br \/>\n3. Apreciamos que si pudiera permitir una ligera diferencia de color, ya que diferentes computadoras pueden mostrar diferentes colores.<br \/>\n4. Este es el tama\u00f1o asi\u00e1tico, el tama\u00f1o asi\u00e1tico es aproximadamente 1 ~ 2 tama\u00f1os m\u00e1s peque\u00f1o que US\/UK\/RU\/EU\/SIZE.<\/p>\n<p><img decoding=\"async\" title=\"Chaquetas t\u00e1cticas de piel de tibur\u00f3n para hombre, chaqueta militar con capucha impermeable a prueba de viento, uniformes funcionales para exteriores, m\u00faltiples bolsillos\" src=\"https:\/\/bodegaoutdoor.cl\/store\/wp-content\/uploads\/2023\/09\/79572-vttrhn.jpg\" alt=\"Chaquetas t\u00e1cticas de piel de tibur\u00f3n para hombre, chaqueta militar con capucha impermeable a prueba de viento, uniformes funcionales para exteriores, m\u00faltiples bolsillos\" \/><\/p>\n<p>&nbsp;<\/p>\n<p style=\"text-align: left; margin: 0;\"><img decoding=\"async\" title=\"Chaquetas t\u00e1cticas de piel de tibur\u00f3n para hombre, chaqueta militar con capucha impermeable a prueba de viento, uniformes funcionales para exteriores, m\u00faltiples bolsillos\" src=\"https:\/\/bodegaoutdoor.cl\/store\/wp-content\/uploads\/2023\/09\/79572-00hcxa.jpg\" alt=\"Chaquetas t\u00e1cticas de piel de tibur\u00f3n para hombre, chaqueta militar con capucha impermeable a prueba de viento, uniformes funcionales para exteriores, m\u00faltiples bolsillos\" \/><img decoding=\"async\" title=\"Chaquetas t\u00e1cticas de piel de tibur\u00f3n para hombre, chaqueta militar con capucha impermeable a prueba de viento, uniformes funcionales para exteriores, m\u00faltiples bolsillos\" src=\"https:\/\/bodegaoutdoor.cl\/store\/wp-content\/uploads\/2023\/09\/79572-gmf7ff.jpg\" alt=\"Chaquetas t\u00e1cticas de piel de tibur\u00f3n para hombre, chaqueta militar con capucha impermeable a prueba de viento, uniformes funcionales para exteriores, m\u00faltiples bolsillos\" \/><img decoding=\"async\" title=\"Chaquetas t\u00e1cticas de piel de tibur\u00f3n para hombre, chaqueta militar con capucha impermeable a prueba de viento, uniformes funcionales para exteriores, m\u00faltiples bolsillos\" src=\"https:\/\/bodegaoutdoor.cl\/store\/wp-content\/uploads\/2023\/09\/79572-xgi4vp.jpg\" alt=\"Chaquetas t\u00e1cticas de piel de tibur\u00f3n para hombre, chaqueta militar con capucha impermeable a prueba de viento, uniformes funcionales para exteriores, m\u00faltiples bolsillos\" \/><img decoding=\"async\" style=\"width: 800px;\" title=\"Chaquetas t\u00e1cticas de piel de tibur\u00f3n para hombre, chaqueta militar con capucha impermeable a prueba de viento, uniformes funcionales para exteriores, m\u00faltiples bolsillos\" src=\"https:\/\/bodegaoutdoor.cl\/store\/wp-content\/uploads\/2023\/09\/79572-m6va7f.jpg\" alt=\"Chaquetas t\u00e1cticas de piel de tibur\u00f3n para hombre, chaqueta militar con capucha impermeable a prueba de viento, uniformes funcionales para exteriores, m\u00faltiples bolsillos\" \/><img decoding=\"async\" style=\"width: 800px;\" title=\"Chaquetas t\u00e1cticas de piel de tibur\u00f3n para hombre, chaqueta militar con capucha impermeable a prueba de viento, uniformes funcionales para exteriores, m\u00faltiples bolsillos\" src=\"https:\/\/bodegaoutdoor.cl\/store\/wp-content\/uploads\/2023\/09\/79572-v8rja2.jpg\" alt=\"Chaquetas t\u00e1cticas de piel de tibur\u00f3n para hombre, chaqueta militar con capucha impermeable a prueba de viento, uniformes funcionales para exteriores, m\u00faltiples bolsillos\" \/><img decoding=\"async\" style=\"width: 800px;\" title=\"Chaquetas t\u00e1cticas de piel de tibur\u00f3n para hombre, chaqueta militar con capucha impermeable a prueba de viento, uniformes funcionales para exteriores, m\u00faltiples bolsillos\" src=\"https:\/\/bodegaoutdoor.cl\/store\/wp-content\/uploads\/2023\/09\/79572-uryfrf.jpg\" alt=\"Chaquetas t\u00e1cticas de piel de tibur\u00f3n para hombre, chaqueta militar con capucha impermeable a prueba de viento, uniformes funcionales para exteriores, m\u00faltiples bolsillos\" \/><img decoding=\"async\" style=\"width: 800px;\" title=\"Chaquetas t\u00e1cticas de piel de tibur\u00f3n para hombre, chaqueta militar con capucha impermeable a prueba de viento, uniformes funcionales para exteriores, m\u00faltiples bolsillos\" src=\"https:\/\/bodegaoutdoor.cl\/store\/wp-content\/uploads\/2023\/09\/79572-esux7v.jpg\" alt=\"Chaquetas t\u00e1cticas de piel de tibur\u00f3n para hombre, chaqueta militar con capucha impermeable a prueba de viento, uniformes funcionales para exteriores, m\u00faltiples bolsillos\" \/><img decoding=\"async\" style=\"width: 800px;\" title=\"Chaquetas t\u00e1cticas de piel de tibur\u00f3n para hombre, chaqueta militar con capucha impermeable a prueba de viento, uniformes funcionales para exteriores, m\u00faltiples bolsillos\" src=\"https:\/\/bodegaoutdoor.cl\/store\/wp-content\/uploads\/2023\/09\/79572-kz5lzw.jpg\" alt=\"Chaquetas t\u00e1cticas de piel de tibur\u00f3n para hombre, chaqueta militar con capucha impermeable a prueba de viento, uniformes funcionales para exteriores, m\u00faltiples bolsillos\" \/><img decoding=\"async\" style=\"width: 800px;\" title=\"Chaquetas t\u00e1cticas de piel de tibur\u00f3n para hombre, chaqueta militar con capucha impermeable a prueba de viento, uniformes funcionales para exteriores, m\u00faltiples bolsillos\" src=\"https:\/\/bodegaoutdoor.cl\/store\/wp-content\/uploads\/2023\/09\/79572-jtu1gs.jpg\" alt=\"Chaquetas t\u00e1cticas de piel de tibur\u00f3n para hombre, chaqueta militar con capucha impermeable a prueba de viento, uniformes funcionales para exteriores, m\u00faltiples bolsillos\" \/><img decoding=\"async\" style=\"width: 800px;\" title=\"Chaquetas t\u00e1cticas de piel de tibur\u00f3n para hombre, chaqueta militar con capucha impermeable a prueba de viento, uniformes funcionales para exteriores, m\u00faltiples bolsillos\" src=\"https:\/\/bodegaoutdoor.cl\/store\/wp-content\/uploads\/2023\/09\/79572-rerji3.jpg\" alt=\"Chaquetas t\u00e1cticas de piel de tibur\u00f3n para hombre, chaqueta militar con capucha impermeable a prueba de viento, uniformes funcionales para exteriores, m\u00faltiples bolsillos\" \/><br \/>\n<img decoding=\"async\" style=\"width: 800px;\" title=\"Chaquetas t\u00e1cticas de piel de tibur\u00f3n para hombre, chaqueta militar con capucha impermeable a prueba de viento, uniformes funcionales para exteriores, m\u00faltiples bolsillos\" src=\"https:\/\/bodegaoutdoor.cl\/store\/wp-content\/uploads\/2023\/09\/79572-qxfgpy.jpg\" alt=\"Chaquetas t\u00e1cticas de piel de tibur\u00f3n para hombre, chaqueta militar con capucha impermeable a prueba de viento, uniformes funcionales para exteriores, m\u00faltiples bolsillos\" \/><img decoding=\"async\" style=\"width: 800px;\" title=\"Chaquetas t\u00e1cticas de piel de tibur\u00f3n para hombre, chaqueta militar con capucha impermeable a prueba de viento, uniformes funcionales para exteriores, m\u00faltiples bolsillos\" src=\"https:\/\/bodegaoutdoor.cl\/store\/wp-content\/uploads\/2023\/09\/79572-tnfgij.jpg\" alt=\"Chaquetas t\u00e1cticas de piel de tibur\u00f3n para hombre, chaqueta militar con capucha impermeable a prueba de viento, uniformes funcionales para exteriores, m\u00faltiples bolsillos\" \/><img decoding=\"async\" style=\"width: 800px;\" title=\"Chaquetas t\u00e1cticas de piel de tibur\u00f3n para hombre, chaqueta militar con capucha impermeable a prueba de viento, uniformes funcionales para exteriores, m\u00faltiples bolsillos\" src=\"https:\/\/bodegaoutdoor.cl\/store\/wp-content\/uploads\/2023\/09\/79572-ennk9k.jpg\" alt=\"Chaquetas t\u00e1cticas de piel de tibur\u00f3n para hombre, chaqueta militar con capucha impermeable a prueba de viento, uniformes funcionales para exteriores, m\u00faltiples bolsillos\" \/><img decoding=\"async\" style=\"width: 800px;\" title=\"Chaquetas t\u00e1cticas de piel de tibur\u00f3n para hombre, chaqueta militar con capucha impermeable a prueba de viento, uniformes funcionales para exteriores, m\u00faltiples bolsillos\" src=\"https:\/\/bodegaoutdoor.cl\/store\/wp-content\/uploads\/2023\/09\/79572-yjrges.jpg\" alt=\"Chaquetas t\u00e1cticas de piel de tibur\u00f3n para hombre, chaqueta militar con capucha impermeable a prueba de viento, uniformes funcionales para exteriores, m\u00faltiples bolsillos\" \/><\/p>\n<\/div>\n<\/div>\n\n    <div class=\"xs_social_share_widget xs_share_url after_content \t\tmain_content  wslu-style-1 wslu-share-box-shaped wslu-fill-colored wslu-none wslu-share-horizontal wslu-theme-font-no wslu-main_content\">\n\n\t\t\n        <ul>\n\t\t\t        <\/ul>\n    <\/div> \n","protected":false},"excerpt":{"rendered":"<p>Chaquetas t\u00e1cticas de piel de tibur\u00f3n para hombre, chaqueta militar suave impermeable a prueba de viento con capucha, uniformes funcionales para exteriores, multibolsillos Consejos c\u00e1lidos: 1. Este tama\u00f1o se mide en cm, 1 pulgada = 2,54 cm Debido a la medici\u00f3n manual, puede haber un error de aproximadamente 1-3cm, por favor comprenda. 2. \u00bfNo est\u00e1 [&hellip;]<\/p>\n","protected":false},"featured_media":79588,"comment_status":"open","ping_status":"closed","template":"","meta":{"jetpack_publicize_message":"","jetpack_publicize_feature_enabled":true,"jetpack_social_post_already_shared":true,"jetpack_social_options":{"image_generator_settings":{"template":"highway","enabled":false},"version":2}},"product_brand":[],"product_cat":[15,73,62],"product_tag":[],"class_list":{"0":"post-79572","1":"product","2":"type-product","3":"status-publish","4":"has-post-thumbnail","6":"product_cat-otros","7":"product_cat-hombre-tercera","8":"product_cat-vestuario-hombre","10":"first","11":"instock","12":"sale","13":"taxable","14":"shipping-taxable","15":"purchasable","16":"product-type-variable"},"jetpack_publicize_connections":[],"jetpack_sharing_enabled":true,"_links":{"self":[{"href":"https:\/\/bodegaoutdoor.cl\/store\/wp-json\/wp\/v2\/product\/79572","targetHints":{"allow":["GET"]}}],"collection":[{"href":"https:\/\/bodegaoutdoor.cl\/store\/wp-json\/wp\/v2\/product"}],"about":[{"href":"https:\/\/bodegaoutdoor.cl\/store\/wp-json\/wp\/v2\/types\/product"}],"replies":[{"embeddable":true,"href":"https:\/\/bodegaoutdoor.cl\/store\/wp-json\/wp\/v2\/comments?post=79572"}],"version-history":[{"count":20,"href":"https:\/\/bodegaoutdoor.cl\/store\/wp-json\/wp\/v2\/product\/79572\/revisions"}],"predecessor-version":[{"id":79911,"href":"https:\/\/bodegaoutdoor.cl\/store\/wp-json\/wp\/v2\/product\/79572\/revisions\/79911"}],"wp:featuredmedia":[{"embeddable":true,"href":"https:\/\/bodegaoutdoor.cl\/store\/wp-json\/wp\/v2\/media\/79588"}],"wp:attachment":[{"href":"https:\/\/bodegaoutdoor.cl\/store\/wp-json\/wp\/v2\/media?parent=79572"}],"wp:term":[{"taxonomy":"product_brand","embeddable":true,"href":"https:\/\/bodegaoutdoor.cl\/store\/wp-json\/wp\/v2\/product_brand?post=79572"},{"taxonomy":"product_cat","embeddable":true,"href":"https:\/\/bodegaoutdoor.cl\/store\/wp-json\/wp\/v2\/product_cat?post=79572"},{"taxonomy":"product_tag","embeddable":true,"href":"https:\/\/bodegaoutdoor.cl\/store\/wp-json\/wp\/v2\/product_tag?post=79572"}],"curies":[{"name":"wp","href":"https:\/\/api.w.org\/{rel}","templated":true}]}}