{"id":79666,"date":"2023-09-27T19:33:03","date_gmt":"2023-09-27T22:33:03","guid":{"rendered":"https:\/\/bodegaoutdoor.cl\/store\/product\/minilinterna-cob-para-exteriores-lampara-portatil-con-llavero-4-modos-de-iluminacion-resistente-al-agua-de-emergencia-para-acampada-pesca-y-trabajo-10-piezas\/"},"modified":"2023-09-29T12:50:02","modified_gmt":"2023-09-29T15:50:02","slug":"minilinterna-cob-para-exteriores-lampara-portatil-con-llavero-4-modos-de-iluminacion-resistente-al-agua-de-emergencia-para-acampada-pesca-y-trabajo-10-piezas","status":"publish","type":"product","link":"https:\/\/bodegaoutdoor.cl\/store\/product\/minilinterna-cob-para-exteriores-lampara-portatil-con-llavero-4-modos-de-iluminacion-resistente-al-agua-de-emergencia-para-acampada-pesca-y-trabajo-10-piezas\/","title":{"rendered":"Minilinterna COB para exteriores, l\u00e1mpara port\u00e1til con llavero, 4 modos de iluminaci\u00f3n, resistente al agua, de emergencia, para acampada, pesca y trabajo, 10 piezas"},"content":{"rendered":"<p style=\"text-align: center;\"><video style=\"max-width: 100%;\" src=\"\/\/video.aliexpress-media.com\/play\/u\/ae_sg_item\/2215469071030\/p\/1\/e\/6\/t\/10301\/1100177685550.mp4\" poster=\"https:\/\/ae01.alicdn.com\/kf\/S50a930ab9c86432fa3445cdcbfaa7769F\/Minilinterna-COB-para-exteriores-l-mpara-port-til-con-llavero-4-modos-de-iluminaci-n-resistente.jpg\" preload=\"auto\" controls=\"controls\" width=\"100%\" height=\"100%\"><\/video><\/p>\n<div>\n<div>\n<h4><span style=\"font-size: 24px;\"><strong id=\"tl_1\">Linterna port\u00e1til de alto brillo COB, Mini llavero LED multifunci\u00f3n, L\u00e1mpara de trabajo, recargable por USB, bater\u00eda de litio de 500mAh, impermeable, para exteriores, emergencia, Camping, pesca, antorcha, sacacorchos<\/strong><\/span><\/h4>\n<div>\n<div>\n<div id=\"1100177684255\" data-previewurl=\"\/\/ae01.alicdn.com\/kf\/S91b26f8038fb4410912783d01137ee74y.jpg\"><\/div>\n<\/div>\n<\/div>\n<p>&nbsp;<\/p>\n<h4><span style=\"font-size: 20px;\"><strong id=\"tl_2\">Caracter\u00edsticas:<\/strong><\/span><\/h4>\n<h4 id=\"tl_3\">1. <strong>Carga r\u00e1pida tipo C:<\/strong>Cuando necesite cargar, simplemente conecte una fuente de alimentaci\u00f3n USB, incluido un cable de carga USB.<\/h4>\n<h4 id=\"tl_4\">2. <strong>Pantalla de alimentaci\u00f3n LED<\/strong><\/h4>\n<h4 id=\"tl_5\">3. <strong>Fuerte adsorci\u00f3n magn\u00e9tica<\/strong>, Adecuado para una variedad de escenas<\/h4>\n<h4 id=\"tl_6\">4. <strong>Bater\u00eda de pol\u00edmero de litio incorporada<\/strong>(500mAh)<\/h4>\n<h4 id=\"tl_7\">5. <strong>Cuatro modos:<\/strong>Luz fuerte-luz baja-flash-prensa larga luz s\u00faper fuerte<\/h4>\n<h4 id=\"tl_8\">6. <strong>Caracter\u00edsticas adicionales:<\/strong>Soporte trasero, llavero, abrebotellas, magn\u00e9tico fuerte, orificio de soporte<\/h4>\n<h4 id=\"tl_9\">7. <strong>Peque\u00f1o y port\u00e1til:<\/strong>Con gancho, se puede utilizar como luz de trabajo.<\/h4>\n<h4 id=\"tl_10\">8. <strong>Uso:<\/strong>Uso para pesca, senderismo y camping, sacacorchos, mantenimiento de carreteras de emergencia o trabajo multiusos, etc.<\/h4>\n<h4 id=\"tl_11\">9. <strong>Luz COB brillante:<\/strong>La luz del llavero cuenta con potentes LED<\/h4>\n<h4><\/h4>\n<h4><\/h4>\n<h4><strong><span id=\"tl_12\" style=\"font-size: 20px;\">Especificaci\u00f3n:<\/span><\/strong><\/h4>\n<h4 id=\"tl_13\">Nombre: Luz de llavero port\u00e1til multifuncional<\/h4>\n<h4 id=\"tl_14\">Material: ABS + aleaci\u00f3n de aluminio<\/h4>\n<h4 id=\"tl_15\">Carga: Interfaz de carga r\u00e1pida TPC<\/h4>\n<h4 id=\"tl_16\">Color DE LA LUZ: \u00e1rea blanca luz natural<\/h4>\n<h4 id=\"tl_17\">Mechas: 30 mechas resaltadas COB<\/h4>\n<h4 id=\"tl_18\">Brillo: 500LM<\/h4>\n<h4 id=\"tl_19\">Bater\u00eda: Bater\u00eda de pol\u00edmero de litio incorporada (500mAh)<\/h4>\n<h4 id=\"tl_20\">Resistencia: 3-5 horas<\/h4>\n<h4 id=\"tl_21\">Equipo: luz fuerte-luz baja-flash-Luz S\u00faper fuerte de presi\u00f3n larga<\/h4>\n<h4 id=\"tl_22\">Impermeable: vida impermeable<\/h4>\n<h4 id=\"tl_23\">Peso: 45g<\/h4>\n<h4><\/h4>\n<h4><\/h4>\n<h4><span style=\"font-size: 20px;\"><strong id=\"tl_24\">Paquete incluido:<\/strong><\/span><\/h4>\n<h4 id=\"tl_25\">1 x linterna;<\/h4>\n<h4 id=\"tl_26\">1 x cable USB;<\/h4>\n<h4 id=\"tl_27\">1 manual de instrucciones<\/h4>\n<h4><\/h4>\n<p>&nbsp;<\/p>\n<h4><strong><span id=\"tl_28\" style=\"font-size: 20px;\">NOTA:<\/span><\/strong><\/h4>\n<h4 id=\"tl_29\">1. \u00a1Evite la exposici\u00f3n directa al ojo!<\/h4>\n<h4 id=\"tl_30\">2. Debido monitores y a los diferentes efectos de luz, el color real del art\u00edculo puede ser ligeramente diferente del color que se muestra en las im\u00e1genes. \u00a1Gracias!<\/h4>\n<h4 id=\"tl_31\">3. Permita una desviaci\u00f3n de medici\u00f3n de 1-2cm debido a la medici\u00f3n manual. <img decoding=\"async\" title=\"Minilinterna COB para exteriores, l\u00e1mpara port\u00e1til con llavero, 4 modos de iluminaci\u00f3n, resistente al agua, de emergencia, para acampada, pesca y trabajo, 10 piezas\" src=\"https:\/\/bodegaoutdoor.cl\/store\/wp-content\/uploads\/2023\/09\/79666-yb8jkv.jpg\" alt=\"Minilinterna COB para exteriores, l\u00e1mpara port\u00e1til con llavero, 4 modos de iluminaci\u00f3n, resistente al agua, de emergencia, para acampada, pesca y trabajo, 10 piezas\" \/> <img decoding=\"async\" title=\"Minilinterna COB para exteriores, l\u00e1mpara port\u00e1til con llavero, 4 modos de iluminaci\u00f3n, resistente al agua, de emergencia, para acampada, pesca y trabajo, 10 piezas\" src=\"https:\/\/bodegaoutdoor.cl\/store\/wp-content\/uploads\/2023\/09\/79666-5lrwul.jpg\" alt=\"Minilinterna COB para exteriores, l\u00e1mpara port\u00e1til con llavero, 4 modos de iluminaci\u00f3n, resistente al agua, de emergencia, para acampada, pesca y trabajo, 10 piezas\" \/> <img decoding=\"async\" title=\"Minilinterna COB para exteriores, l\u00e1mpara port\u00e1til con llavero, 4 modos de iluminaci\u00f3n, resistente al agua, de emergencia, para acampada, pesca y trabajo, 10 piezas\" src=\"https:\/\/bodegaoutdoor.cl\/store\/wp-content\/uploads\/2023\/09\/79666-ahltxs.jpg\" alt=\"Minilinterna COB para exteriores, l\u00e1mpara port\u00e1til con llavero, 4 modos de iluminaci\u00f3n, resistente al agua, de emergencia, para acampada, pesca y trabajo, 10 piezas\" \/><\/h4>\n<p><img decoding=\"async\" title=\"Minilinterna COB para exteriores, l\u00e1mpara port\u00e1til con llavero, 4 modos de iluminaci\u00f3n, resistente al agua, de emergencia, para acampada, pesca y trabajo, 10 piezas\" src=\"https:\/\/bodegaoutdoor.cl\/store\/wp-content\/uploads\/2023\/09\/79666-xvhdzc.jpg\" alt=\"Minilinterna COB para exteriores, l\u00e1mpara port\u00e1til con llavero, 4 modos de iluminaci\u00f3n, resistente al agua, de emergencia, para acampada, pesca y trabajo, 10 piezas\" \/><img decoding=\"async\" title=\"Minilinterna COB para exteriores, l\u00e1mpara port\u00e1til con llavero, 4 modos de iluminaci\u00f3n, resistente al agua, de emergencia, para acampada, pesca y trabajo, 10 piezas\" src=\"https:\/\/bodegaoutdoor.cl\/store\/wp-content\/uploads\/2023\/09\/79666-9sy8sp.jpg\" alt=\"Minilinterna COB para exteriores, l\u00e1mpara port\u00e1til con llavero, 4 modos de iluminaci\u00f3n, resistente al agua, de emergencia, para acampada, pesca y trabajo, 10 piezas\" \/><img decoding=\"async\" title=\"Minilinterna COB para exteriores, l\u00e1mpara port\u00e1til con llavero, 4 modos de iluminaci\u00f3n, resistente al agua, de emergencia, para acampada, pesca y trabajo, 10 piezas\" src=\"https:\/\/bodegaoutdoor.cl\/store\/wp-content\/uploads\/2023\/09\/79666-f05jbu.jpg\" alt=\"Minilinterna COB para exteriores, l\u00e1mpara port\u00e1til con llavero, 4 modos de iluminaci\u00f3n, resistente al agua, de emergencia, para acampada, pesca y trabajo, 10 piezas\" \/><img decoding=\"async\" title=\"Minilinterna COB para exteriores, l\u00e1mpara port\u00e1til con llavero, 4 modos de iluminaci\u00f3n, resistente al agua, de emergencia, para acampada, pesca y trabajo, 10 piezas\" src=\"https:\/\/bodegaoutdoor.cl\/store\/wp-content\/uploads\/2023\/09\/79666-gqx5e9.jpg\" alt=\"Minilinterna COB para exteriores, l\u00e1mpara port\u00e1til con llavero, 4 modos de iluminaci\u00f3n, resistente al agua, de emergencia, para acampada, pesca y trabajo, 10 piezas\" \/><img decoding=\"async\" title=\"Minilinterna COB para exteriores, l\u00e1mpara port\u00e1til con llavero, 4 modos de iluminaci\u00f3n, resistente al agua, de emergencia, para acampada, pesca y trabajo, 10 piezas\" src=\"https:\/\/bodegaoutdoor.cl\/store\/wp-content\/uploads\/2023\/09\/79666-hhsizl.jpg\" alt=\"Minilinterna COB para exteriores, l\u00e1mpara port\u00e1til con llavero, 4 modos de iluminaci\u00f3n, resistente al agua, de emergencia, para acampada, pesca y trabajo, 10 piezas\" \/><img decoding=\"async\" title=\"Minilinterna COB para exteriores, l\u00e1mpara port\u00e1til con llavero, 4 modos de iluminaci\u00f3n, resistente al agua, de emergencia, para acampada, pesca y trabajo, 10 piezas\" src=\"https:\/\/bodegaoutdoor.cl\/store\/wp-content\/uploads\/2023\/09\/79666-wguh0q.jpg\" alt=\"Minilinterna COB para exteriores, l\u00e1mpara port\u00e1til con llavero, 4 modos de iluminaci\u00f3n, resistente al agua, de emergencia, para acampada, pesca y trabajo, 10 piezas\" \/><img decoding=\"async\" title=\"Minilinterna COB para exteriores, l\u00e1mpara port\u00e1til con llavero, 4 modos de iluminaci\u00f3n, resistente al agua, de emergencia, para acampada, pesca y trabajo, 10 piezas\" src=\"https:\/\/bodegaoutdoor.cl\/store\/wp-content\/uploads\/2023\/09\/79666-khbnqr.jpg\" alt=\"Minilinterna COB para exteriores, l\u00e1mpara port\u00e1til con llavero, 4 modos de iluminaci\u00f3n, resistente al agua, de emergencia, para acampada, pesca y trabajo, 10 piezas\" \/><img decoding=\"async\" title=\"Minilinterna COB para exteriores, l\u00e1mpara port\u00e1til con llavero, 4 modos de iluminaci\u00f3n, resistente al agua, de emergencia, para acampada, pesca y trabajo, 10 piezas\" src=\"https:\/\/bodegaoutdoor.cl\/store\/wp-content\/uploads\/2023\/09\/79666-lpa85v.jpg\" alt=\"Minilinterna COB para exteriores, l\u00e1mpara port\u00e1til con llavero, 4 modos de iluminaci\u00f3n, resistente al agua, de emergencia, para acampada, pesca y trabajo, 10 piezas\" \/><img decoding=\"async\" title=\"Minilinterna COB para exteriores, l\u00e1mpara port\u00e1til con llavero, 4 modos de iluminaci\u00f3n, resistente al agua, de emergencia, para acampada, pesca y trabajo, 10 piezas\" src=\"https:\/\/bodegaoutdoor.cl\/store\/wp-content\/uploads\/2023\/09\/79666-tipc9p.jpg\" alt=\"Minilinterna COB para exteriores, l\u00e1mpara port\u00e1til con llavero, 4 modos de iluminaci\u00f3n, resistente al agua, de emergencia, para acampada, pesca y trabajo, 10 piezas\" \/><img decoding=\"async\" title=\"Minilinterna COB para exteriores, l\u00e1mpara port\u00e1til con llavero, 4 modos de iluminaci\u00f3n, resistente al agua, de emergencia, para acampada, pesca y trabajo, 10 piezas\" src=\"https:\/\/bodegaoutdoor.cl\/store\/wp-content\/uploads\/2023\/09\/79666-5yiqaq.jpg\" alt=\"Minilinterna COB para exteriores, l\u00e1mpara port\u00e1til con llavero, 4 modos de iluminaci\u00f3n, resistente al agua, de emergencia, para acampada, pesca y trabajo, 10 piezas\" \/><img decoding=\"async\" title=\"Minilinterna COB para exteriores, l\u00e1mpara port\u00e1til con llavero, 4 modos de iluminaci\u00f3n, resistente al agua, de emergencia, para acampada, pesca y trabajo, 10 piezas\" src=\"https:\/\/bodegaoutdoor.cl\/store\/wp-content\/uploads\/2023\/09\/79666-fdsdhi.jpg\" alt=\"Minilinterna COB para exteriores, l\u00e1mpara port\u00e1til con llavero, 4 modos de iluminaci\u00f3n, resistente al agua, de emergencia, para acampada, pesca y trabajo, 10 piezas\" \/><\/p>\n<p>&nbsp;<\/p>\n<\/div>\n<\/div>\n\n    <div class=\"xs_social_share_widget xs_share_url after_content \t\tmain_content  wslu-style-1 wslu-share-box-shaped wslu-fill-colored wslu-none wslu-share-horizontal wslu-theme-font-no wslu-main_content\">\n\n\t\t\n        <ul>\n\t\t\t        <\/ul>\n    <\/div> \n","protected":false},"excerpt":{"rendered":"<p>Linterna port\u00e1til de alto brillo COB, Mini llavero LED multifunci\u00f3n, L\u00e1mpara de trabajo, recargable por USB, bater\u00eda de litio de 500mAh, impermeable, para exteriores, emergencia, Camping, pesca, antorcha, sacacorchos &nbsp; Caracter\u00edsticas: 1. Carga r\u00e1pida tipo C:Cuando necesite cargar, simplemente conecte una fuente de alimentaci\u00f3n USB, incluido un cable de carga USB. 2. Pantalla de alimentaci\u00f3n [&hellip;]<\/p>\n","protected":false},"featured_media":79719,"comment_status":"open","ping_status":"closed","template":"","meta":{"jetpack_publicize_message":"","jetpack_publicize_feature_enabled":true,"jetpack_social_post_already_shared":true,"jetpack_social_options":{"image_generator_settings":{"template":"highway","enabled":false},"version":2}},"product_brand":[],"product_cat":[15,2814,35,4750],"product_tag":[],"class_list":{"0":"post-79666","1":"product","2":"type-product","3":"status-publish","4":"has-post-thumbnail","6":"product_cat-otros","7":"product_cat-camping","8":"product_cat-iliminacion","9":"product_cat-linterna-led","11":"first","12":"instock","13":"sale","14":"taxable","15":"shipping-taxable","16":"purchasable","17":"product-type-variable"},"jetpack_publicize_connections":[],"jetpack_sharing_enabled":true,"_links":{"self":[{"href":"https:\/\/bodegaoutdoor.cl\/store\/wp-json\/wp\/v2\/product\/79666","targetHints":{"allow":["GET"]}}],"collection":[{"href":"https:\/\/bodegaoutdoor.cl\/store\/wp-json\/wp\/v2\/product"}],"about":[{"href":"https:\/\/bodegaoutdoor.cl\/store\/wp-json\/wp\/v2\/types\/product"}],"replies":[{"embeddable":true,"href":"https:\/\/bodegaoutdoor.cl\/store\/wp-json\/wp\/v2\/comments?post=79666"}],"version-history":[{"count":16,"href":"https:\/\/bodegaoutdoor.cl\/store\/wp-json\/wp\/v2\/product\/79666\/revisions"}],"predecessor-version":[{"id":79920,"href":"https:\/\/bodegaoutdoor.cl\/store\/wp-json\/wp\/v2\/product\/79666\/revisions\/79920"}],"wp:featuredmedia":[{"embeddable":true,"href":"https:\/\/bodegaoutdoor.cl\/store\/wp-json\/wp\/v2\/media\/79719"}],"wp:attachment":[{"href":"https:\/\/bodegaoutdoor.cl\/store\/wp-json\/wp\/v2\/media?parent=79666"}],"wp:term":[{"taxonomy":"product_brand","embeddable":true,"href":"https:\/\/bodegaoutdoor.cl\/store\/wp-json\/wp\/v2\/product_brand?post=79666"},{"taxonomy":"product_cat","embeddable":true,"href":"https:\/\/bodegaoutdoor.cl\/store\/wp-json\/wp\/v2\/product_cat?post=79666"},{"taxonomy":"product_tag","embeddable":true,"href":"https:\/\/bodegaoutdoor.cl\/store\/wp-json\/wp\/v2\/product_tag?post=79666"}],"curies":[{"name":"wp","href":"https:\/\/api.w.org\/{rel}","templated":true}]}}