{"id":80474,"date":"2023-11-17T19:40:55","date_gmt":"2023-11-17T22:40:55","guid":{"rendered":"https:\/\/bodegaoutdoor.cl\/store\/product\/chaleco-a-prueba-de-balas-iiia-nivel-ultraligero-ropa-tactica-de-placa-oculta-chaleco-balistico-tactico-para-exteriores-6xl\/"},"modified":"2023-11-24T12:35:31","modified_gmt":"2023-11-24T15:35:31","slug":"chaleco-a-prueba-de-balas-iiia-nivel-ultraligero-ropa-tactica-de-placa-oculta-chaleco-balistico-tactico-para-exteriores-6xl","status":"publish","type":"product","link":"https:\/\/bodegaoutdoor.cl\/store\/product\/chaleco-a-prueba-de-balas-iiia-nivel-ultraligero-ropa-tactica-de-placa-oculta-chaleco-balistico-tactico-para-exteriores-6xl\/","title":{"rendered":"Chaleco a prueba de balas IIIA nivel ultraligero"},"content":{"rendered":"<p style=\"text-align: center;\"><video style=\"max-width: 100%;\" src=\"\/\/video.aliexpress-media.com\/play\/u\/ae_sg_item\/2214479806439\/p\/1\/e\/6\/t\/10301\/1100104369429.mp4\" poster=\"https:\/\/ae01.alicdn.com\/kf\/S19ea46735cf54837b7013674c2c84508B\/Chaleco-a-prueba-de-balas-IIIA-nivel-ultraligero-ropa-t-ctica-de-placa-oculta-chaleco-bal.jpg\" preload=\"auto\" controls=\"controls\" width=\"100%\" height=\"100%\"><\/video><\/p>\n<div>\n<div>\n<p id=\"tl_1\" style=\"font-family: OpenSans; font-size: 14px; font-weight: 300; line-height: 20px; margin-bottom: 12px;\">Especificaciones:<br \/>\nMaterial exterior: poli\u00e9ster el\u00e1stico de alta densidad<br \/>\nMaterial del \u00e1rea de protecci\u00f3n:<br \/>\nColor: blanco y negro<br \/>\nTama\u00f1o asi\u00e1tico:<br \/>\nNivel de protecci\u00f3n: Est\u00e1ndar estadounidense-0101,06 Nivel IIIA<br \/>\nParada: paradas 9mm Para FMJ &amp; .44 Magnum JHP;<br \/>\nParte de protecci\u00f3n: Parte delantera y trasera<\/p>\n<\/div>\n<div>\n<p id=\"tl_2\" style=\"font-family: OpenSans; font-size: 14px; font-weight: 300; line-height: 20px; margin-bottom: 12px;\">La chaqueta pesa 300 gramos y la tela est\u00e1 hecha de LICRA gruesa de alta elasticidad. Se ajusta perfectamente y se puede usar en el interior. Se pueden colocar chips antipinchazos y antibalas en la parte delantera y trasera. El tama\u00f1o se puede personalizar seg\u00fan la talla m -6XL, lo que lo hace c\u00f3modo y flexible de llevar. El \u00e1rea de protecci\u00f3n es 0,20. Este peso antipu\u00f1aladas\/antibalas es el m\u00e1s ligero.<\/p>\n<p>El traje anti pu\u00f1alada 03 completamente suave consta de 16 capas de s\u00e1banas de algod\u00f3n adhesivas anti pu\u00f1aladas y algod\u00f3n amortiguador de 10mm, que est\u00e1n encapsulados en una cubierta protectora a trav\u00e9s del proceso de sellado t\u00e9rmico. El peso del producto es de aproximadamente 1,32 kg, que cumple con los requisitos del traje antipu\u00f1aladas Clase A.<\/p>\n<p>Materia prima principal: fieltro antipinchazos de fibra de polietileno de alto rendimiento<\/p>\n<p>Rendimiento del producto:<\/p>\n<p>(1) Rendimiento antipinchazos a temperatura ambiente: utilice una herramienta de prueba est\u00e1ndar con un contrapeso de 2,4 kg, y use una energ\u00eda de colisi\u00f3n de 24J \u00b1 0.5J para perforar la ropa protectora en \u00e1ngulos de 0 \u00b0 y 45 \u00b0. La ropa protectora no ser\u00e1 penetrada.<\/p>\n<p>(2) a baja temperatura Rendimiento antipinchazos: Coloque el traje antipinchazos en una caja de temperatura constante de-20 \u00b0C \u00b1 2 \u00b0C durante 4 horas, luego use una herramienta de prueba est\u00e1ndar para agregar un peso de 2,4 kg, energ\u00eda de impacto de 24J \u00b1 0.5J, Y perfore el traje protector en \u00e1ngulos de 0 \u00b0 y 45 \u00b0 para evitar la penetraci\u00f3n.<\/p>\n<p>(3) de alta temperatura Rendimiento antipinchazos: Coloque el traje antipinchazos en una caja de temperatura constante de + 55 \u2103 \u00b1 2 \u2103 durante 4 horas, luego use una herramienta de prueba est\u00e1ndar para agregar un peso de 2,4 kg, energ\u00eda de impacto de 24J \u00b1 0.5J, Y pinche el traje protector en un \u00e1ngulo de 0 \u00b0 45 \u00b0 para evitar la penetraci\u00f3n.<\/p>\n<p>Material del n\u00facleo interno a prueba de balas: 36 capas de tela no tejida de fibra de polietileno de peso molecular ultra alto + 1 capa de tablero PET + 1 capa de espuma de 4,5mm de espesor, con un \u00e1rea protectora de \u2265 0,25 m \u00b2, Nivel de protecci\u00f3n: BR3, tipo de pistola protectora: pistola de 9mm, pistola Yarkin Pya, tipo de bala protectora: Cartucho de pistola de 1951 7,62mm (N\u00facleo de plomo), profundidad m\u00e1xima de depresi\u00f3n: \u2264 20mm. Peso del producto: todo el conjunto pesa alrededor de 1,6 kg<\/p>\n<\/div>\n<div><img decoding=\"async\" title=\"Chaleco a prueba de balas IIIA nivel ultraligero, ropa t\u00e1ctica de placa oculta, chaleco bal\u00edstico t\u00e1ctico para exteriores, 6XL\" src=\"https:\/\/bodegaoutdoor.cl\/store\/wp-content\/uploads\/2023\/11\/80474-ykwfcu.jpg\" alt=\"Chaleco a prueba de balas IIIA nivel ultraligero, ropa t\u00e1ctica de placa oculta, chaleco bal\u00edstico t\u00e1ctico para exteriores, 6XL\" \/><\/div>\n<div><img decoding=\"async\" title=\"Chaleco a prueba de balas IIIA nivel ultraligero, ropa t\u00e1ctica de placa oculta, chaleco bal\u00edstico t\u00e1ctico para exteriores, 6XL\" src=\"https:\/\/bodegaoutdoor.cl\/store\/wp-content\/uploads\/2023\/11\/80474-znrl1m.jpg\" alt=\"Chaleco a prueba de balas IIIA nivel ultraligero, ropa t\u00e1ctica de placa oculta, chaleco bal\u00edstico t\u00e1ctico para exteriores, 6XL\" \/><br \/>\n<img decoding=\"async\" title=\"Chaleco a prueba de balas IIIA nivel ultraligero, ropa t\u00e1ctica de placa oculta, chaleco bal\u00edstico t\u00e1ctico para exteriores, 6XL\" src=\"https:\/\/bodegaoutdoor.cl\/store\/wp-content\/uploads\/2023\/11\/80474-idbgpb.jpg\" alt=\"Chaleco a prueba de balas IIIA nivel ultraligero, ropa t\u00e1ctica de placa oculta, chaleco bal\u00edstico t\u00e1ctico para exteriores, 6XL\" \/><br \/>\n<img decoding=\"async\" title=\"Chaleco a prueba de balas IIIA nivel ultraligero, ropa t\u00e1ctica de placa oculta, chaleco bal\u00edstico t\u00e1ctico para exteriores, 6XL\" src=\"https:\/\/bodegaoutdoor.cl\/store\/wp-content\/uploads\/2023\/11\/80474-yvurgn.jpg\" alt=\"Chaleco a prueba de balas IIIA nivel ultraligero, ropa t\u00e1ctica de placa oculta, chaleco bal\u00edstico t\u00e1ctico para exteriores, 6XL\" \/><br \/>\n<img decoding=\"async\" title=\"Chaleco a prueba de balas IIIA nivel ultraligero, ropa t\u00e1ctica de placa oculta, chaleco bal\u00edstico t\u00e1ctico para exteriores, 6XL\" src=\"https:\/\/bodegaoutdoor.cl\/store\/wp-content\/uploads\/2023\/11\/80474-nlcwlm.jpg\" alt=\"Chaleco a prueba de balas IIIA nivel ultraligero, ropa t\u00e1ctica de placa oculta, chaleco bal\u00edstico t\u00e1ctico para exteriores, 6XL\" \/><br \/>\n<img decoding=\"async\" title=\"Chaleco a prueba de balas IIIA nivel ultraligero, ropa t\u00e1ctica de placa oculta, chaleco bal\u00edstico t\u00e1ctico para exteriores, 6XL\" src=\"https:\/\/bodegaoutdoor.cl\/store\/wp-content\/uploads\/2023\/11\/80474-e8udnm.jpg\" alt=\"Chaleco a prueba de balas IIIA nivel ultraligero, ropa t\u00e1ctica de placa oculta, chaleco bal\u00edstico t\u00e1ctico para exteriores, 6XL\" \/><br \/>\n<img decoding=\"async\" title=\"Chaleco a prueba de balas IIIA nivel ultraligero, ropa t\u00e1ctica de placa oculta, chaleco bal\u00edstico t\u00e1ctico para exteriores, 6XL\" src=\"https:\/\/bodegaoutdoor.cl\/store\/wp-content\/uploads\/2023\/11\/80474-4u0jlq.jpg\" alt=\"Chaleco a prueba de balas IIIA nivel ultraligero, ropa t\u00e1ctica de placa oculta, chaleco bal\u00edstico t\u00e1ctico para exteriores, 6XL\" \/><br \/>\n<img decoding=\"async\" title=\"Chaleco a prueba de balas IIIA nivel ultraligero, ropa t\u00e1ctica de placa oculta, chaleco bal\u00edstico t\u00e1ctico para exteriores, 6XL\" src=\"https:\/\/bodegaoutdoor.cl\/store\/wp-content\/uploads\/2023\/11\/80474-muf67f.jpg\" alt=\"Chaleco a prueba de balas IIIA nivel ultraligero, ropa t\u00e1ctica de placa oculta, chaleco bal\u00edstico t\u00e1ctico para exteriores, 6XL\" \/><br \/>\n<img decoding=\"async\" title=\"Chaleco a prueba de balas IIIA nivel ultraligero, ropa t\u00e1ctica de placa oculta, chaleco bal\u00edstico t\u00e1ctico para exteriores, 6XL\" src=\"https:\/\/bodegaoutdoor.cl\/store\/wp-content\/uploads\/2023\/11\/80474-bpnaso.jpg\" alt=\"Chaleco a prueba de balas IIIA nivel ultraligero, ropa t\u00e1ctica de placa oculta, chaleco bal\u00edstico t\u00e1ctico para exteriores, 6XL\" \/><br \/>\n<img decoding=\"async\" title=\"Chaleco a prueba de balas IIIA nivel ultraligero, ropa t\u00e1ctica de placa oculta, chaleco bal\u00edstico t\u00e1ctico para exteriores, 6XL\" src=\"https:\/\/bodegaoutdoor.cl\/store\/wp-content\/uploads\/2023\/11\/80474-5z5ywb.jpg\" alt=\"Chaleco a prueba de balas IIIA nivel ultraligero, ropa t\u00e1ctica de placa oculta, chaleco bal\u00edstico t\u00e1ctico para exteriores, 6XL\" \/><br \/>\n<img decoding=\"async\" title=\"Chaleco a prueba de balas IIIA nivel ultraligero, ropa t\u00e1ctica de placa oculta, chaleco bal\u00edstico t\u00e1ctico para exteriores, 6XL\" src=\"https:\/\/bodegaoutdoor.cl\/store\/wp-content\/uploads\/2023\/11\/80474-03qxfu.jpg\" alt=\"Chaleco a prueba de balas IIIA nivel ultraligero, ropa t\u00e1ctica de placa oculta, chaleco bal\u00edstico t\u00e1ctico para exteriores, 6XL\" \/><\/div>\n<div>\n<\/div>\n<p>&nbsp;<\/p>\n<\/div>\n\n    <div class=\"xs_social_share_widget xs_share_url after_content \t\tmain_content  wslu-style-1 wslu-share-box-shaped wslu-fill-colored wslu-none wslu-share-horizontal wslu-theme-font-no wslu-main_content\">\n\n\t\t\n        <ul>\n\t\t\t        <\/ul>\n    <\/div> \n","protected":false},"excerpt":{"rendered":"<p>Especificaciones: Material exterior: poli\u00e9ster el\u00e1stico de alta densidad Material del \u00e1rea de protecci\u00f3n: Color: blanco y negro Tama\u00f1o asi\u00e1tico: Nivel de protecci\u00f3n: Est\u00e1ndar estadounidense-0101,06 Nivel IIIA Parada: paradas 9mm Para FMJ &amp; .44 Magnum JHP; Parte de protecci\u00f3n: Parte delantera y trasera La chaqueta pesa 300 gramos y la tela est\u00e1 hecha de LICRA gruesa [&hellip;]<\/p>\n","protected":false},"featured_media":80491,"comment_status":"open","ping_status":"closed","template":"","meta":{"jetpack_publicize_message":"","jetpack_publicize_feature_enabled":true,"jetpack_social_post_already_shared":true,"jetpack_social_options":{"image_generator_settings":{"template":"highway","enabled":false},"version":2}},"product_brand":[],"product_cat":[15],"product_tag":[],"class_list":{"0":"post-80474","1":"product","2":"type-product","3":"status-publish","4":"has-post-thumbnail","6":"product_cat-otros","8":"first","9":"instock","10":"sale","11":"taxable","12":"shipping-taxable","13":"purchasable","14":"product-type-variable"},"jetpack_publicize_connections":[],"jetpack_sharing_enabled":true,"_links":{"self":[{"href":"https:\/\/bodegaoutdoor.cl\/store\/wp-json\/wp\/v2\/product\/80474","targetHints":{"allow":["GET"]}}],"collection":[{"href":"https:\/\/bodegaoutdoor.cl\/store\/wp-json\/wp\/v2\/product"}],"about":[{"href":"https:\/\/bodegaoutdoor.cl\/store\/wp-json\/wp\/v2\/types\/product"}],"replies":[{"embeddable":true,"href":"https:\/\/bodegaoutdoor.cl\/store\/wp-json\/wp\/v2\/comments?post=80474"}],"version-history":[{"count":17,"href":"https:\/\/bodegaoutdoor.cl\/store\/wp-json\/wp\/v2\/product\/80474\/revisions"}],"predecessor-version":[{"id":80531,"href":"https:\/\/bodegaoutdoor.cl\/store\/wp-json\/wp\/v2\/product\/80474\/revisions\/80531"}],"wp:featuredmedia":[{"embeddable":true,"href":"https:\/\/bodegaoutdoor.cl\/store\/wp-json\/wp\/v2\/media\/80491"}],"wp:attachment":[{"href":"https:\/\/bodegaoutdoor.cl\/store\/wp-json\/wp\/v2\/media?parent=80474"}],"wp:term":[{"taxonomy":"product_brand","embeddable":true,"href":"https:\/\/bodegaoutdoor.cl\/store\/wp-json\/wp\/v2\/product_brand?post=80474"},{"taxonomy":"product_cat","embeddable":true,"href":"https:\/\/bodegaoutdoor.cl\/store\/wp-json\/wp\/v2\/product_cat?post=80474"},{"taxonomy":"product_tag","embeddable":true,"href":"https:\/\/bodegaoutdoor.cl\/store\/wp-json\/wp\/v2\/product_tag?post=80474"}],"curies":[{"name":"wp","href":"https:\/\/api.w.org\/{rel}","templated":true}]}}