{"id":81296,"date":"2024-01-01T11:24:22","date_gmt":"2024-01-01T14:24:22","guid":{"rendered":"https:\/\/bodegaoutdoor.cl\/store\/product\/lngxo-pantalones-de-senderismo-para-hombre-y-mujer-pantalones-impermeables-para-exteriores-unisex-escalada-camping-deportes-secado-rapido-montana-lluvia-anti-uv\/"},"modified":"2024-01-05T21:22:37","modified_gmt":"2024-01-06T00:22:37","slug":"lngxo-pantalones-de-senderismo-para-hombre-y-mujer-pantalones-impermeables-para-exteriores-unisex-escalada-camping-deportes-secado-rapido-montana-lluvia-anti-uv","status":"publish","type":"product","link":"https:\/\/bodegaoutdoor.cl\/store\/product\/lngxo-pantalones-de-senderismo-para-hombre-y-mujer-pantalones-impermeables-para-exteriores-unisex-escalada-camping-deportes-secado-rapido-montana-lluvia-anti-uv\/","title":{"rendered":"Pantalones impermeables para exteriores, Unisex, Camping, deportes, secado r\u00e1pido, monta\u00f1a, lluvia, Anti UV"},"content":{"rendered":"<p style=\"text-align: center;\"><video style=\"max-width: 100%;\" src=\"\/\/video.aliexpress-media.com\/play\/u\/ae_sg_item\/2206463279446\/p\/1\/e\/6\/t\/10301\/1100145914419.mp4\" poster=\"https:\/\/ae01.alicdn.com\/kf\/S83f27a1de0824e6db348b31802903eeeX\/LNGXO-pantalones-de-senderismo-para-hombre-y-mujer-pantalones-impermeables-para-exteriores-Unisex-escalada-Camping-deportes.jpg\" preload=\"auto\" controls=\"controls\" width=\"100%\" height=\"100%\"><\/video><\/p>\n<div>\n<div>\n<div>\n<div>\n<p style=\"font-family: 'Open Sans', sans-serif; font-size: 14px; font-weight: 400; letter-spacing: normal; line-height: inherit; text-align: start; margin: 0px; padding: 0px;\" align=\"start\"><strong>\u2022 Impermeable :<\/strong>Estos pantalones est\u00e1n dise\u00f1ados para mantenerte seco durante actividades al aire libre como senderismo y camping, incluso en condiciones h\u00famedas.<\/p>\n<p>&nbsp;<\/p>\n<p style=\"font-family: 'Open Sans', sans-serif; font-size: 14px; font-weight: 400; letter-spacing: normal; line-height: inherit; text-align: start; margin: 0px; padding: 0px;\" align=\"start\"><strong>\u2022 Secado r\u00e1pido :<\/strong>El material de poli\u00e9ster utilizado en estos pantalones permite un secado r\u00e1pido, lo que los hace perfectos para deportes y otras actividades al aire libre.<\/p>\n<p>&nbsp;<\/p>\n<p style=\"font-family: 'Open Sans', sans-serif; font-size: 14px; font-weight: 400; letter-spacing: normal; line-height: inherit; text-align: start; margin: 0px; padding: 0px;\" align=\"start\"><strong>\u2022 Anti-UV :<\/strong>Estos pantalones proporcionan protecci\u00f3n contra los da\u00f1inos rayos UV, asegurando que permanezca seguro y saludable durante las actividades al aire libre.<\/p>\n<p>&nbsp;<\/p>\n<p style=\"font-family: 'Open Sans', sans-serif; font-size: 14px; font-weight: 400; letter-spacing: normal; line-height: inherit; text-align: start; margin: 0px; padding: 0px;\" align=\"start\"><strong>\u2022 Cintura el\u00e1stica :<\/strong>La cintura el\u00e1stica proporciona un ajuste c\u00f3modo y permite un movimiento f\u00e1cil durante las actividades al aire libre.<\/p>\n<p>&nbsp;<\/p>\n<\/div>\n<\/div>\n<\/div>\n<\/div>\n<div>\n<div>\n<p style=\"font-size: 16px; font-weight: bold;\">Informaci\u00f3n del producto<\/p>\n<div><\/div>\n<p align=\"start\"><span style=\"font-size: 16px;\"><strong>1. Tejido: Poli\u00e9ster<\/strong><\/span><\/p>\n<p align=\"start\"><span style=\"font-size: 16px;\"><strong>2. \u00cdndice impermeable: 5000mmH \u2082O<\/strong><\/span><\/p>\n<p align=\"start\"><span style=\"font-size: 16px;\"><strong>3. \u00cdndice de transpirabilidad: 5000 g\/m &amp; SUP; 2;\/24hr<\/strong><\/span><\/p>\n<p align=\"start\"><span style=\"font-size: 16px;\"><strong>4. ligero: el tama\u00f1o m\u00e1s peque\u00f1o pesa s\u00f3lo 120g<\/strong><\/span><\/p>\n<p align=\"start\"><span style=\"font-size: 16px;\"><strong>5. caracter\u00edstica:, secado r\u00e1pido, impermeable, protecci\u00f3n UV, transpirable, resistente a los ara\u00f1azos, antiest\u00e1tico, ligero, port\u00e1til, con bolsa de almacenamiento<\/strong><\/span><\/p>\n<p align=\"start\"><span style=\"font-size: 16px;\"><strong>6. temporada: verano\/primavera\/oto\u00f1o<\/strong><\/span><\/p>\n<p align=\"start\"><span style=\"font-size: 16px;\"><strong>7. Tipo de deporte: camping, senderismo, senderismo, caza, escalada, pesca, ciclismo, correr, Viajes<\/strong><\/span><\/p>\n<div><\/div>\n<p><span style=\"font-size: 16px;\"><strong>Notas<\/strong><\/span><\/p>\n<div><\/div>\n<p><span style=\"font-size: 16px;\"><strong>1. medida a mano, se permite una diferencia de 1-3cm (= 1cm 0,3937 pulgadas).<\/strong><\/span><\/p>\n<p><span style=\"font-size: 16px;\"><strong>2. pantalla de ordenador diferente puede mostrar diferentes colores, incluso si es el mismo color. As\u00ed que por favor permita una diferencia de color razonable.<\/strong><\/span><\/p>\n<div><\/div>\n<\/div>\n<\/div>\n<div>\n<div><img decoding=\"async\" title=\"LNGXO-pantalones de senderismo para hombre y mujer, pantalones impermeables para exteriores, Unisex, escalada, Camping, deportes, secado r\u00e1pido, monta\u00f1a, lluvia, Anti UV\" src=\"https:\/\/bodegaoutdoor.cl\/store\/wp-content\/uploads\/2024\/01\/81296-khjf2d.jpg\" alt=\"LNGXO-pantalones de senderismo para hombre y mujer, pantalones impermeables para exteriores, Unisex, escalada, Camping, deportes, secado r\u00e1pido, monta\u00f1a, lluvia, Anti UV\" \/><br \/>\n<img decoding=\"async\" title=\"LNGXO-pantalones de senderismo para hombre y mujer, pantalones impermeables para exteriores, Unisex, escalada, Camping, deportes, secado r\u00e1pido, monta\u00f1a, lluvia, Anti UV\" src=\"https:\/\/bodegaoutdoor.cl\/store\/wp-content\/uploads\/2024\/01\/81296-9joobv.jpg\" alt=\"LNGXO-pantalones de senderismo para hombre y mujer, pantalones impermeables para exteriores, Unisex, escalada, Camping, deportes, secado r\u00e1pido, monta\u00f1a, lluvia, Anti UV\" \/><br \/>\n<img decoding=\"async\" title=\"LNGXO-pantalones de senderismo para hombre y mujer, pantalones impermeables para exteriores, Unisex, escalada, Camping, deportes, secado r\u00e1pido, monta\u00f1a, lluvia, Anti UV\" src=\"https:\/\/bodegaoutdoor.cl\/store\/wp-content\/uploads\/2024\/01\/81296-xauvtj.jpg\" alt=\"LNGXO-pantalones de senderismo para hombre y mujer, pantalones impermeables para exteriores, Unisex, escalada, Camping, deportes, secado r\u00e1pido, monta\u00f1a, lluvia, Anti UV\" \/><br \/>\n<img decoding=\"async\" title=\"LNGXO-pantalones de senderismo para hombre y mujer, pantalones impermeables para exteriores, Unisex, escalada, Camping, deportes, secado r\u00e1pido, monta\u00f1a, lluvia, Anti UV\" src=\"https:\/\/bodegaoutdoor.cl\/store\/wp-content\/uploads\/2024\/01\/81296-xgaanm.jpg\" alt=\"LNGXO-pantalones de senderismo para hombre y mujer, pantalones impermeables para exteriores, Unisex, escalada, Camping, deportes, secado r\u00e1pido, monta\u00f1a, lluvia, Anti UV\" \/><br \/>\n<img decoding=\"async\" title=\"LNGXO-pantalones de senderismo para hombre y mujer, pantalones impermeables para exteriores, Unisex, escalada, Camping, deportes, secado r\u00e1pido, monta\u00f1a, lluvia, Anti UV\" src=\"https:\/\/bodegaoutdoor.cl\/store\/wp-content\/uploads\/2024\/01\/81296-y9gbtc.jpg\" alt=\"LNGXO-pantalones de senderismo para hombre y mujer, pantalones impermeables para exteriores, Unisex, escalada, Camping, deportes, secado r\u00e1pido, monta\u00f1a, lluvia, Anti UV\" \/><br \/>\n<img decoding=\"async\" title=\"LNGXO-pantalones de senderismo para hombre y mujer, pantalones impermeables para exteriores, Unisex, escalada, Camping, deportes, secado r\u00e1pido, monta\u00f1a, lluvia, Anti UV\" src=\"https:\/\/bodegaoutdoor.cl\/store\/wp-content\/uploads\/2024\/01\/81296-mdhbbs.jpg\" alt=\"LNGXO-pantalones de senderismo para hombre y mujer, pantalones impermeables para exteriores, Unisex, escalada, Camping, deportes, secado r\u00e1pido, monta\u00f1a, lluvia, Anti UV\" \/><br \/>\n<img decoding=\"async\" title=\"LNGXO-pantalones de senderismo para hombre y mujer, pantalones impermeables para exteriores, Unisex, escalada, Camping, deportes, secado r\u00e1pido, monta\u00f1a, lluvia, Anti UV\" src=\"https:\/\/bodegaoutdoor.cl\/store\/wp-content\/uploads\/2024\/01\/81296-onlekn.jpg\" alt=\"LNGXO-pantalones de senderismo para hombre y mujer, pantalones impermeables para exteriores, Unisex, escalada, Camping, deportes, secado r\u00e1pido, monta\u00f1a, lluvia, Anti UV\" \/><br \/>\n<img decoding=\"async\" title=\"LNGXO-pantalones de senderismo para hombre y mujer, pantalones impermeables para exteriores, Unisex, escalada, Camping, deportes, secado r\u00e1pido, monta\u00f1a, lluvia, Anti UV\" src=\"https:\/\/bodegaoutdoor.cl\/store\/wp-content\/uploads\/2024\/01\/81296-lipaxc.jpg\" alt=\"LNGXO-pantalones de senderismo para hombre y mujer, pantalones impermeables para exteriores, Unisex, escalada, Camping, deportes, secado r\u00e1pido, monta\u00f1a, lluvia, Anti UV\" \/><br \/>\n<img decoding=\"async\" title=\"LNGXO-pantalones de senderismo para hombre y mujer, pantalones impermeables para exteriores, Unisex, escalada, Camping, deportes, secado r\u00e1pido, monta\u00f1a, lluvia, Anti UV\" src=\"https:\/\/bodegaoutdoor.cl\/store\/wp-content\/uploads\/2024\/01\/81296-hdjyut.jpg\" alt=\"LNGXO-pantalones de senderismo para hombre y mujer, pantalones impermeables para exteriores, Unisex, escalada, Camping, deportes, secado r\u00e1pido, monta\u00f1a, lluvia, Anti UV\" \/><br \/>\n<img decoding=\"async\" title=\"LNGXO-pantalones de senderismo para hombre y mujer, pantalones impermeables para exteriores, Unisex, escalada, Camping, deportes, secado r\u00e1pido, monta\u00f1a, lluvia, Anti UV\" src=\"https:\/\/bodegaoutdoor.cl\/store\/wp-content\/uploads\/2024\/01\/81296-imlj1g.jpg\" alt=\"LNGXO-pantalones de senderismo para hombre y mujer, pantalones impermeables para exteriores, Unisex, escalada, Camping, deportes, secado r\u00e1pido, monta\u00f1a, lluvia, Anti UV\" \/><br \/>\n<img decoding=\"async\" title=\"LNGXO-pantalones de senderismo para hombre y mujer, pantalones impermeables para exteriores, Unisex, escalada, Camping, deportes, secado r\u00e1pido, monta\u00f1a, lluvia, Anti UV\" src=\"https:\/\/bodegaoutdoor.cl\/store\/wp-content\/uploads\/2024\/01\/81296-qvgscp.jpg\" alt=\"LNGXO-pantalones de senderismo para hombre y mujer, pantalones impermeables para exteriores, Unisex, escalada, Camping, deportes, secado r\u00e1pido, monta\u00f1a, lluvia, Anti UV\" \/><\/div>\n<\/div>\n<div><img decoding=\"async\" title=\"LNGXO-pantalones de senderismo para hombre y mujer, pantalones impermeables para exteriores, Unisex, escalada, Camping, deportes, secado r\u00e1pido, monta\u00f1a, lluvia, Anti UV\" src=\"https:\/\/bodegaoutdoor.cl\/store\/wp-content\/uploads\/2024\/01\/81296-i5vhxn.jpg\" alt=\"LNGXO-pantalones de senderismo para hombre y mujer, pantalones impermeables para exteriores, Unisex, escalada, Camping, deportes, secado r\u00e1pido, monta\u00f1a, lluvia, Anti UV\" \/><img decoding=\"async\" title=\"LNGXO-pantalones de senderismo para hombre y mujer, pantalones impermeables para exteriores, Unisex, escalada, Camping, deportes, secado r\u00e1pido, monta\u00f1a, lluvia, Anti UV\" src=\"https:\/\/bodegaoutdoor.cl\/store\/wp-content\/uploads\/2024\/01\/81296-zethwm.jpg\" alt=\"LNGXO-pantalones de senderismo para hombre y mujer, pantalones impermeables para exteriores, Unisex, escalada, Camping, deportes, secado r\u00e1pido, monta\u00f1a, lluvia, Anti UV\" \/><img decoding=\"async\" title=\"LNGXO-pantalones de senderismo para hombre y mujer, pantalones impermeables para exteriores, Unisex, escalada, Camping, deportes, secado r\u00e1pido, monta\u00f1a, lluvia, Anti UV\" src=\"https:\/\/bodegaoutdoor.cl\/store\/wp-content\/uploads\/2024\/01\/81296-f9oybx.jpg\" alt=\"LNGXO-pantalones de senderismo para hombre y mujer, pantalones impermeables para exteriores, Unisex, escalada, Camping, deportes, secado r\u00e1pido, monta\u00f1a, lluvia, Anti UV\" \/><\/div>\n<div>\n<div><\/div>\n<\/div>\n<div>\n<div><\/div>\n<\/div>\n<div>\n<div><\/div>\n<\/div>\n<div>\n<div><\/div>\n<\/div>\n<div>\n<div><\/div>\n<\/div>\n<div>\n<div><\/div>\n<\/div>\n<div>\n<div>\n<p>&nbsp;<\/p>\n<\/div>\n<\/div>\n\n    <div class=\"xs_social_share_widget xs_share_url after_content \t\tmain_content  wslu-style-1 wslu-share-box-shaped wslu-fill-colored wslu-none wslu-share-horizontal wslu-theme-font-no wslu-main_content\">\n\n\t\t\n        <ul>\n\t\t\t        <\/ul>\n    <\/div> \n","protected":false},"excerpt":{"rendered":"<p>\u2022 Impermeable :Estos pantalones est\u00e1n dise\u00f1ados para mantenerte seco durante actividades al aire libre como senderismo y camping, incluso en condiciones h\u00famedas. &nbsp; \u2022 Secado r\u00e1pido :El material de poli\u00e9ster utilizado en estos pantalones permite un secado r\u00e1pido, lo que los hace perfectos para deportes y otras actividades al aire libre. &nbsp; \u2022 Anti-UV :Estos [&hellip;]<\/p>\n","protected":false},"featured_media":81342,"comment_status":"open","ping_status":"closed","template":"","meta":{"jetpack_publicize_message":"","jetpack_publicize_feature_enabled":true,"jetpack_social_post_already_shared":true,"jetpack_social_options":{"image_generator_settings":{"template":"highway","enabled":false},"version":2}},"product_brand":[],"product_cat":[190,62],"product_tag":[],"class_list":{"0":"post-81296","1":"product","2":"type-product","3":"status-publish","4":"has-post-thumbnail","6":"product_cat-pantalones-hombre","7":"product_cat-vestuario-hombre","9":"first","10":"instock","11":"sale","12":"taxable","13":"shipping-taxable","14":"purchasable","15":"product-type-variable"},"jetpack_publicize_connections":[],"jetpack_sharing_enabled":true,"_links":{"self":[{"href":"https:\/\/bodegaoutdoor.cl\/store\/wp-json\/wp\/v2\/product\/81296","targetHints":{"allow":["GET"]}}],"collection":[{"href":"https:\/\/bodegaoutdoor.cl\/store\/wp-json\/wp\/v2\/product"}],"about":[{"href":"https:\/\/bodegaoutdoor.cl\/store\/wp-json\/wp\/v2\/types\/product"}],"replies":[{"embeddable":true,"href":"https:\/\/bodegaoutdoor.cl\/store\/wp-json\/wp\/v2\/comments?post=81296"}],"version-history":[{"count":17,"href":"https:\/\/bodegaoutdoor.cl\/store\/wp-json\/wp\/v2\/product\/81296\/revisions"}],"predecessor-version":[{"id":81808,"href":"https:\/\/bodegaoutdoor.cl\/store\/wp-json\/wp\/v2\/product\/81296\/revisions\/81808"}],"wp:featuredmedia":[{"embeddable":true,"href":"https:\/\/bodegaoutdoor.cl\/store\/wp-json\/wp\/v2\/media\/81342"}],"wp:attachment":[{"href":"https:\/\/bodegaoutdoor.cl\/store\/wp-json\/wp\/v2\/media?parent=81296"}],"wp:term":[{"taxonomy":"product_brand","embeddable":true,"href":"https:\/\/bodegaoutdoor.cl\/store\/wp-json\/wp\/v2\/product_brand?post=81296"},{"taxonomy":"product_cat","embeddable":true,"href":"https:\/\/bodegaoutdoor.cl\/store\/wp-json\/wp\/v2\/product_cat?post=81296"},{"taxonomy":"product_tag","embeddable":true,"href":"https:\/\/bodegaoutdoor.cl\/store\/wp-json\/wp\/v2\/product_tag?post=81296"}],"curies":[{"name":"wp","href":"https:\/\/api.w.org\/{rel}","templated":true}]}}