{"id":82622,"date":"2024-05-28T13:42:25","date_gmt":"2024-05-28T17:42:25","guid":{"rendered":"https:\/\/bodegaoutdoor.cl\/store\/?post_type=product&#038;p=82622"},"modified":"2024-05-28T13:51:32","modified_gmt":"2024-05-28T17:51:32","slug":"guantes-outdoor-para-hombre-y-mujer-antideslizantes-con-dedo-tactil-impermeables","status":"publish","type":"product","link":"https:\/\/bodegaoutdoor.cl\/store\/product\/guantes-outdoor-para-hombre-y-mujer-antideslizantes-con-dedo-tactil-impermeables\/","title":{"rendered":"Guantes Outdoor para hombre y mujer, antideslizantes con dedo t\u00e1ctil, impermeables"},"content":{"rendered":"<div class=\"title--wrap--wDzGayX description--title--ZsqjrTd\">\n<div class=\"title--text--Lx66GPw\">\n<h2 class=\"title--title--RN9Pt03\" data-spm-anchor-id=\"a2g0o.detail.0.i15.3c76BS9NBS9Nax\">Descripci\u00f3n, Especificaciones:<\/h2>\n<\/div>\n<\/div>\n<div>\n<div class=\"extend--content--DlnAngg\">\n<div>\n<div id=\"product-description\" class=\"description--product-description--nxRv0lW\" data-spm=\"1000023\" data-pl=\"product-description\">\n<div class=\"description--origin-part--SsZJoGC\">\n<div class=\"detailmodule_html\">\n<div class=\"detail-desc-decorate-richtext\">\n<div id=\"tl_1\" data-spm-anchor-id=\"a2g0o.detail.1000023.i9.3c76BS9NBS9Nax\">Material: tela Oxford, poli\u00e9ster<br \/>\nColores: Rosa, gris, negro, azul<br \/>\nCaracter\u00edsticas: antideslizante, pantalla t\u00e1ctil, impermeable<br \/>\nEl paquete incluye: 1 par de guantes c\u00e1lidos de invierno.<br \/>\nTama\u00f1o:<br \/>\n-L: Longitud total: 27cm, circunferencia de la mu\u00f1eca: 18cm, circunferencia de la palma: 24cm<br \/>\n-M: Longitud total: 26cm, circunferencia de la mu\u00f1eca: 16cm, circunferencia de la palma: 23cmNota:<br \/>\n1. Permita un error de 1-5MM debido a la medici\u00f3n manual.<br \/>\n2. Los colores pueden ser una peque\u00f1a diferencia para las diferentes pantallas de los monitores, por favor comprenda.<\/p>\n<\/div>\n<\/div>\n<\/div>\n<\/div>\n<\/div>\n<\/div>\n<\/div>\n<\/div>\n\n    <div class=\"xs_social_share_widget xs_share_url after_content \t\tmain_content  wslu-style-1 wslu-share-box-shaped wslu-fill-colored wslu-none wslu-share-horizontal wslu-theme-font-no wslu-main_content\">\n\n\t\t\n        <ul>\n\t\t\t        <\/ul>\n    <\/div> \n","protected":false},"excerpt":{"rendered":"<p>Descripci\u00f3n, Especificaciones: Material: tela Oxford, poli\u00e9ster Colores: Rosa, gris, negro, azul Caracter\u00edsticas: antideslizante, pantalla t\u00e1ctil, impermeable El paquete incluye: 1 par de guantes c\u00e1lidos de invierno. Tama\u00f1o: -L: Longitud total: 27cm, circunferencia de la mu\u00f1eca: 18cm, circunferencia de la palma: 24cm -M: Longitud total: 26cm, circunferencia de la mu\u00f1eca: 16cm, circunferencia de la palma: 23cmNota: [&hellip;]<\/p>\n","protected":false},"featured_media":82638,"comment_status":"open","ping_status":"closed","template":"","meta":{"jetpack_publicize_message":"","jetpack_publicize_feature_enabled":true,"jetpack_social_post_already_shared":true,"jetpack_social_options":{"image_generator_settings":{"template":"highway","enabled":false},"version":2}},"product_brand":[],"product_cat":[15,490],"product_tag":[],"class_list":{"0":"post-82622","1":"product","2":"type-product","3":"status-publish","4":"has-post-thumbnail","6":"product_cat-otros","7":"product_cat-guantes","9":"first","10":"instock","11":"taxable","12":"shipping-taxable","13":"purchasable","14":"product-type-variable"},"jetpack_publicize_connections":[],"jetpack_sharing_enabled":true,"_links":{"self":[{"href":"https:\/\/bodegaoutdoor.cl\/store\/wp-json\/wp\/v2\/product\/82622","targetHints":{"allow":["GET"]}}],"collection":[{"href":"https:\/\/bodegaoutdoor.cl\/store\/wp-json\/wp\/v2\/product"}],"about":[{"href":"https:\/\/bodegaoutdoor.cl\/store\/wp-json\/wp\/v2\/types\/product"}],"replies":[{"embeddable":true,"href":"https:\/\/bodegaoutdoor.cl\/store\/wp-json\/wp\/v2\/comments?post=82622"}],"version-history":[{"count":2,"href":"https:\/\/bodegaoutdoor.cl\/store\/wp-json\/wp\/v2\/product\/82622\/revisions"}],"predecessor-version":[{"id":82639,"href":"https:\/\/bodegaoutdoor.cl\/store\/wp-json\/wp\/v2\/product\/82622\/revisions\/82639"}],"wp:featuredmedia":[{"embeddable":true,"href":"https:\/\/bodegaoutdoor.cl\/store\/wp-json\/wp\/v2\/media\/82638"}],"wp:attachment":[{"href":"https:\/\/bodegaoutdoor.cl\/store\/wp-json\/wp\/v2\/media?parent=82622"}],"wp:term":[{"taxonomy":"product_brand","embeddable":true,"href":"https:\/\/bodegaoutdoor.cl\/store\/wp-json\/wp\/v2\/product_brand?post=82622"},{"taxonomy":"product_cat","embeddable":true,"href":"https:\/\/bodegaoutdoor.cl\/store\/wp-json\/wp\/v2\/product_cat?post=82622"},{"taxonomy":"product_tag","embeddable":true,"href":"https:\/\/bodegaoutdoor.cl\/store\/wp-json\/wp\/v2\/product_tag?post=82622"}],"curies":[{"name":"wp","href":"https:\/\/api.w.org\/{rel}","templated":true}]}}