{"id":82640,"date":"2024-05-28T14:36:42","date_gmt":"2024-05-28T18:36:42","guid":{"rendered":"https:\/\/bodegaoutdoor.cl\/store\/product\/calentador-de-gas-portatil-para-tienda-de-campana-dispositivo-con-asa-ideal-para-acampar-al-aire-libre-y-pescar\/"},"modified":"2024-05-28T14:41:24","modified_gmt":"2024-05-28T18:41:24","slug":"calentador-portatil-a-gas-para-acampar-actividades-outdoor","status":"publish","type":"product","link":"https:\/\/bodegaoutdoor.cl\/store\/product\/calentador-portatil-a-gas-para-acampar-actividades-outdoor\/","title":{"rendered":"Calentador port\u00e1til a Gas para acampar actividades outdoor"},"content":{"rendered":"<p><strong><span id=\"tl_1\" style=\"font-size: 24px;\">Calentador de Gas port\u00e1til para tienda de campa\u00f1a con mango Calentador port\u00e1til para acampar al aire libre Ideal para acampar al aire libre Pesca<\/span><\/strong><\/p>\n<p><strong id=\"tl_2\">Puntos destacados:<\/strong><\/p>\n<div id=\"tl_3\">\n<p>1. Buena calidad: con acero inoxidable de buena calidad, el calentador de gas port\u00e1til es duradero y resistente a la corrosi\u00f3n, y tiene una losa de cer\u00e1mica resistente a altas temperaturas, puede servirle durante mucho tiempo.<\/p>\n<p>2. Para muchas situaciones: en muchas situaciones, se puede usar esta estufa de camping, porque hay dos modos para elegir, los modos de calefacci\u00f3n y mantener el calor se pueden cambiar a voluntad. Esta estufa de camping se puede utilizar como herramienta de cocina para acampar, como cocinar sopa, barbacoa, etc. Puede calentar y cocinar al aire libre al mismo tiempo.<\/p>\n<p>3. Calentador port\u00e1til: Este calentador es ligero, f\u00e1cil de llevar y m\u00e1s c\u00f3modo de llevar, cuando est\u00e9 haciendo actividades al aire libre, ser\u00e1 su buen compa\u00f1ero. Adecuado para acampar, senderismo, viajar, picnic, m\u00e1s adecuado para salir.<\/p>\n<p>4. Sin desperdicio de energ\u00eda: el calentador de gas port\u00e1til puede calentarse r\u00e1pidamente en unos pocos segundos. La Placa de combusti\u00f3n generadora de energ\u00eda aumenta la absorci\u00f3n directa de acero inoxidable, Absorbiendo el calor m\u00e1s r\u00e1pido, mayor temperatura y mayor eficiencia. No desperdicia energ\u00eda.<\/p>\n<p>5. Excelente dise\u00f1o: el mango se puede girar, el ancho es moderado, la mano no est\u00e1 apretada, la mano no est\u00e1 rayada, es ligera y port\u00e1til, Y es m\u00e1s conveniente quitarlo. La v\u00e1lvula de seguridad est\u00e1 dise\u00f1ada para evitar la protecci\u00f3n segura de las divisas de gas y su uso es m\u00e1s seguro.<\/p>\n<p><strong>Descripci\u00f3n:<\/strong><\/p>\n<p>Este calentador port\u00e1til para exteriores se puede utilizar como calentador para calentar la habitaci\u00f3n y tambi\u00e9n se puede utilizar para cocinar durante el camping. Cuando haga actividades al aire libre, ser\u00e1 su buen compa\u00f1ero.<strong>Especificaciones:<\/strong><\/p>\n<p>Nombre: Calentador port\u00e1til para exteriores<\/p>\n<p>Color: rojo\/negro<\/p>\n<p>Tama\u00f1o: alrededor de 25cm * 24cm * 20cm\/8,84*9,45 pulgadas<\/p>\n<p>Consumo de combusti\u00f3n: 100 G\/H<\/p>\n<p>Material: pizarra cer\u00e1mica resistente a altas temperaturas<\/p>\n<p>Peso: aproximadamente 2750G<\/p>\n<p>Potencia nominal: 1,3 kW<\/p>\n<p>Gas aplicable: gas\/gas externo<\/p>\n<p><strong>Lista de embalaje<\/strong><\/p>\n<p>Estufa de calefacci\u00f3n exterior * 1<\/p>\n<p>Adaptador de v\u00e1lvula * 1<\/p>\n<p>Red de placa de hierro * 1<\/p>\n<p>Manual * 1<\/p>\n<p><strong>Nota:<\/strong><\/p>\n<p>Debido a las diferencias en la iluminaci\u00f3n y la configuraci\u00f3n de la pantalla, el color del producto puede ser ligeramente diferente de la imagen.<\/p>\n<p>Debido a las diferentes mediciones manuales, permita ligeras diferencias de tama\u00f1o.<\/p>\n<p><img decoding=\"async\" src=\"https:\/\/bodegaoutdoor.cl\/store\/wp-content\/uploads\/2024\/05\/82640-p70bqa.jpg\" \/><br \/>\n<img decoding=\"async\" src=\"\/\/ae01.alicdn.com\/kf\/S8a7545c0bb9240f3864cbde805d8b3aa5.jpg\" \/><br \/>\n<img decoding=\"async\" src=\"\/\/ae01.alicdn.com\/kf\/Sfc883cc146404cbeb6bb8057eae87041D.jpg\" \/><br \/>\n<img decoding=\"async\" src=\"\/\/ae01.alicdn.com\/kf\/S9b403d3d488d4c9f8b96cecc2d542a80b.jpg\" \/><br \/>\n<img decoding=\"async\" src=\"\/\/ae01.alicdn.com\/kf\/S85e9d113aaac4647b41276f125a9ff9dv.jpg\" \/><br \/>\n<img decoding=\"async\" src=\"\/\/ae01.alicdn.com\/kf\/S7bc3c4a0cdda4e48900227f69fe629d4h.jpg\" \/><br \/>\n<img decoding=\"async\" src=\"\/\/ae01.alicdn.com\/kf\/Se61b4ddfac0a4c0bba1d2e4eeb7d244f8.jpg\" \/><br \/>\n<img decoding=\"async\" src=\"\/\/ae01.alicdn.com\/kf\/S4c92b92d802d486ba5d64cfef623af8aU.jpg\" \/><br \/>\n<img decoding=\"async\" src=\"\/\/ae01.alicdn.com\/kf\/Se77d331414f04127b8973202cc6988fa8.jpg\" \/><br \/>\n<img decoding=\"async\" src=\"\/\/ae01.alicdn.com\/kf\/S36990eaf57274d2cbc08495ccf9c1221B.jpg\" \/><br \/>\n<img decoding=\"async\" src=\"\/\/ae01.alicdn.com\/kf\/S71f95d65e9ca444d80cdb2c605c9622bv.jpg\" \/><br \/>\n<img decoding=\"async\" src=\"\/\/ae01.alicdn.com\/kf\/Sd639558720524e729d38ec3ca2592ad1f.jpg\" \/><br \/>\n<img decoding=\"async\" src=\"\/\/ae01.alicdn.com\/kf\/Sfd0b2eac26b84427ab9adb4f779cc8980.jpg\" \/><br \/>\n<img decoding=\"async\" src=\"\/\/ae01.alicdn.com\/kf\/S72c95361c83f4e51affeb6f7a2b31f3cP.jpg\" \/><br \/>\n<img decoding=\"async\" src=\"\/\/ae01.alicdn.com\/kf\/S97dca3b7ed7b40378c21882213c155745.jpg\" \/><br \/>\n<img decoding=\"async\" src=\"\/\/ae01.alicdn.com\/kf\/Scbb26b0487834f00a22aa5809817de82C.jpg\" \/><br \/>\n<img decoding=\"async\" src=\"\/\/ae01.alicdn.com\/kf\/S28c042986e04434ab3e34d462718e299q.jpg\" \/><br \/>\n<img decoding=\"async\" src=\"\/\/ae01.alicdn.com\/kf\/S3a684bdf3957460b9279d24b2f2b4308e.jpg\" \/><\/p>\n<\/div>\n<div>\n<p>&nbsp;<\/p>\n<p>&nbsp;<\/p>\n<p>&nbsp;<\/p>\n<div><\/div>\n<p>&nbsp;<\/p>\n<p>&nbsp;<\/p>\n<\/div>\n<p>&nbsp;<\/p>\n\n    <div class=\"xs_social_share_widget xs_share_url after_content \t\tmain_content  wslu-style-1 wslu-share-box-shaped wslu-fill-colored wslu-none wslu-share-horizontal wslu-theme-font-no wslu-main_content\">\n\n\t\t\n        <ul>\n\t\t\t        <\/ul>\n    <\/div> \n","protected":false},"excerpt":{"rendered":"<p>Calentador de Gas port\u00e1til para tienda de campa\u00f1a con mango Calentador port\u00e1til para acampar al aire libre Ideal para acampar al aire libre Pesca Puntos destacados: 1. Buena calidad: con acero inoxidable de buena calidad, el calentador de gas port\u00e1til es duradero y resistente a la corrosi\u00f3n, y tiene una losa de cer\u00e1mica resistente a [&hellip;]<\/p>\n","protected":false},"featured_media":82643,"comment_status":"open","ping_status":"closed","template":"","meta":{"jetpack_publicize_message":"","jetpack_publicize_feature_enabled":true,"jetpack_social_post_already_shared":true,"jetpack_social_options":{"image_generator_settings":{"template":"highway","enabled":false},"version":2}},"product_brand":[],"product_cat":[2814],"product_tag":[],"class_list":{"0":"post-82640","1":"product","2":"type-product","3":"status-publish","4":"has-post-thumbnail","6":"product_cat-camping","8":"first","9":"instock","10":"sale","11":"taxable","12":"shipping-taxable","13":"purchasable","14":"product-type-variable"},"jetpack_publicize_connections":[],"jetpack_sharing_enabled":true,"_links":{"self":[{"href":"https:\/\/bodegaoutdoor.cl\/store\/wp-json\/wp\/v2\/product\/82640","targetHints":{"allow":["GET"]}}],"collection":[{"href":"https:\/\/bodegaoutdoor.cl\/store\/wp-json\/wp\/v2\/product"}],"about":[{"href":"https:\/\/bodegaoutdoor.cl\/store\/wp-json\/wp\/v2\/types\/product"}],"replies":[{"embeddable":true,"href":"https:\/\/bodegaoutdoor.cl\/store\/wp-json\/wp\/v2\/comments?post=82640"}],"version-history":[{"count":24,"href":"https:\/\/bodegaoutdoor.cl\/store\/wp-json\/wp\/v2\/product\/82640\/revisions"}],"predecessor-version":[{"id":82696,"href":"https:\/\/bodegaoutdoor.cl\/store\/wp-json\/wp\/v2\/product\/82640\/revisions\/82696"}],"wp:featuredmedia":[{"embeddable":true,"href":"https:\/\/bodegaoutdoor.cl\/store\/wp-json\/wp\/v2\/media\/82643"}],"wp:attachment":[{"href":"https:\/\/bodegaoutdoor.cl\/store\/wp-json\/wp\/v2\/media?parent=82640"}],"wp:term":[{"taxonomy":"product_brand","embeddable":true,"href":"https:\/\/bodegaoutdoor.cl\/store\/wp-json\/wp\/v2\/product_brand?post=82640"},{"taxonomy":"product_cat","embeddable":true,"href":"https:\/\/bodegaoutdoor.cl\/store\/wp-json\/wp\/v2\/product_cat?post=82640"},{"taxonomy":"product_tag","embeddable":true,"href":"https:\/\/bodegaoutdoor.cl\/store\/wp-json\/wp\/v2\/product_tag?post=82640"}],"curies":[{"name":"wp","href":"https:\/\/api.w.org\/{rel}","templated":true}]}}