{"id":82697,"date":"2024-05-28T14:53:28","date_gmt":"2024-05-28T18:53:28","guid":{"rendered":"https:\/\/bodegaoutdoor.cl\/store\/?post_type=product&#038;p=82697"},"modified":"2024-05-28T15:02:46","modified_gmt":"2024-05-28T19:02:46","slug":"guantes-de-esqui-unisex-resistentes-al-agua-y-al-frio-con-forro-polar-para-deportes-gruesos-invierno","status":"publish","type":"product","link":"https:\/\/bodegaoutdoor.cl\/store\/product\/guantes-de-esqui-unisex-resistentes-al-agua-y-al-frio-con-forro-polar-para-deportes-gruesos-invierno\/","title":{"rendered":"Guantes de esqu\u00ed unisex, resistentes al agua y al fr\u00edo, con forro polar para deportes, gruesos,  invierno"},"content":{"rendered":"<p class=\"detail-desc-decorate-title\" data-spm-anchor-id=\"a2g0o.detail.1000023.i1.3fe3yFnlyFnl7c\">Informaci\u00f3n del producto<\/p>\n<p class=\"detail-desc-decorate-content\" data-spm-anchor-id=\"a2g0o.detail.1000023.i0.3fe3yFnlyFnl7c\">Nombre del producto: guantes impermeables de invierno Color del producto: negro Materiales principales: poli\u00e9ster, spandex \u00c1mbito de uso: esqu\u00ed, monta\u00f1ismo, etc. Tama\u00f1o: M\/L\/XL Ventajas del producto: Pantalla t\u00e1ctil\/a prueba de viento c\u00e1lido\/antideslizante resistente al desgaste.<\/p>\n<p data-spm-anchor-id=\"a2g0o.detail.1000023.i0.3fe3yFnlyFnl7c\"><img fetchpriority=\"high\" decoding=\"async\" class=\"alignnone size-full wp-image-82707\" src=\"https:\/\/bodegaoutdoor.cl\/store\/wp-content\/uploads\/2024\/05\/444139902_792203092888463_5247219613888860504_n.jpg\" alt=\"\" width=\"800\" height=\"800\" srcset=\"https:\/\/bodegaoutdoor.cl\/store\/wp-content\/uploads\/2024\/05\/444139902_792203092888463_5247219613888860504_n.jpg 800w, https:\/\/bodegaoutdoor.cl\/store\/wp-content\/uploads\/2024\/05\/444139902_792203092888463_5247219613888860504_n-300x300.jpg 300w, https:\/\/bodegaoutdoor.cl\/store\/wp-content\/uploads\/2024\/05\/444139902_792203092888463_5247219613888860504_n-150x150.jpg 150w, https:\/\/bodegaoutdoor.cl\/store\/wp-content\/uploads\/2024\/05\/444139902_792203092888463_5247219613888860504_n-768x768.jpg 768w, https:\/\/bodegaoutdoor.cl\/store\/wp-content\/uploads\/2024\/05\/444139902_792203092888463_5247219613888860504_n-600x600.jpg 600w, https:\/\/bodegaoutdoor.cl\/store\/wp-content\/uploads\/2024\/05\/444139902_792203092888463_5247219613888860504_n-100x100.jpg 100w, https:\/\/bodegaoutdoor.cl\/store\/wp-content\/uploads\/2024\/05\/444139902_792203092888463_5247219613888860504_n-50x50.jpg 50w\" sizes=\"(max-width: 800px) 100vw, 800px\" \/> <img decoding=\"async\" class=\"alignnone size-full wp-image-82706\" src=\"https:\/\/bodegaoutdoor.cl\/store\/wp-content\/uploads\/2024\/05\/443944483_792203126221793_6094378477965595095_n.jpg\" alt=\"\" width=\"800\" height=\"800\" srcset=\"https:\/\/bodegaoutdoor.cl\/store\/wp-content\/uploads\/2024\/05\/443944483_792203126221793_6094378477965595095_n.jpg 800w, https:\/\/bodegaoutdoor.cl\/store\/wp-content\/uploads\/2024\/05\/443944483_792203126221793_6094378477965595095_n-300x300.jpg 300w, https:\/\/bodegaoutdoor.cl\/store\/wp-content\/uploads\/2024\/05\/443944483_792203126221793_6094378477965595095_n-150x150.jpg 150w, https:\/\/bodegaoutdoor.cl\/store\/wp-content\/uploads\/2024\/05\/443944483_792203126221793_6094378477965595095_n-768x768.jpg 768w, https:\/\/bodegaoutdoor.cl\/store\/wp-content\/uploads\/2024\/05\/443944483_792203126221793_6094378477965595095_n-600x600.jpg 600w, https:\/\/bodegaoutdoor.cl\/store\/wp-content\/uploads\/2024\/05\/443944483_792203126221793_6094378477965595095_n-100x100.jpg 100w, https:\/\/bodegaoutdoor.cl\/store\/wp-content\/uploads\/2024\/05\/443944483_792203126221793_6094378477965595095_n-50x50.jpg 50w\" sizes=\"(max-width: 800px) 100vw, 800px\" \/> <img decoding=\"async\" class=\"alignnone size-full wp-image-82705\" src=\"https:\/\/bodegaoutdoor.cl\/store\/wp-content\/uploads\/2024\/05\/443716801_792203146221791_6641761806142536834_n.jpg\" alt=\"\" width=\"790\" height=\"798\" srcset=\"https:\/\/bodegaoutdoor.cl\/store\/wp-content\/uploads\/2024\/05\/443716801_792203146221791_6641761806142536834_n.jpg 790w, https:\/\/bodegaoutdoor.cl\/store\/wp-content\/uploads\/2024\/05\/443716801_792203146221791_6641761806142536834_n-297x300.jpg 297w, https:\/\/bodegaoutdoor.cl\/store\/wp-content\/uploads\/2024\/05\/443716801_792203146221791_6641761806142536834_n-768x776.jpg 768w, https:\/\/bodegaoutdoor.cl\/store\/wp-content\/uploads\/2024\/05\/443716801_792203146221791_6641761806142536834_n-600x606.jpg 600w, https:\/\/bodegaoutdoor.cl\/store\/wp-content\/uploads\/2024\/05\/443716801_792203146221791_6641761806142536834_n-100x100.jpg 100w, https:\/\/bodegaoutdoor.cl\/store\/wp-content\/uploads\/2024\/05\/443716801_792203146221791_6641761806142536834_n-50x50.jpg 50w\" sizes=\"(max-width: 790px) 100vw, 790px\" \/> <img loading=\"lazy\" decoding=\"async\" class=\"alignnone size-full wp-image-82704\" src=\"https:\/\/bodegaoutdoor.cl\/store\/wp-content\/uploads\/2024\/05\/436210687_792203052888467_5184485542085204046_n.jpg\" alt=\"\" width=\"800\" height=\"800\" srcset=\"https:\/\/bodegaoutdoor.cl\/store\/wp-content\/uploads\/2024\/05\/436210687_792203052888467_5184485542085204046_n.jpg 800w, https:\/\/bodegaoutdoor.cl\/store\/wp-content\/uploads\/2024\/05\/436210687_792203052888467_5184485542085204046_n-300x300.jpg 300w, https:\/\/bodegaoutdoor.cl\/store\/wp-content\/uploads\/2024\/05\/436210687_792203052888467_5184485542085204046_n-150x150.jpg 150w, https:\/\/bodegaoutdoor.cl\/store\/wp-content\/uploads\/2024\/05\/436210687_792203052888467_5184485542085204046_n-768x768.jpg 768w, https:\/\/bodegaoutdoor.cl\/store\/wp-content\/uploads\/2024\/05\/436210687_792203052888467_5184485542085204046_n-600x600.jpg 600w, https:\/\/bodegaoutdoor.cl\/store\/wp-content\/uploads\/2024\/05\/436210687_792203052888467_5184485542085204046_n-100x100.jpg 100w, https:\/\/bodegaoutdoor.cl\/store\/wp-content\/uploads\/2024\/05\/436210687_792203052888467_5184485542085204046_n-50x50.jpg 50w\" sizes=\"(max-width: 800px) 100vw, 800px\" \/><\/p>\n<p data-spm-anchor-id=\"a2g0o.detail.1000023.i0.3fe3yFnlyFnl7c\"><img decoding=\"async\" src=\"https:\/\/ae01.alicdn.com\/kf\/Hcced21fe41074bca9b385ccb4229fb86v.jpg\" \/><\/p>\n<p data-spm-anchor-id=\"a2g0o.detail.1000023.i0.3fe3yFnlyFnl7c\"><img decoding=\"async\" src=\"https:\/\/ae01.alicdn.com\/kf\/Heabf01d34c934ea8bdb2936ad7020cff5.jpg\" \/><\/p>\n<p data-spm-anchor-id=\"a2g0o.detail.1000023.i0.3fe3yFnlyFnl7c\"><img decoding=\"async\" src=\"https:\/\/scontent.fccp6-1.fna.fbcdn.net\/v\/t39.30808-6\/436210687_792203052888467_5184485542085204046_n.jpg?_nc_cat=110&amp;ccb=1-7&amp;_nc_sid=5f2048&amp;_nc_eui2=AeGAQqUqK_Oi1RlaMSSUrZtP78aav5ebVDHvxpq_l5tUMW553mxorY37Auig8EdQdWZfZOsEIrSQAUSgXitjzC_D&amp;_nc_ohc=jylEZXwhEN0Q7kNvgHJZa9z&amp;_nc_zt=23&amp;_nc_ht=scontent.fccp6-1.fna&amp;oh=00_AYCI33swNtbgn1uT-kIeGQs9c60ml8Ua-F5B0Fuezi3_3A&amp;oe=665BFC50\" alt=\"Puede ser una imagen de texto\" \/><img decoding=\"async\" src=\"https:\/\/ae01.alicdn.com\/kf\/H549ecf8867d340c78c71103bab6032f2r.jpg\" \/><\/p>\n<p data-spm-anchor-id=\"a2g0o.detail.1000023.i0.3fe3yFnlyFnl7c\">\n\n    <div class=\"xs_social_share_widget xs_share_url after_content \t\tmain_content  wslu-style-1 wslu-share-box-shaped wslu-fill-colored wslu-none wslu-share-horizontal wslu-theme-font-no wslu-main_content\">\n\n\t\t\n        <ul>\n\t\t\t        <\/ul>\n    <\/div> \n","protected":false},"excerpt":{"rendered":"<p>Informaci\u00f3n del producto Nombre del producto: guantes impermeables de invierno Color del producto: negro Materiales principales: poli\u00e9ster, spandex \u00c1mbito de uso: esqu\u00ed, monta\u00f1ismo, etc. Tama\u00f1o: M\/L\/XL Ventajas del producto: Pantalla t\u00e1ctil\/a prueba de viento c\u00e1lido\/antideslizante resistente al desgaste.<\/p>\n","protected":false},"featured_media":82704,"comment_status":"open","ping_status":"closed","template":"","meta":{"jetpack_publicize_message":"","jetpack_publicize_feature_enabled":true,"jetpack_social_post_already_shared":true,"jetpack_social_options":{"image_generator_settings":{"template":"highway","enabled":false},"version":2}},"product_brand":[],"product_cat":[490],"product_tag":[],"class_list":{"0":"post-82697","1":"product","2":"type-product","3":"status-publish","4":"has-post-thumbnail","6":"product_cat-guantes","8":"first","9":"instock","10":"sale","11":"taxable","12":"shipping-taxable","13":"purchasable","14":"product-type-variable"},"jetpack_publicize_connections":[],"jetpack_sharing_enabled":true,"_links":{"self":[{"href":"https:\/\/bodegaoutdoor.cl\/store\/wp-json\/wp\/v2\/product\/82697","targetHints":{"allow":["GET"]}}],"collection":[{"href":"https:\/\/bodegaoutdoor.cl\/store\/wp-json\/wp\/v2\/product"}],"about":[{"href":"https:\/\/bodegaoutdoor.cl\/store\/wp-json\/wp\/v2\/types\/product"}],"replies":[{"embeddable":true,"href":"https:\/\/bodegaoutdoor.cl\/store\/wp-json\/wp\/v2\/comments?post=82697"}],"version-history":[{"count":5,"href":"https:\/\/bodegaoutdoor.cl\/store\/wp-json\/wp\/v2\/product\/82697\/revisions"}],"predecessor-version":[{"id":82709,"href":"https:\/\/bodegaoutdoor.cl\/store\/wp-json\/wp\/v2\/product\/82697\/revisions\/82709"}],"wp:featuredmedia":[{"embeddable":true,"href":"https:\/\/bodegaoutdoor.cl\/store\/wp-json\/wp\/v2\/media\/82704"}],"wp:attachment":[{"href":"https:\/\/bodegaoutdoor.cl\/store\/wp-json\/wp\/v2\/media?parent=82697"}],"wp:term":[{"taxonomy":"product_brand","embeddable":true,"href":"https:\/\/bodegaoutdoor.cl\/store\/wp-json\/wp\/v2\/product_brand?post=82697"},{"taxonomy":"product_cat","embeddable":true,"href":"https:\/\/bodegaoutdoor.cl\/store\/wp-json\/wp\/v2\/product_cat?post=82697"},{"taxonomy":"product_tag","embeddable":true,"href":"https:\/\/bodegaoutdoor.cl\/store\/wp-json\/wp\/v2\/product_tag?post=82697"}],"curies":[{"name":"wp","href":"https:\/\/api.w.org\/{rel}","templated":true}]}}