{"id":83330,"date":"2024-05-30T18:24:15","date_gmt":"2024-05-30T22:24:15","guid":{"rendered":"https:\/\/bodegaoutdoor.cl\/store\/product\/chaqueta-termica-de-lana-gruesa-para-mujer-sudadera-con-capucha-para-correr-trotar-fitness-entrenamiento-al-aire-libre-informal-prendas-de-vestir-invierno\/"},"modified":"2024-05-31T12:08:57","modified_gmt":"2024-05-31T16:08:57","slug":"chaqueta-termica-con-capucha-para-correr-outdoor","status":"publish","type":"product","link":"https:\/\/bodegaoutdoor.cl\/store\/product\/chaqueta-termica-con-capucha-para-correr-outdoor\/","title":{"rendered":"Chaqueta t\u00e9rmica con capucha para correr, outdoor"},"content":{"rendered":"<div>\n<div>\n<div><\/div>\n<div>\n<div><\/div>\n<\/div>\n<div id=\"tl_1\">\nTabla de tallas (cm)<\/p>\n<p><img decoding=\"async\" title=\"Chaqueta t\u00e9rmica de lana gruesa para mujer, Sudadera con capucha para correr, trotar, Fitness, entrenamiento al aire libre, informal, prendas de vestir, Invierno\" src=\"https:\/\/bodegaoutdoor.cl\/store\/wp-content\/uploads\/2024\/05\/83330-n8eukv.jpg\" alt=\"Chaqueta t\u00e9rmica de lana gruesa para mujer, Sudadera con capucha para correr, trotar, Fitness, entrenamiento al aire libre, informal, prendas de vestir, Invierno\" \/><\/p>\n<p>Tama\u00f1o sugerido:<\/p>\n<p>M: 42,5-47,5 KG<\/p>\n<p>L: 47,5-52,5 KG<\/p>\n<p>XL: 52,5-57,5 KG<\/p>\n<p>2XL: 57,5-62,5 KG<\/p>\n<p>3XL: 62,5-67,5 KG<\/p>\n<p>4XL: 67,5-75KG<strong><span style=\"margin: 0px; padding: 0px; max-width: 100%; font-size: 20px;\"><span style=\"margin: 0px; padding: 0px; max-width: 100%;\"><strong style=\"font-weight: 700 !important;\"><span style=\"margin: 0px; padding: 0px; max-width: 100%;\"><span style=\"margin: 0px; padding: 0px; max-width: 100%;\">El paquete incluye<br \/>\nCamisetas deportivas de una pieza<\/span><\/span><\/strong><\/span><\/span><\/strong><\/p>\n<p><span style=\"margin: 0px; padding: 0px; max-width: 100%; font-size: 24px;\"><span style=\"margin: 0px; padding: 0px; max-width: 100%; font-size: 20px;\" data-spm-anchor-id=\"2114.12010108.1000023.i0.4af54f28F4MIah\"><span style=\"margin: 0px; padding: 0px; max-width: 100%; font-size: 24px;\"><span style=\"margin: 0px; padding: 0px; max-width: 100%;\"><span style=\"margin: 0px; padding: 0px; max-width: 100%; font-size: 24px;\">Atenci\u00f3n:<br \/>\nEs de tama\u00f1o asi\u00e1tico. Debido a la diferencia de tama\u00f1o del pa\u00eds, habr\u00e1 una peque\u00f1a diferencia. Por favor, compruebe los detalles del tama\u00f1o cuidadosamente para elegir el tama\u00f1o correcto.<br \/>\nSi no est\u00e1 seguro de la talla, no dude en ponerse en contacto con nuestro servicio de atenci\u00f3n al cliente.<br \/>\nEl color ser\u00e1 un poco diferente debido a la luz y la pantalla del ordenador.<br \/>\nPor favor, permita un rango de error de 1-3cm debido a las diferentes mediciones<\/span><\/span><\/span><\/span><\/span><\/p>\n<\/div>\n<p><img decoding=\"async\" title=\"Chaqueta t\u00e9rmica de lana gruesa para mujer, Sudadera con capucha para correr, trotar, Fitness, entrenamiento al aire libre, informal, prendas de vestir, Invierno\" src=\"https:\/\/bodegaoutdoor.cl\/store\/wp-content\/uploads\/2024\/05\/83330-twvm8x.jpg\" alt=\"Chaqueta t\u00e9rmica de lana gruesa para mujer, Sudadera con capucha para correr, trotar, Fitness, entrenamiento al aire libre, informal, prendas de vestir, Invierno\" \/><br \/>\n<img decoding=\"async\" title=\"Chaqueta t\u00e9rmica de lana gruesa para mujer, Sudadera con capucha para correr, trotar, Fitness, entrenamiento al aire libre, informal, prendas de vestir, Invierno\" src=\"https:\/\/bodegaoutdoor.cl\/store\/wp-content\/uploads\/2024\/05\/83330-gpxks1.jpg\" alt=\"Chaqueta t\u00e9rmica de lana gruesa para mujer, Sudadera con capucha para correr, trotar, Fitness, entrenamiento al aire libre, informal, prendas de vestir, Invierno\" \/><br \/>\n<img decoding=\"async\" title=\"Chaqueta t\u00e9rmica de lana gruesa para mujer, Sudadera con capucha para correr, trotar, Fitness, entrenamiento al aire libre, informal, prendas de vestir, Invierno\" src=\"https:\/\/bodegaoutdoor.cl\/store\/wp-content\/uploads\/2024\/05\/83330-cd4pxk.jpg\" alt=\"Chaqueta t\u00e9rmica de lana gruesa para mujer, Sudadera con capucha para correr, trotar, Fitness, entrenamiento al aire libre, informal, prendas de vestir, Invierno\" \/><br \/>\n<img decoding=\"async\" title=\"Chaqueta t\u00e9rmica de lana gruesa para mujer, Sudadera con capucha para correr, trotar, Fitness, entrenamiento al aire libre, informal, prendas de vestir, Invierno\" src=\"https:\/\/bodegaoutdoor.cl\/store\/wp-content\/uploads\/2024\/05\/83330-4u0bqj.jpg\" alt=\"Chaqueta t\u00e9rmica de lana gruesa para mujer, Sudadera con capucha para correr, trotar, Fitness, entrenamiento al aire libre, informal, prendas de vestir, Invierno\" \/><br \/>\n<img decoding=\"async\" title=\"Chaqueta t\u00e9rmica de lana gruesa para mujer, Sudadera con capucha para correr, trotar, Fitness, entrenamiento al aire libre, informal, prendas de vestir, Invierno\" src=\"https:\/\/bodegaoutdoor.cl\/store\/wp-content\/uploads\/2024\/05\/83330-bktngj.jpg\" alt=\"Chaqueta t\u00e9rmica de lana gruesa para mujer, Sudadera con capucha para correr, trotar, Fitness, entrenamiento al aire libre, informal, prendas de vestir, Invierno\" \/><br \/>\n<img decoding=\"async\" title=\"Chaqueta t\u00e9rmica de lana gruesa para mujer, Sudadera con capucha para correr, trotar, Fitness, entrenamiento al aire libre, informal, prendas de vestir, Invierno\" src=\"https:\/\/bodegaoutdoor.cl\/store\/wp-content\/uploads\/2024\/05\/83330-r6yoji.jpg\" alt=\"Chaqueta t\u00e9rmica de lana gruesa para mujer, Sudadera con capucha para correr, trotar, Fitness, entrenamiento al aire libre, informal, prendas de vestir, Invierno\" \/><br \/>\n<img decoding=\"async\" title=\"Chaqueta t\u00e9rmica de lana gruesa para mujer, Sudadera con capucha para correr, trotar, Fitness, entrenamiento al aire libre, informal, prendas de vestir, Invierno\" src=\"https:\/\/bodegaoutdoor.cl\/store\/wp-content\/uploads\/2024\/05\/83330-wyat5n.jpg\" alt=\"Chaqueta t\u00e9rmica de lana gruesa para mujer, Sudadera con capucha para correr, trotar, Fitness, entrenamiento al aire libre, informal, prendas de vestir, Invierno\" \/><\/p>\n<p><img decoding=\"async\" title=\"Chaqueta t\u00e9rmica de lana gruesa para mujer, Sudadera con capucha para correr, trotar, Fitness, entrenamiento al aire libre, informal, prendas de vestir, Invierno\" src=\"https:\/\/bodegaoutdoor.cl\/store\/wp-content\/uploads\/2024\/05\/83330-hnwyjv.jpg\" alt=\"Chaqueta t\u00e9rmica de lana gruesa para mujer, Sudadera con capucha para correr, trotar, Fitness, entrenamiento al aire libre, informal, prendas de vestir, Invierno\" \/><br \/>\n<img decoding=\"async\" title=\"Chaqueta t\u00e9rmica de lana gruesa para mujer, Sudadera con capucha para correr, trotar, Fitness, entrenamiento al aire libre, informal, prendas de vestir, Invierno\" src=\"https:\/\/bodegaoutdoor.cl\/store\/wp-content\/uploads\/2024\/05\/83330-l5oxpv.jpg\" alt=\"Chaqueta t\u00e9rmica de lana gruesa para mujer, Sudadera con capucha para correr, trotar, Fitness, entrenamiento al aire libre, informal, prendas de vestir, Invierno\" \/><br \/>\n<img decoding=\"async\" title=\"Chaqueta t\u00e9rmica de lana gruesa para mujer, Sudadera con capucha para correr, trotar, Fitness, entrenamiento al aire libre, informal, prendas de vestir, Invierno\" src=\"https:\/\/bodegaoutdoor.cl\/store\/wp-content\/uploads\/2024\/05\/83330-nrg1fs.jpg\" alt=\"Chaqueta t\u00e9rmica de lana gruesa para mujer, Sudadera con capucha para correr, trotar, Fitness, entrenamiento al aire libre, informal, prendas de vestir, Invierno\" \/><br \/>\n<img decoding=\"async\" title=\"Chaqueta t\u00e9rmica de lana gruesa para mujer, Sudadera con capucha para correr, trotar, Fitness, entrenamiento al aire libre, informal, prendas de vestir, Invierno\" src=\"https:\/\/bodegaoutdoor.cl\/store\/wp-content\/uploads\/2024\/05\/83330-hiotca.jpg\" alt=\"Chaqueta t\u00e9rmica de lana gruesa para mujer, Sudadera con capucha para correr, trotar, Fitness, entrenamiento al aire libre, informal, prendas de vestir, Invierno\" \/><br \/>\n<img decoding=\"async\" title=\"Chaqueta t\u00e9rmica de lana gruesa para mujer, Sudadera con capucha para correr, trotar, Fitness, entrenamiento al aire libre, informal, prendas de vestir, Invierno\" src=\"https:\/\/bodegaoutdoor.cl\/store\/wp-content\/uploads\/2024\/05\/83330-4dokha.jpg\" alt=\"Chaqueta t\u00e9rmica de lana gruesa para mujer, Sudadera con capucha para correr, trotar, Fitness, entrenamiento al aire libre, informal, prendas de vestir, Invierno\" \/><br \/>\n<img decoding=\"async\" title=\"Chaqueta t\u00e9rmica de lana gruesa para mujer, Sudadera con capucha para correr, trotar, Fitness, entrenamiento al aire libre, informal, prendas de vestir, Invierno\" src=\"https:\/\/bodegaoutdoor.cl\/store\/wp-content\/uploads\/2024\/05\/83330-vi6yqc.jpg\" alt=\"Chaqueta t\u00e9rmica de lana gruesa para mujer, Sudadera con capucha para correr, trotar, Fitness, entrenamiento al aire libre, informal, prendas de vestir, Invierno\" \/><br \/>\n<img decoding=\"async\" title=\"Chaqueta t\u00e9rmica de lana gruesa para mujer, Sudadera con capucha para correr, trotar, Fitness, entrenamiento al aire libre, informal, prendas de vestir, Invierno\" src=\"https:\/\/bodegaoutdoor.cl\/store\/wp-content\/uploads\/2024\/05\/83330-khzpdx.jpg\" alt=\"Chaqueta t\u00e9rmica de lana gruesa para mujer, Sudadera con capucha para correr, trotar, Fitness, entrenamiento al aire libre, informal, prendas de vestir, Invierno\" \/><br \/>\n<img decoding=\"async\" title=\"Chaqueta t\u00e9rmica de lana gruesa para mujer, Sudadera con capucha para correr, trotar, Fitness, entrenamiento al aire libre, informal, prendas de vestir, Invierno\" src=\"https:\/\/bodegaoutdoor.cl\/store\/wp-content\/uploads\/2024\/05\/83330-zq5kal.jpg\" alt=\"Chaqueta t\u00e9rmica de lana gruesa para mujer, Sudadera con capucha para correr, trotar, Fitness, entrenamiento al aire libre, informal, prendas de vestir, Invierno\" \/><br \/>\n<img decoding=\"async\" title=\"Chaqueta t\u00e9rmica de lana gruesa para mujer, Sudadera con capucha para correr, trotar, Fitness, entrenamiento al aire libre, informal, prendas de vestir, Invierno\" src=\"https:\/\/bodegaoutdoor.cl\/store\/wp-content\/uploads\/2024\/05\/83330-1zsdbq.jpg\" alt=\"Chaqueta t\u00e9rmica de lana gruesa para mujer, Sudadera con capucha para correr, trotar, Fitness, entrenamiento al aire libre, informal, prendas de vestir, Invierno\" \/><br \/>\n<img decoding=\"async\" title=\"Chaqueta t\u00e9rmica de lana gruesa para mujer, Sudadera con capucha para correr, trotar, Fitness, entrenamiento al aire libre, informal, prendas de vestir, Invierno\" src=\"https:\/\/bodegaoutdoor.cl\/store\/wp-content\/uploads\/2024\/05\/83330-z0sfcp.jpg\" alt=\"Chaqueta t\u00e9rmica de lana gruesa para mujer, Sudadera con capucha para correr, trotar, Fitness, entrenamiento al aire libre, informal, prendas de vestir, Invierno\" \/><br \/>\n<img decoding=\"async\" title=\"Chaqueta t\u00e9rmica de lana gruesa para mujer, Sudadera con capucha para correr, trotar, Fitness, entrenamiento al aire libre, informal, prendas de vestir, Invierno\" src=\"https:\/\/bodegaoutdoor.cl\/store\/wp-content\/uploads\/2024\/05\/83330-9ekluh.jpg\" alt=\"Chaqueta t\u00e9rmica de lana gruesa para mujer, Sudadera con capucha para correr, trotar, Fitness, entrenamiento al aire libre, informal, prendas de vestir, Invierno\" \/><br \/>\n<img decoding=\"async\" title=\"Chaqueta t\u00e9rmica de lana gruesa para mujer, Sudadera con capucha para correr, trotar, Fitness, entrenamiento al aire libre, informal, prendas de vestir, Invierno\" src=\"https:\/\/bodegaoutdoor.cl\/store\/wp-content\/uploads\/2024\/05\/83330-afivln.jpg\" alt=\"Chaqueta t\u00e9rmica de lana gruesa para mujer, Sudadera con capucha para correr, trotar, Fitness, entrenamiento al aire libre, informal, prendas de vestir, Invierno\" \/><br \/>\n<img decoding=\"async\" title=\"Chaqueta t\u00e9rmica de lana gruesa para mujer, Sudadera con capucha para correr, trotar, Fitness, entrenamiento al aire libre, informal, prendas de vestir, Invierno\" src=\"https:\/\/bodegaoutdoor.cl\/store\/wp-content\/uploads\/2024\/05\/83330-hgkcay.jpg\" alt=\"Chaqueta t\u00e9rmica de lana gruesa para mujer, Sudadera con capucha para correr, trotar, Fitness, entrenamiento al aire libre, informal, prendas de vestir, Invierno\" \/><br \/>\n<img decoding=\"async\" title=\"Chaqueta t\u00e9rmica de lana gruesa para mujer, Sudadera con capucha para correr, trotar, Fitness, entrenamiento al aire libre, informal, prendas de vestir, Invierno\" src=\"https:\/\/bodegaoutdoor.cl\/store\/wp-content\/uploads\/2024\/05\/83330-rczguk.jpg\" alt=\"Chaqueta t\u00e9rmica de lana gruesa para mujer, Sudadera con capucha para correr, trotar, Fitness, entrenamiento al aire libre, informal, prendas de vestir, Invierno\" \/><br \/>\n<img decoding=\"async\" title=\"Chaqueta t\u00e9rmica de lana gruesa para mujer, Sudadera con capucha para correr, trotar, Fitness, entrenamiento al aire libre, informal, prendas de vestir, Invierno\" src=\"https:\/\/bodegaoutdoor.cl\/store\/wp-content\/uploads\/2024\/05\/83330-dabcwv.jpg\" alt=\"Chaqueta t\u00e9rmica de lana gruesa para mujer, Sudadera con capucha para correr, trotar, Fitness, entrenamiento al aire libre, informal, prendas de vestir, Invierno\" \/><\/p>\n<p>&nbsp;<\/p>\n<div id=\"offer-template-1450686097908\"><\/div>\n<p>&nbsp;<\/p>\n<\/div>\n<\/div>\n\n    <div class=\"xs_social_share_widget xs_share_url after_content \t\tmain_content  wslu-style-1 wslu-share-box-shaped wslu-fill-colored wslu-none wslu-share-horizontal wslu-theme-font-no wslu-main_content\">\n\n\t\t\n        <ul>\n\t\t\t        <\/ul>\n    <\/div> \n","protected":false},"excerpt":{"rendered":"<p>Tabla de tallas (cm) Tama\u00f1o sugerido: M: 42,5-47,5 KG L: 47,5-52,5 KG XL: 52,5-57,5 KG 2XL: 57,5-62,5 KG 3XL: 62,5-67,5 KG 4XL: 67,5-75KGEl paquete incluye Camisetas deportivas de una pieza Atenci\u00f3n: Es de tama\u00f1o asi\u00e1tico. Debido a la diferencia de tama\u00f1o del pa\u00eds, habr\u00e1 una peque\u00f1a diferencia. Por favor, compruebe los detalles del tama\u00f1o cuidadosamente [&hellip;]<\/p>\n","protected":false},"featured_media":83361,"comment_status":"open","ping_status":"closed","template":"","meta":{"jetpack_publicize_message":"","jetpack_publicize_feature_enabled":true,"jetpack_social_post_already_shared":true,"jetpack_social_options":{"image_generator_settings":{"template":"highway","enabled":false},"version":2}},"product_brand":[],"product_cat":[69,63],"product_tag":[],"class_list":{"0":"post-83330","1":"product","2":"type-product","3":"status-publish","4":"has-post-thumbnail","6":"product_cat-mujer-segunda","7":"product_cat-vestuario-mujer","9":"first","10":"instock","11":"taxable","12":"shipping-taxable","13":"purchasable","14":"product-type-variable"},"jetpack_publicize_connections":[],"jetpack_sharing_enabled":true,"_links":{"self":[{"href":"https:\/\/bodegaoutdoor.cl\/store\/wp-json\/wp\/v2\/product\/83330","targetHints":{"allow":["GET"]}}],"collection":[{"href":"https:\/\/bodegaoutdoor.cl\/store\/wp-json\/wp\/v2\/product"}],"about":[{"href":"https:\/\/bodegaoutdoor.cl\/store\/wp-json\/wp\/v2\/types\/product"}],"replies":[{"embeddable":true,"href":"https:\/\/bodegaoutdoor.cl\/store\/wp-json\/wp\/v2\/comments?post=83330"}],"version-history":[{"count":26,"href":"https:\/\/bodegaoutdoor.cl\/store\/wp-json\/wp\/v2\/product\/83330\/revisions"}],"predecessor-version":[{"id":83417,"href":"https:\/\/bodegaoutdoor.cl\/store\/wp-json\/wp\/v2\/product\/83330\/revisions\/83417"}],"wp:featuredmedia":[{"embeddable":true,"href":"https:\/\/bodegaoutdoor.cl\/store\/wp-json\/wp\/v2\/media\/83361"}],"wp:attachment":[{"href":"https:\/\/bodegaoutdoor.cl\/store\/wp-json\/wp\/v2\/media?parent=83330"}],"wp:term":[{"taxonomy":"product_brand","embeddable":true,"href":"https:\/\/bodegaoutdoor.cl\/store\/wp-json\/wp\/v2\/product_brand?post=83330"},{"taxonomy":"product_cat","embeddable":true,"href":"https:\/\/bodegaoutdoor.cl\/store\/wp-json\/wp\/v2\/product_cat?post=83330"},{"taxonomy":"product_tag","embeddable":true,"href":"https:\/\/bodegaoutdoor.cl\/store\/wp-json\/wp\/v2\/product_tag?post=83330"}],"curies":[{"name":"wp","href":"https:\/\/api.w.org\/{rel}","templated":true}]}}