{"id":83500,"date":"2024-06-01T16:00:46","date_gmt":"2024-06-01T20:00:46","guid":{"rendered":"https:\/\/bodegaoutdoor.cl\/store\/product\/estufa-de-gas-portatil-para-exteriores-quemador-turistico-a-prueba-de-viento-3-nucleos-fuerte-potencia-de-fuego-camping-senderismo-picnic-barbacoa-utensilios-de-cocina\/"},"modified":"2024-06-01T16:07:39","modified_gmt":"2024-06-01T20:07:39","slug":"estufa-de-gas-portatil-para-exteriores-cocinilla-3-nucleos-camping-senderismo","status":"publish","type":"product","link":"https:\/\/bodegaoutdoor.cl\/store\/product\/estufa-de-gas-portatil-para-exteriores-cocinilla-3-nucleos-camping-senderismo\/","title":{"rendered":"Estufa de Gas port\u00e1til para exteriores, cocinilla 3 n\u00facleos, Camping, senderismo"},"content":{"rendered":"<div><\/div>\n<p><span id=\"tl_4\" style=\"font-size: 18px;\">100% nuevo y de alta calidad<\/span><\/p>\n<p><strong><span id=\"tl_5\" style=\"font-size: 18px;\">Descripci\u00f3n del producto:<\/span><\/strong><\/p>\n<p><span id=\"tl_6\" style=\"font-size: 18px;\">1. Nombre: quemador de gas para acampar, cocina de gas<\/span><\/p>\n<p><span id=\"tl_7\" style=\"font-size: 18px;\">2.Material: acero inoxidable y aleaci\u00f3n de aluminio<\/span><\/p>\n<p><span style=\"font-size: 18px;\"><span style=\"font-size: 18px;\"><span id=\"tl_8\" style=\"font-size: 18px;\">3. Tipo de tanque de gas: tanque de gas plano\/tanque de gas largo<\/span><\/span><\/span><\/p>\n<p><span style=\"font-size: 18px;\"><span style=\"font-size: 18px;\"><span id=\"tl_9\" style=\"font-size: 18px;\">4.W<\/span><\/span><\/span><span id=\"tl_10\" style=\"font-size: 18px;\">Ocho: aproximadamente 333g\/476g\/529G<\/span><\/p>\n<p><span style=\"font-size: 18px;\">5.<\/span><span style=\"font-size: 18px;\"><span style=\"font-size: 18px;\"><span id=\"tl_11\" style=\"font-size: 18px;\">Potencia: 5800W\/6900W(1L de agua se puede hervir en 3-5 minutos)<\/span><\/span><\/span><\/p>\n<p><span style=\"font-size: 18px;\"><span style=\"font-size: 18px;\"><span style=\"font-size: 18px;\">6.<\/span><\/span><\/span><span id=\"tl_12\">Tama\u00f1o:<\/span><span style=\"font-size: 18px;\"><span style=\"font-size: 18px;\"><span id=\"tl_13\" style=\"font-size: 18px;\">Despliegue 15cm x 8,7 cm; Despliegue 16,5 cm x 9,1 cm; Despliegue 12cm x 17cm<\/span><\/span><\/span><\/p>\n<p><span id=\"tl_14\" style=\"font-size: 18px;\">7. Tipo: equipo de camping, suministros de camping<\/span><\/p>\n<p><strong><span id=\"tl_15\" style=\"font-size: 18px;\">Caracter\u00edsticas:<\/span><\/strong><\/p>\n<p><span id=\"tl_16\" style=\"font-size: 18px;\">1. Excelente eficiencia t\u00e9rmica y potencia de fuego s\u00faper fuerte.<\/span><\/p>\n<p><span id=\"tl_17\" style=\"font-size: 18px;\">2. Encendido piezoel\u00e9ctrico de cer\u00e1mica de alta energ\u00eda, encendido muy efectivo.<\/span><\/p>\n<p><span id=\"tl_18\" style=\"font-size: 18px;\">3. Dise\u00f1o de soporte plegable, tambi\u00e9n viene con una bolsa para facilitar su transporte.<\/span><\/p>\n<p><span id=\"tl_19\" style=\"font-size: 18px;\">4. Ser\u00e1 su buen compa\u00f1ero cuando tenga actividades al aire libre.<\/span><\/p>\n<p><span id=\"tl_20\" style=\"font-size: 18px;\">5. La estufa de gas port\u00e1til y ligera es popular entre los campistas.<\/span><\/p>\n<p><span id=\"tl_21\" style=\"font-size: 18px;\">Lista de embalaje<\/span><span style=\"font-size: 18px;\"><span style=\"font-size: 18px;\"><span id=\"tl_22\" style=\"font-size: 18px;\">(Seg\u00fan su elecci\u00f3n)<\/span><\/span><\/span><\/p>\n<p><span id=\"tl_23\" style=\"font-size: 18px;\">1 * Estufa de camping<\/span><\/p>\n<p><span id=\"tl_24\" style=\"font-size: 18px;\">1 * caja de almacenamiento<\/span><\/p>\n<div>\n<p><span style=\"font-size: 18px;\">1 * <\/span><span style=\"font-size: 18px;\"><span style=\"font-size: 18px;\"><span id=\"tl_25\" style=\"font-size: 18px;\">Adaptador<\/span><\/span><\/span><span style=\"font-size: 18px;\"><span style=\"font-size: 18px;\"><span id=\"tl_26\" style=\"font-size: 18px;\">(Rojo o naranja)<\/span><\/span><\/span><\/p>\n<p><span style=\"font-size: 18px;\"><span style=\"font-size: 18px;\"><span id=\"tl_27\" style=\"font-size: 18px;\">O<\/span><\/span><\/span><\/p>\n<div>\n<p><span id=\"tl_28\" style=\"font-size: 18px;\">1 * Estufa de camping<\/span><\/p>\n<p><span id=\"tl_29\" style=\"font-size: 18px;\">1 * caja de almacenamiento<\/span><\/p>\n<p><img decoding=\"async\" src=\"https:\/\/bodegaoutdoor.cl\/store\/wp-content\/uploads\/2024\/06\/83500-b8mmfy.jpg\" \/><img decoding=\"async\" src=\"https:\/\/bodegaoutdoor.cl\/store\/wp-content\/uploads\/2024\/06\/83500-oqycpd.jpg\" \/><\/p>\n<p><img decoding=\"async\" src=\"https:\/\/bodegaoutdoor.cl\/store\/wp-content\/uploads\/2024\/06\/83500-tyxvpo.jpg\" \/><img decoding=\"async\" src=\"https:\/\/bodegaoutdoor.cl\/store\/wp-content\/uploads\/2024\/06\/83500-akdq4m.jpg\" \/><img decoding=\"async\" src=\"https:\/\/bodegaoutdoor.cl\/store\/wp-content\/uploads\/2024\/06\/83500-tqegfm.jpg\" \/><img decoding=\"async\" src=\"https:\/\/bodegaoutdoor.cl\/store\/wp-content\/uploads\/2024\/06\/83500-oux9nr.jpg\" \/><img decoding=\"async\" src=\"\/\/ae01.alicdn.com\/kf\/Sa1eaf1cf29424857a90dc902a7ccbc4bz.jpg\" \/><img decoding=\"async\" src=\"\/\/ae01.alicdn.com\/kf\/S2b7c2bdb4b2e442dbf1a41a5cbba16ecw.jpg\" \/><\/p>\n<p>&nbsp;<\/p>\n<p>&nbsp;<\/p>\n<p>&nbsp;<\/p>\n<p><img decoding=\"async\" style=\"max-width: 100%;\" src=\"\/\/ae01.alicdn.com\/kf\/S7b0aeabdb2f84722bbdcba0d04fca453A.jpeg\" \/><img decoding=\"async\" style=\"max-width: 100%;\" src=\"\/\/ae01.alicdn.com\/kf\/S4620b9680a2944f8908ef0a4c07a3dbeo.jpeg\" \/><\/p>\n<div><\/div>\n<div><\/div>\n<\/div>\n<\/div>\n<div><\/div>\n<p>&nbsp;<\/p>\n\n    <div class=\"xs_social_share_widget xs_share_url after_content \t\tmain_content  wslu-style-1 wslu-share-box-shaped wslu-fill-colored wslu-none wslu-share-horizontal wslu-theme-font-no wslu-main_content\">\n\n\t\t\n        <ul>\n\t\t\t        <\/ul>\n    <\/div> \n","protected":false},"excerpt":{"rendered":"<p>100% nuevo y de alta calidad Descripci\u00f3n del producto: 1. Nombre: quemador de gas para acampar, cocina de gas 2.Material: acero inoxidable y aleaci\u00f3n de aluminio 3. Tipo de tanque de gas: tanque de gas plano\/tanque de gas largo 4.WOcho: aproximadamente 333g\/476g\/529G 5.Potencia: 5800W\/6900W(1L de agua se puede hervir en 3-5 minutos) 6.Tama\u00f1o:Despliegue 15cm x [&hellip;]<\/p>\n","protected":false},"featured_media":83507,"comment_status":"open","ping_status":"closed","template":"","meta":{"jetpack_publicize_message":"","jetpack_publicize_feature_enabled":true,"jetpack_social_post_already_shared":true,"jetpack_social_options":{"image_generator_settings":{"template":"highway","enabled":false},"version":2}},"product_brand":[],"product_cat":[1150],"product_tag":[],"class_list":{"0":"post-83500","1":"product","2":"type-product","3":"status-publish","4":"has-post-thumbnail","6":"product_cat-cocinillas","8":"first","9":"instock","10":"sale","11":"taxable","12":"shipping-taxable","13":"purchasable","14":"product-type-variable"},"jetpack_publicize_connections":[],"jetpack_sharing_enabled":true,"_links":{"self":[{"href":"https:\/\/bodegaoutdoor.cl\/store\/wp-json\/wp\/v2\/product\/83500","targetHints":{"allow":["GET"]}}],"collection":[{"href":"https:\/\/bodegaoutdoor.cl\/store\/wp-json\/wp\/v2\/product"}],"about":[{"href":"https:\/\/bodegaoutdoor.cl\/store\/wp-json\/wp\/v2\/types\/product"}],"replies":[{"embeddable":true,"href":"https:\/\/bodegaoutdoor.cl\/store\/wp-json\/wp\/v2\/comments?post=83500"}],"version-history":[{"count":36,"href":"https:\/\/bodegaoutdoor.cl\/store\/wp-json\/wp\/v2\/product\/83500\/revisions"}],"predecessor-version":[{"id":83586,"href":"https:\/\/bodegaoutdoor.cl\/store\/wp-json\/wp\/v2\/product\/83500\/revisions\/83586"}],"wp:featuredmedia":[{"embeddable":true,"href":"https:\/\/bodegaoutdoor.cl\/store\/wp-json\/wp\/v2\/media\/83507"}],"wp:attachment":[{"href":"https:\/\/bodegaoutdoor.cl\/store\/wp-json\/wp\/v2\/media?parent=83500"}],"wp:term":[{"taxonomy":"product_brand","embeddable":true,"href":"https:\/\/bodegaoutdoor.cl\/store\/wp-json\/wp\/v2\/product_brand?post=83500"},{"taxonomy":"product_cat","embeddable":true,"href":"https:\/\/bodegaoutdoor.cl\/store\/wp-json\/wp\/v2\/product_cat?post=83500"},{"taxonomy":"product_tag","embeddable":true,"href":"https:\/\/bodegaoutdoor.cl\/store\/wp-json\/wp\/v2\/product_tag?post=83500"}],"curies":[{"name":"wp","href":"https:\/\/api.w.org\/{rel}","templated":true}]}}