{"id":83658,"date":"2024-06-01T16:21:17","date_gmt":"2024-06-01T20:21:17","guid":{"rendered":"https:\/\/bodegaoutdoor.cl\/store\/product\/guantes-tacticos-de-dedo-completo-para-motocicleta-manoplas-para-ciclismo-esqui-aire-libre-escalada-ejercito\/"},"modified":"2024-06-01T17:37:40","modified_gmt":"2024-06-01T21:37:40","slug":"guantes-tacticos-de-dedo-completo-motocicleta-ciclismo-outdoor-escalada-entrenamiento","status":"publish","type":"product","link":"https:\/\/bodegaoutdoor.cl\/store\/product\/guantes-tacticos-de-dedo-completo-motocicleta-ciclismo-outdoor-escalada-entrenamiento\/","title":{"rendered":"Guantes t\u00e1cticos de dedo completo motocicleta, ciclismo, outdoor, escalada, entrenamiento"},"content":{"rendered":"<div>\n<div>\n<div id=\"offer-template-0\"><\/div>\n<p>&nbsp;<\/p>\n<p><img decoding=\"async\" style=\"text-align: absmiddle;\" title=\"Guantes t\u00e1cticos de dedo completo para motocicleta, manoplas para ciclismo, esqu\u00ed, aire libre, escalada, Ej\u00e9rcito\" src=\"https:\/\/bodegaoutdoor.cl\/store\/wp-content\/uploads\/2024\/06\/83658-q9gkbm.jpg\" alt=\"Guantes t\u00e1cticos de dedo completo para motocicleta, manoplas para ciclismo, esqu\u00ed, aire libre, escalada, Ej\u00e9rcito\" align=\"absmiddle\" \/><img decoding=\"async\" style=\"text-align: absmiddle;\" title=\"Guantes t\u00e1cticos de dedo completo para motocicleta, manoplas para ciclismo, esqu\u00ed, aire libre, escalada, Ej\u00e9rcito\" src=\"https:\/\/bodegaoutdoor.cl\/store\/wp-content\/uploads\/2024\/06\/83658-luvjww.jpg\" alt=\"Guantes t\u00e1cticos de dedo completo para motocicleta, manoplas para ciclismo, esqu\u00ed, aire libre, escalada, Ej\u00e9rcito\" align=\"absmiddle\" \/><img decoding=\"async\" style=\"text-align: absmiddle;\" title=\"Guantes t\u00e1cticos de dedo completo para motocicleta, manoplas para ciclismo, esqu\u00ed, aire libre, escalada, Ej\u00e9rcito\" src=\"https:\/\/bodegaoutdoor.cl\/store\/wp-content\/uploads\/2024\/06\/83658-alrl9y.jpg\" alt=\"Guantes t\u00e1cticos de dedo completo para motocicleta, manoplas para ciclismo, esqu\u00ed, aire libre, escalada, Ej\u00e9rcito\" align=\"absmiddle\" \/><img decoding=\"async\" style=\"text-align: absmiddle;\" title=\"Guantes t\u00e1cticos de dedo completo para motocicleta, manoplas para ciclismo, esqu\u00ed, aire libre, escalada, Ej\u00e9rcito\" src=\"https:\/\/bodegaoutdoor.cl\/store\/wp-content\/uploads\/2024\/06\/83658-rvp4ui.jpg\" alt=\"Guantes t\u00e1cticos de dedo completo para motocicleta, manoplas para ciclismo, esqu\u00ed, aire libre, escalada, Ej\u00e9rcito\" align=\"absmiddle\" \/><img decoding=\"async\" style=\"text-align: absmiddle;\" title=\"Guantes t\u00e1cticos de dedo completo para motocicleta, manoplas para ciclismo, esqu\u00ed, aire libre, escalada, Ej\u00e9rcito\" src=\"https:\/\/bodegaoutdoor.cl\/store\/wp-content\/uploads\/2024\/06\/83658-zvoqmo.jpg\" alt=\"Guantes t\u00e1cticos de dedo completo para motocicleta, manoplas para ciclismo, esqu\u00ed, aire libre, escalada, Ej\u00e9rcito\" align=\"absmiddle\" \/><img decoding=\"async\" style=\"text-align: absmiddle;\" title=\"Guantes t\u00e1cticos de dedo completo para motocicleta, manoplas para ciclismo, esqu\u00ed, aire libre, escalada, Ej\u00e9rcito\" src=\"https:\/\/bodegaoutdoor.cl\/store\/wp-content\/uploads\/2024\/06\/83658-074ed9.jpg\" alt=\"Guantes t\u00e1cticos de dedo completo para motocicleta, manoplas para ciclismo, esqu\u00ed, aire libre, escalada, Ej\u00e9rcito\" align=\"absmiddle\" \/><img decoding=\"async\" style=\"text-align: absmiddle;\" title=\"Guantes t\u00e1cticos de dedo completo para motocicleta, manoplas para ciclismo, esqu\u00ed, aire libre, escalada, Ej\u00e9rcito\" src=\"https:\/\/bodegaoutdoor.cl\/store\/wp-content\/uploads\/2024\/06\/83658-omjzkq.jpg\" alt=\"Guantes t\u00e1cticos de dedo completo para motocicleta, manoplas para ciclismo, esqu\u00ed, aire libre, escalada, Ej\u00e9rcito\" align=\"absmiddle\" \/><img decoding=\"async\" style=\"text-align: absmiddle;\" title=\"Guantes t\u00e1cticos de dedo completo para motocicleta, manoplas para ciclismo, esqu\u00ed, aire libre, escalada, Ej\u00e9rcito\" src=\"https:\/\/bodegaoutdoor.cl\/store\/wp-content\/uploads\/2024\/06\/83658-a8uzs4.jpg\" alt=\"Guantes t\u00e1cticos de dedo completo para motocicleta, manoplas para ciclismo, esqu\u00ed, aire libre, escalada, Ej\u00e9rcito\" align=\"absmiddle\" \/><img decoding=\"async\" style=\"text-align: absmiddle;\" title=\"Guantes t\u00e1cticos de dedo completo para motocicleta, manoplas para ciclismo, esqu\u00ed, aire libre, escalada, Ej\u00e9rcito\" src=\"https:\/\/bodegaoutdoor.cl\/store\/wp-content\/uploads\/2024\/06\/83658-yj2edj.jpg\" alt=\"Guantes t\u00e1cticos de dedo completo para motocicleta, manoplas para ciclismo, esqu\u00ed, aire libre, escalada, Ej\u00e9rcito\" align=\"absmiddle\" \/><img decoding=\"async\" style=\"text-align: absmiddle;\" title=\"Guantes t\u00e1cticos de dedo completo para motocicleta, manoplas para ciclismo, esqu\u00ed, aire libre, escalada, Ej\u00e9rcito\" src=\"https:\/\/bodegaoutdoor.cl\/store\/wp-content\/uploads\/2024\/06\/83658-wctj9e.jpg\" alt=\"Guantes t\u00e1cticos de dedo completo para motocicleta, manoplas para ciclismo, esqu\u00ed, aire libre, escalada, Ej\u00e9rcito\" align=\"absmiddle\" \/><img decoding=\"async\" style=\"text-align: absmiddle;\" title=\"Guantes t\u00e1cticos de dedo completo para motocicleta, manoplas para ciclismo, esqu\u00ed, aire libre, escalada, Ej\u00e9rcito\" src=\"https:\/\/bodegaoutdoor.cl\/store\/wp-content\/uploads\/2024\/06\/83658-0bzp7c.jpg\" alt=\"Guantes t\u00e1cticos de dedo completo para motocicleta, manoplas para ciclismo, esqu\u00ed, aire libre, escalada, Ej\u00e9rcito\" align=\"absmiddle\" \/><img decoding=\"async\" style=\"text-align: absmiddle;\" title=\"Guantes t\u00e1cticos de dedo completo para motocicleta, manoplas para ciclismo, esqu\u00ed, aire libre, escalada, Ej\u00e9rcito\" src=\"https:\/\/bodegaoutdoor.cl\/store\/wp-content\/uploads\/2024\/06\/83658-hsbtto.jpg\" alt=\"Guantes t\u00e1cticos de dedo completo para motocicleta, manoplas para ciclismo, esqu\u00ed, aire libre, escalada, Ej\u00e9rcito\" align=\"absmiddle\" \/><img decoding=\"async\" style=\"text-align: absmiddle;\" title=\"Guantes t\u00e1cticos de dedo completo para motocicleta, manoplas para ciclismo, esqu\u00ed, aire libre, escalada, Ej\u00e9rcito\" src=\"https:\/\/bodegaoutdoor.cl\/store\/wp-content\/uploads\/2024\/06\/83658-tau0wc.jpg\" alt=\"Guantes t\u00e1cticos de dedo completo para motocicleta, manoplas para ciclismo, esqu\u00ed, aire libre, escalada, Ej\u00e9rcito\" align=\"absmiddle\" \/><img decoding=\"async\" style=\"text-align: absmiddle;\" title=\"Guantes t\u00e1cticos de dedo completo para motocicleta, manoplas para ciclismo, esqu\u00ed, aire libre, escalada, Ej\u00e9rcito\" src=\"https:\/\/bodegaoutdoor.cl\/store\/wp-content\/uploads\/2024\/06\/83658-fzhzfa.jpg\" alt=\"Guantes t\u00e1cticos de dedo completo para motocicleta, manoplas para ciclismo, esqu\u00ed, aire libre, escalada, Ej\u00e9rcito\" align=\"absmiddle\" \/><img decoding=\"async\" style=\"text-align: absmiddle;\" title=\"Guantes t\u00e1cticos de dedo completo para motocicleta, manoplas para ciclismo, esqu\u00ed, aire libre, escalada, Ej\u00e9rcito\" src=\"https:\/\/bodegaoutdoor.cl\/store\/wp-content\/uploads\/2024\/06\/83658-afawes.jpg\" alt=\"Guantes t\u00e1cticos de dedo completo para motocicleta, manoplas para ciclismo, esqu\u00ed, aire libre, escalada, Ej\u00e9rcito\" align=\"absmiddle\" \/><img decoding=\"async\" style=\"text-align: absmiddle;\" title=\"Guantes t\u00e1cticos de dedo completo para motocicleta, manoplas para ciclismo, esqu\u00ed, aire libre, escalada, Ej\u00e9rcito\" src=\"https:\/\/bodegaoutdoor.cl\/store\/wp-content\/uploads\/2024\/06\/83658-zjo636.jpg\" alt=\"Guantes t\u00e1cticos de dedo completo para motocicleta, manoplas para ciclismo, esqu\u00ed, aire libre, escalada, Ej\u00e9rcito\" align=\"absmiddle\" \/><img decoding=\"async\" style=\"text-align: absmiddle;\" title=\"Guantes t\u00e1cticos de dedo completo para motocicleta, manoplas para ciclismo, esqu\u00ed, aire libre, escalada, Ej\u00e9rcito\" src=\"https:\/\/bodegaoutdoor.cl\/store\/wp-content\/uploads\/2024\/06\/83658-r9kjlo.jpg\" alt=\"Guantes t\u00e1cticos de dedo completo para motocicleta, manoplas para ciclismo, esqu\u00ed, aire libre, escalada, Ej\u00e9rcito\" align=\"absmiddle\" \/><img decoding=\"async\" style=\"text-align: absmiddle;\" title=\"Guantes t\u00e1cticos de dedo completo para motocicleta, manoplas para ciclismo, esqu\u00ed, aire libre, escalada, Ej\u00e9rcito\" src=\"https:\/\/bodegaoutdoor.cl\/store\/wp-content\/uploads\/2024\/06\/83658-1rr2t1.jpg\" alt=\"Guantes t\u00e1cticos de dedo completo para motocicleta, manoplas para ciclismo, esqu\u00ed, aire libre, escalada, Ej\u00e9rcito\" align=\"absmiddle\" \/><\/p>\n<\/div>\n<\/div>\n\n    <div class=\"xs_social_share_widget xs_share_url after_content \t\tmain_content  wslu-style-1 wslu-share-box-shaped wslu-fill-colored wslu-none wslu-share-horizontal wslu-theme-font-no wslu-main_content\">\n\n\t\t\n        <ul>\n\t\t\t        <\/ul>\n    <\/div> \n","protected":false},"excerpt":{"rendered":"<p>&nbsp;<\/p>\n","protected":false},"featured_media":83677,"comment_status":"open","ping_status":"closed","template":"","meta":{"jetpack_publicize_message":"","jetpack_publicize_feature_enabled":true,"jetpack_social_post_already_shared":true,"jetpack_social_options":{"image_generator_settings":{"template":"highway","enabled":false},"version":2}},"product_brand":[],"product_cat":[490],"product_tag":[],"class_list":{"0":"post-83658","1":"product","2":"type-product","3":"status-publish","4":"has-post-thumbnail","6":"product_cat-guantes","8":"first","9":"instock","10":"sale","11":"taxable","12":"shipping-taxable","13":"purchasable","14":"product-type-variable"},"jetpack_publicize_connections":[],"jetpack_sharing_enabled":true,"_links":{"self":[{"href":"https:\/\/bodegaoutdoor.cl\/store\/wp-json\/wp\/v2\/product\/83658","targetHints":{"allow":["GET"]}}],"collection":[{"href":"https:\/\/bodegaoutdoor.cl\/store\/wp-json\/wp\/v2\/product"}],"about":[{"href":"https:\/\/bodegaoutdoor.cl\/store\/wp-json\/wp\/v2\/types\/product"}],"replies":[{"embeddable":true,"href":"https:\/\/bodegaoutdoor.cl\/store\/wp-json\/wp\/v2\/comments?post=83658"}],"version-history":[{"count":21,"href":"https:\/\/bodegaoutdoor.cl\/store\/wp-json\/wp\/v2\/product\/83658\/revisions"}],"predecessor-version":[{"id":83727,"href":"https:\/\/bodegaoutdoor.cl\/store\/wp-json\/wp\/v2\/product\/83658\/revisions\/83727"}],"wp:featuredmedia":[{"embeddable":true,"href":"https:\/\/bodegaoutdoor.cl\/store\/wp-json\/wp\/v2\/media\/83677"}],"wp:attachment":[{"href":"https:\/\/bodegaoutdoor.cl\/store\/wp-json\/wp\/v2\/media?parent=83658"}],"wp:term":[{"taxonomy":"product_brand","embeddable":true,"href":"https:\/\/bodegaoutdoor.cl\/store\/wp-json\/wp\/v2\/product_brand?post=83658"},{"taxonomy":"product_cat","embeddable":true,"href":"https:\/\/bodegaoutdoor.cl\/store\/wp-json\/wp\/v2\/product_cat?post=83658"},{"taxonomy":"product_tag","embeddable":true,"href":"https:\/\/bodegaoutdoor.cl\/store\/wp-json\/wp\/v2\/product_tag?post=83658"}],"curies":[{"name":"wp","href":"https:\/\/api.w.org\/{rel}","templated":true}]}}