{"id":84068,"date":"2024-06-01T19:12:43","date_gmt":"2024-06-01T23:12:43","guid":{"rendered":"https:\/\/bodegaoutdoor.cl\/store\/product\/chaleco-tactico-militar-equipo-de-asalto-de-pistola-de-aire-ropa-al-aire-libre-chaleco-de-camuflaje-de-caza-entrenamiento-de-combate-cs-chaleco-protector-de-pistola-de-aire\/"},"modified":"2024-06-01T19:16:10","modified_gmt":"2024-06-01T23:16:10","slug":"chaleco-tactico-militar-equipo-de-chaleco-de-entrenamiento-chaleco-protector-airsoft","status":"publish","type":"product","link":"https:\/\/bodegaoutdoor.cl\/store\/product\/chaleco-tactico-militar-equipo-de-chaleco-de-entrenamiento-chaleco-protector-airsoft\/","title":{"rendered":"Chaleco t\u00e1ctico militar, equipo de chaleco de entrenamiento chaleco protector Airsoft"},"content":{"rendered":"<div>\n<div>\n<div><\/div>\n<div><\/div>\n<div><\/div>\n<div style=\"text-align: center;\" align=\"center\"><u><strong><span id=\"tl_1\">Chaleco t\u00e1ctico militar, pistola de aire, equipo de asalto, ropa para exteriores, chaleco de camuflaje para caza, chaleco protector de pistola de aire para entrenamiento de combate CS<\/span><\/strong><\/u><\/div>\n<div><\/div>\n<div><\/div>\n<div><img decoding=\"async\" title=\"Chaleco t\u00e1ctico militar, equipo de asalto de pistola de aire, ropa al aire libre, chaleco de camuflaje de caza, entrenamiento de combate CS, chaleco protector de pistola de aire\" src=\"https:\/\/bodegaoutdoor.cl\/store\/wp-content\/uploads\/2024\/06\/84068-oyi7b1.jpg\" alt=\"Chaleco t\u00e1ctico militar, equipo de asalto de pistola de aire, ropa al aire libre, chaleco de camuflaje de caza, entrenamiento de combate CS, chaleco protector de pistola de aire\" \/><\/div>\n<div><\/div>\n<div>\n<div>\n<div><strong><span id=\"tl_2\" style=\"font-size: 18px;\">Caracter\u00edsticas principales:<\/span><\/strong><\/div>\n<div><span id=\"tl_3\" style=\"font-size: 18px;\">-Material Oxford 600D de alta calidad, mayor resistencia a la tracci\u00f3n y al desgaste, c\u00f3modo y duradero.<\/span><\/div>\n<div><span id=\"tl_4\" style=\"font-size: 18px;\">-La parte delantera y trasera adoptan el dise\u00f1o Molle, pueden llevar f\u00e1cilmente otros dispositivos peque\u00f1os.<\/span><\/div>\n<div><span id=\"tl_5\" style=\"font-size: 18px;\">-La parte lateral del hombro y la cintura adopta un dise\u00f1o de cinta y hebilla que le permite usar y quitarse este chaleco t\u00e1ctico de manera r\u00e1pida y conveniente.<\/span><\/div>\n<div><span id=\"tl_6\" style=\"font-size: 18px;\">-Con 3 bolsas de accesorios desmontables para satisfacer diferentes necesidades de almacenamiento.<\/span><\/div>\n<div><span id=\"tl_7\" style=\"font-size: 18px;\">-Una de las bolsas de accesorios adopta un dise\u00f1o de cinta grande, donde puede pegar una insignia como su identificaci\u00f3n.<\/span><\/div>\n<div><\/div>\n<div><span style=\"font-size: 18px;\"><strong id=\"tl_8\">Tipo:<\/strong><\/span><br \/>\n<span id=\"tl_9\" style=\"font-size: 18px;\">Chaleco portador Molle<\/span><\/div>\n<div><span style=\"font-size: 18px;\"><strong id=\"tl_10\">Material:<\/strong><\/span><br \/>\n<span id=\"tl_11\" style=\"font-size: 18px;\">600D Oxford<\/span><\/div>\n<div><span style=\"font-size: 18px;\"><strong id=\"tl_12\">Contenido del paquete<\/strong><\/span><br \/>\n<span id=\"tl_13\" style=\"font-size: 18px;\">1 chaleco t\u00e1ctico<\/span><img decoding=\"async\" title=\"Chaleco t\u00e1ctico militar, equipo de asalto de pistola de aire, ropa al aire libre, chaleco de camuflaje de caza, entrenamiento de combate CS, chaleco protector de pistola de aire\" src=\"https:\/\/bodegaoutdoor.cl\/store\/wp-content\/uploads\/2024\/06\/84068-6hz2sk.jpg\" alt=\"Chaleco t\u00e1ctico militar, equipo de asalto de pistola de aire, ropa al aire libre, chaleco de camuflaje de caza, entrenamiento de combate CS, chaleco protector de pistola de aire\" \/><\/p>\n<p><img decoding=\"async\" title=\"Chaleco t\u00e1ctico militar, equipo de asalto de pistola de aire, ropa al aire libre, chaleco de camuflaje de caza, entrenamiento de combate CS, chaleco protector de pistola de aire\" src=\"https:\/\/bodegaoutdoor.cl\/store\/wp-content\/uploads\/2024\/06\/84068-mksgcq.jpg\" alt=\"Chaleco t\u00e1ctico militar, equipo de asalto de pistola de aire, ropa al aire libre, chaleco de camuflaje de caza, entrenamiento de combate CS, chaleco protector de pistola de aire\" \/><\/p>\n<p><img decoding=\"async\" title=\"Chaleco t\u00e1ctico militar, equipo de asalto de pistola de aire, ropa al aire libre, chaleco de camuflaje de caza, entrenamiento de combate CS, chaleco protector de pistola de aire\" src=\"https:\/\/bodegaoutdoor.cl\/store\/wp-content\/uploads\/2024\/06\/84068-nxcrzo.jpg\" alt=\"Chaleco t\u00e1ctico militar, equipo de asalto de pistola de aire, ropa al aire libre, chaleco de camuflaje de caza, entrenamiento de combate CS, chaleco protector de pistola de aire\" \/><\/p>\n<p><img decoding=\"async\" title=\"Chaleco t\u00e1ctico militar, equipo de asalto de pistola de aire, ropa al aire libre, chaleco de camuflaje de caza, entrenamiento de combate CS, chaleco protector de pistola de aire\" src=\"https:\/\/bodegaoutdoor.cl\/store\/wp-content\/uploads\/2024\/06\/84068-jyvlmw.jpg\" alt=\"Chaleco t\u00e1ctico militar, equipo de asalto de pistola de aire, ropa al aire libre, chaleco de camuflaje de caza, entrenamiento de combate CS, chaleco protector de pistola de aire\" \/><\/p>\n<p><img decoding=\"async\" title=\"Chaleco t\u00e1ctico militar, equipo de asalto de pistola de aire, ropa al aire libre, chaleco de camuflaje de caza, entrenamiento de combate CS, chaleco protector de pistola de aire\" src=\"https:\/\/bodegaoutdoor.cl\/store\/wp-content\/uploads\/2024\/06\/84068-ylqeow.jpg\" alt=\"Chaleco t\u00e1ctico militar, equipo de asalto de pistola de aire, ropa al aire libre, chaleco de camuflaje de caza, entrenamiento de combate CS, chaleco protector de pistola de aire\" \/><\/p>\n<p><img decoding=\"async\" title=\"Chaleco t\u00e1ctico militar, equipo de asalto de pistola de aire, ropa al aire libre, chaleco de camuflaje de caza, entrenamiento de combate CS, chaleco protector de pistola de aire\" src=\"https:\/\/bodegaoutdoor.cl\/store\/wp-content\/uploads\/2024\/06\/84068-z8pcdb.jpg\" alt=\"Chaleco t\u00e1ctico militar, equipo de asalto de pistola de aire, ropa al aire libre, chaleco de camuflaje de caza, entrenamiento de combate CS, chaleco protector de pistola de aire\" \/><\/p>\n<p><img decoding=\"async\" title=\"Chaleco t\u00e1ctico militar, equipo de asalto de pistola de aire, ropa al aire libre, chaleco de camuflaje de caza, entrenamiento de combate CS, chaleco protector de pistola de aire\" src=\"https:\/\/bodegaoutdoor.cl\/store\/wp-content\/uploads\/2024\/06\/84068-uc128t.jpg\" alt=\"Chaleco t\u00e1ctico militar, equipo de asalto de pistola de aire, ropa al aire libre, chaleco de camuflaje de caza, entrenamiento de combate CS, chaleco protector de pistola de aire\" \/><\/p>\n<p><img decoding=\"async\" title=\"Chaleco t\u00e1ctico militar, equipo de asalto de pistola de aire, ropa al aire libre, chaleco de camuflaje de caza, entrenamiento de combate CS, chaleco protector de pistola de aire\" src=\"https:\/\/bodegaoutdoor.cl\/store\/wp-content\/uploads\/2024\/06\/84068-dgzywp.jpg\" alt=\"Chaleco t\u00e1ctico militar, equipo de asalto de pistola de aire, ropa al aire libre, chaleco de camuflaje de caza, entrenamiento de combate CS, chaleco protector de pistola de aire\" \/><\/p>\n<p><img decoding=\"async\" title=\"Chaleco t\u00e1ctico militar, equipo de asalto de pistola de aire, ropa al aire libre, chaleco de camuflaje de caza, entrenamiento de combate CS, chaleco protector de pistola de aire\" src=\"https:\/\/bodegaoutdoor.cl\/store\/wp-content\/uploads\/2024\/06\/84068-r5ao9v.jpg\" alt=\"Chaleco t\u00e1ctico militar, equipo de asalto de pistola de aire, ropa al aire libre, chaleco de camuflaje de caza, entrenamiento de combate CS, chaleco protector de pistola de aire\" \/><\/p>\n<p><img decoding=\"async\" title=\"Chaleco t\u00e1ctico militar, equipo de asalto de pistola de aire, ropa al aire libre, chaleco de camuflaje de caza, entrenamiento de combate CS, chaleco protector de pistola de aire\" src=\"https:\/\/bodegaoutdoor.cl\/store\/wp-content\/uploads\/2024\/06\/84068-8ak8e9.jpg\" alt=\"Chaleco t\u00e1ctico militar, equipo de asalto de pistola de aire, ropa al aire libre, chaleco de camuflaje de caza, entrenamiento de combate CS, chaleco protector de pistola de aire\" \/><\/p>\n<p><img decoding=\"async\" title=\"Chaleco t\u00e1ctico militar, equipo de asalto de pistola de aire, ropa al aire libre, chaleco de camuflaje de caza, entrenamiento de combate CS, chaleco protector de pistola de aire\" src=\"https:\/\/bodegaoutdoor.cl\/store\/wp-content\/uploads\/2024\/06\/84068-6ntknf.jpg\" alt=\"Chaleco t\u00e1ctico militar, equipo de asalto de pistola de aire, ropa al aire libre, chaleco de camuflaje de caza, entrenamiento de combate CS, chaleco protector de pistola de aire\" \/><\/p>\n<p><img decoding=\"async\" title=\"Chaleco t\u00e1ctico militar, equipo de asalto de pistola de aire, ropa al aire libre, chaleco de camuflaje de caza, entrenamiento de combate CS, chaleco protector de pistola de aire\" src=\"https:\/\/bodegaoutdoor.cl\/store\/wp-content\/uploads\/2024\/06\/84068-fpugnj.jpg\" alt=\"Chaleco t\u00e1ctico militar, equipo de asalto de pistola de aire, ropa al aire libre, chaleco de camuflaje de caza, entrenamiento de combate CS, chaleco protector de pistola de aire\" \/><\/p>\n<p><img decoding=\"async\" title=\"Chaleco t\u00e1ctico militar, equipo de asalto de pistola de aire, ropa al aire libre, chaleco de camuflaje de caza, entrenamiento de combate CS, chaleco protector de pistola de aire\" src=\"https:\/\/bodegaoutdoor.cl\/store\/wp-content\/uploads\/2024\/06\/84068-mr4rkd.jpg\" alt=\"Chaleco t\u00e1ctico militar, equipo de asalto de pistola de aire, ropa al aire libre, chaleco de camuflaje de caza, entrenamiento de combate CS, chaleco protector de pistola de aire\" \/><\/p>\n<p><img decoding=\"async\" title=\"Chaleco t\u00e1ctico militar, equipo de asalto de pistola de aire, ropa al aire libre, chaleco de camuflaje de caza, entrenamiento de combate CS, chaleco protector de pistola de aire\" src=\"https:\/\/bodegaoutdoor.cl\/store\/wp-content\/uploads\/2024\/06\/84068-ipp2cl.jpg\" alt=\"Chaleco t\u00e1ctico militar, equipo de asalto de pistola de aire, ropa al aire libre, chaleco de camuflaje de caza, entrenamiento de combate CS, chaleco protector de pistola de aire\" \/><\/p>\n<p><img decoding=\"async\" title=\"Chaleco t\u00e1ctico militar, equipo de asalto de pistola de aire, ropa al aire libre, chaleco de camuflaje de caza, entrenamiento de combate CS, chaleco protector de pistola de aire\" src=\"https:\/\/bodegaoutdoor.cl\/store\/wp-content\/uploads\/2024\/06\/84068-jqlxcb.jpg\" alt=\"Chaleco t\u00e1ctico militar, equipo de asalto de pistola de aire, ropa al aire libre, chaleco de camuflaje de caza, entrenamiento de combate CS, chaleco protector de pistola de aire\" \/><\/p>\n<p><img decoding=\"async\" title=\"Chaleco t\u00e1ctico militar, equipo de asalto de pistola de aire, ropa al aire libre, chaleco de camuflaje de caza, entrenamiento de combate CS, chaleco protector de pistola de aire\" src=\"https:\/\/bodegaoutdoor.cl\/store\/wp-content\/uploads\/2024\/06\/84068-sxkjnr.jpg\" alt=\"Chaleco t\u00e1ctico militar, equipo de asalto de pistola de aire, ropa al aire libre, chaleco de camuflaje de caza, entrenamiento de combate CS, chaleco protector de pistola de aire\" \/><\/p>\n<p><img decoding=\"async\" title=\"Chaleco t\u00e1ctico militar, equipo de asalto de pistola de aire, ropa al aire libre, chaleco de camuflaje de caza, entrenamiento de combate CS, chaleco protector de pistola de aire\" src=\"https:\/\/bodegaoutdoor.cl\/store\/wp-content\/uploads\/2024\/06\/84068-5yjfvx.jpg\" alt=\"Chaleco t\u00e1ctico militar, equipo de asalto de pistola de aire, ropa al aire libre, chaleco de camuflaje de caza, entrenamiento de combate CS, chaleco protector de pistola de aire\" \/><\/p>\n<p><img decoding=\"async\" title=\"Chaleco t\u00e1ctico militar, equipo de asalto de pistola de aire, ropa al aire libre, chaleco de camuflaje de caza, entrenamiento de combate CS, chaleco protector de pistola de aire\" src=\"https:\/\/bodegaoutdoor.cl\/store\/wp-content\/uploads\/2024\/06\/84068-pu235k.jpg\" alt=\"Chaleco t\u00e1ctico militar, equipo de asalto de pistola de aire, ropa al aire libre, chaleco de camuflaje de caza, entrenamiento de combate CS, chaleco protector de pistola de aire\" \/><\/p>\n<p><img decoding=\"async\" title=\"Chaleco t\u00e1ctico militar, equipo de asalto de pistola de aire, ropa al aire libre, chaleco de camuflaje de caza, entrenamiento de combate CS, chaleco protector de pistola de aire\" src=\"https:\/\/bodegaoutdoor.cl\/store\/wp-content\/uploads\/2024\/06\/84068-iugcye.jpg\" alt=\"Chaleco t\u00e1ctico militar, equipo de asalto de pistola de aire, ropa al aire libre, chaleco de camuflaje de caza, entrenamiento de combate CS, chaleco protector de pistola de aire\" \/><\/p>\n<p><img decoding=\"async\" title=\"Chaleco t\u00e1ctico militar, equipo de asalto de pistola de aire, ropa al aire libre, chaleco de camuflaje de caza, entrenamiento de combate CS, chaleco protector de pistola de aire\" src=\"https:\/\/bodegaoutdoor.cl\/store\/wp-content\/uploads\/2024\/06\/84068-psfqek.jpg\" alt=\"Chaleco t\u00e1ctico militar, equipo de asalto de pistola de aire, ropa al aire libre, chaleco de camuflaje de caza, entrenamiento de combate CS, chaleco protector de pistola de aire\" \/><\/p>\n<\/div>\n<\/div>\n<\/div>\n<p><img decoding=\"async\" title=\"Chaleco t\u00e1ctico militar, equipo de asalto de pistola de aire, ropa al aire libre, chaleco de camuflaje de caza, entrenamiento de combate CS, chaleco protector de pistola de aire\" src=\"https:\/\/bodegaoutdoor.cl\/store\/wp-content\/uploads\/2024\/06\/84068-aut3dp.jpg\" alt=\"Chaleco t\u00e1ctico militar, equipo de asalto de pistola de aire, ropa al aire libre, chaleco de camuflaje de caza, entrenamiento de combate CS, chaleco protector de pistola de aire\" \/><\/p>\n<\/div>\n<\/div>\n\n    <div class=\"xs_social_share_widget xs_share_url after_content \t\tmain_content  wslu-style-1 wslu-share-box-shaped wslu-fill-colored wslu-none wslu-share-horizontal wslu-theme-font-no wslu-main_content\">\n\n\t\t\n        <ul>\n\t\t\t        <\/ul>\n    <\/div> \n","protected":false},"excerpt":{"rendered":"<p>Chaleco t\u00e1ctico militar, pistola de aire, equipo de asalto, ropa para exteriores, chaleco de camuflaje para caza, chaleco protector de pistola de aire para entrenamiento de combate CS Caracter\u00edsticas principales: -Material Oxford 600D de alta calidad, mayor resistencia a la tracci\u00f3n y al desgaste, c\u00f3modo y duradero. -La parte delantera y trasera adoptan el dise\u00f1o [&hellip;]<\/p>\n","protected":false},"featured_media":84075,"comment_status":"open","ping_status":"closed","template":"","meta":{"jetpack_publicize_message":"","jetpack_publicize_feature_enabled":true,"jetpack_social_post_already_shared":true,"jetpack_social_options":{"image_generator_settings":{"template":"highway","enabled":false},"version":2}},"product_brand":[],"product_cat":[487],"product_tag":[],"class_list":{"0":"post-84068","1":"product","2":"type-product","3":"status-publish","4":"has-post-thumbnail","6":"product_cat-airsoft","8":"first","9":"instock","10":"sale","11":"taxable","12":"shipping-taxable","13":"purchasable","14":"product-type-variable"},"jetpack_publicize_connections":[],"jetpack_sharing_enabled":true,"_links":{"self":[{"href":"https:\/\/bodegaoutdoor.cl\/store\/wp-json\/wp\/v2\/product\/84068","targetHints":{"allow":["GET"]}}],"collection":[{"href":"https:\/\/bodegaoutdoor.cl\/store\/wp-json\/wp\/v2\/product"}],"about":[{"href":"https:\/\/bodegaoutdoor.cl\/store\/wp-json\/wp\/v2\/types\/product"}],"replies":[{"embeddable":true,"href":"https:\/\/bodegaoutdoor.cl\/store\/wp-json\/wp\/v2\/comments?post=84068"}],"version-history":[{"count":25,"href":"https:\/\/bodegaoutdoor.cl\/store\/wp-json\/wp\/v2\/product\/84068\/revisions"}],"predecessor-version":[{"id":84133,"href":"https:\/\/bodegaoutdoor.cl\/store\/wp-json\/wp\/v2\/product\/84068\/revisions\/84133"}],"wp:featuredmedia":[{"embeddable":true,"href":"https:\/\/bodegaoutdoor.cl\/store\/wp-json\/wp\/v2\/media\/84075"}],"wp:attachment":[{"href":"https:\/\/bodegaoutdoor.cl\/store\/wp-json\/wp\/v2\/media?parent=84068"}],"wp:term":[{"taxonomy":"product_brand","embeddable":true,"href":"https:\/\/bodegaoutdoor.cl\/store\/wp-json\/wp\/v2\/product_brand?post=84068"},{"taxonomy":"product_cat","embeddable":true,"href":"https:\/\/bodegaoutdoor.cl\/store\/wp-json\/wp\/v2\/product_cat?post=84068"},{"taxonomy":"product_tag","embeddable":true,"href":"https:\/\/bodegaoutdoor.cl\/store\/wp-json\/wp\/v2\/product_tag?post=84068"}],"curies":[{"name":"wp","href":"https:\/\/api.w.org\/{rel}","templated":true}]}}