{"id":84221,"date":"2024-06-02T23:17:50","date_gmt":"2024-06-03T03:17:50","guid":{"rendered":"https:\/\/bodegaoutdoor.cl\/store\/product\/bp-vision-rinonera-de-nailon-para-deportes-de-montana-para-hombre-mochila-impermeable-para-senderismo-al-aire-libre-accesorio-de-caza-y-acampada-bp-vision\/"},"modified":"2024-06-02T23:22:14","modified_gmt":"2024-06-03T03:22:14","slug":"banano-impermeable-actividades-outdoor-trabajo-otros","status":"publish","type":"product","link":"https:\/\/bodegaoutdoor.cl\/store\/product\/banano-impermeable-actividades-outdoor-trabajo-otros\/","title":{"rendered":"Banano impermeable actividades outdoor trabajo otros"},"content":{"rendered":"<div>\n<div>\n<p>&nbsp;<\/p>\n<div><\/div>\n<div>\n<div>\n<div>\n<div>\n<div>\n<div>\n<div>\n<div>\n<div><img decoding=\"async\" src=\"\/\/ae01.alicdn.com\/kf\/S2bc24f82cb7244bdb2720f51ce72688bH.jpg\" \/><\/div>\n<\/div>\n<\/div>\n<\/div>\n<\/div>\n<div><img decoding=\"async\" src=\"\/\/ae01.alicdn.com\/kf\/Sd2558024c8494b5d81264888e516c873D.jpg\" \/><\/div>\n<div>\n<div>\n<p><img decoding=\"async\" src=\"\/\/ae01.alicdn.com\/kf\/Sbf24a3e2432145c29e291a27c247952b0.jpg\" \/><\/p>\n<\/div>\n<\/div>\n<p><span style=\"font-size: 18px; font-family: arial, helvetica, sans-serif;\">\u3010<\/span><span style=\"font-size: 18px; font-family: arial, helvetica, sans-serif;\"><strong id=\"tl_1\">Tama\u00f1o<\/strong><\/span><span id=\"tl_2\" style=\"font-size: 18px; font-family: arial, helvetica, sans-serif;\">\u3011: El tama\u00f1o de la bolsa principal es 27*16*11(W * H * D). Es apto para cintura de 108-148cm. El soporte de la botella de agua puede acomodar un di\u00e1metro de 600ml.<\/span><\/p>\n<p><span style=\"font-size: 18px; font-family: arial, helvetica, sans-serif;\">\u3010<\/span><span style=\"font-size: 18px; font-family: arial, helvetica, sans-serif;\"><strong id=\"tl_3\">Multiusos<\/strong><\/span><span id=\"tl_4\" style=\"font-size: 18px; font-family: arial, helvetica, sans-serif;\">\u3011: 2 correas de hombro adicionales, 3 formas de llevar (estilo cintura trasera, usando la correa del hombro, usando la correa de la mochila). Nota: No incluye botella de agua ni ning\u00fan otro accesorio.<\/span><\/p>\n<p><span style=\"font-size: 18px; font-family: arial, helvetica, sans-serif;\">\u3010<\/span><span style=\"font-size: 18px; font-family: arial, helvetica, sans-serif;\"><strong id=\"tl_5\">Dise\u00f1o<\/strong><\/span><span id=\"tl_6\" style=\"font-size: 18px; font-family: arial, helvetica, sans-serif;\">\u3011: Nailon resistente al desgaste, malla transpirable lumbar, cintur\u00f3n de ajuste organizable externo, soportes duales para botellas de agua, tres bolsillos exteriores con cremallera frontal, dos bolsillos exteriores con cremallera lateral para mantener sus cosas separadas y organizadas. Hay 6 ajustes de tiras reflectantes en la parte frontal exterior de la bolsa principal.<\/span><\/p>\n<p><span style=\"font-size: 18px; font-family: arial, helvetica, sans-serif;\">\u3010<\/span><span style=\"font-size: 18px; font-family: arial, helvetica, sans-serif;\"><strong id=\"tl_7\">Peso ligero<\/strong><\/span><span id=\"tl_8\" style=\"font-size: 18px; font-family: arial, helvetica, sans-serif;\">\u3011: Ri\u00f1onera ligera y pr\u00e1ctica para exteriores con suficiente agua y equipo para una caminata de d\u00eda, camping, ciclismo, pesca, etc.<\/span><\/p>\n<div>\n<div>\n<p><span style=\"font-size: 18px; font-family: arial, helvetica, sans-serif;\">\u3010<\/span><strong><span id=\"tl_9\" style=\"font-size: 18px; font-family: arial, helvetica, sans-serif;\">Contenido del paquete<\/span><\/strong><span id=\"tl_10\" style=\"font-size: 18px; font-family: arial, helvetica, sans-serif;\">\u3011: 1 bolsa principal, 1 Correa individual, 1 correa trasera.<\/span><\/p>\n<\/div>\n<\/div>\n<p><span style=\"font-size: 18px; font-family: arial, helvetica, sans-serif;\">\u3010<\/span><span style=\"font-size: 18px; font-family: arial, helvetica, sans-serif;\"><strong id=\"tl_11\">Atenci\u00f3n<\/strong><\/span><span id=\"tl_12\" style=\"font-size: 18px; font-family: arial, helvetica, sans-serif;\">\u3011: La informaci\u00f3n del tama\u00f1o del producto se mide manualmente, puede haber un error de 1-2cm, por favor comprenda.<\/span><\/p>\n<div><\/div>\n<div><\/div>\n<div>\n<div>\n<div>\n<div id=\"1100157616805\" data-previewurl=\"\/\/ae01.alicdn.com\/kf\/S6499acd7b14d48348e24cff18a5c373aA.jpg\"><\/div>\n<\/div>\n<\/div>\n<\/div>\n<div><\/div>\n<p><img decoding=\"async\" src=\"\/\/ae01.alicdn.com\/kf\/S6442999cca084326882a0d3511b326eeH.jpg\" \/><\/p>\n<p><img decoding=\"async\" src=\"\/\/ae01.alicdn.com\/kf\/Sd99bd6eab01b46d6b8c914bc09734436u.jpg\" \/><img decoding=\"async\" src=\"\/\/ae01.alicdn.com\/kf\/S86e447c740ed4f6cba7ab999868e01954.jpg\" \/><img decoding=\"async\" src=\"\/\/ae01.alicdn.com\/kf\/Sc0f487ac80204e77821ec3ecbe8f37239.jpg\" \/><\/p>\n<div><\/div>\n<p><img decoding=\"async\" src=\"\/\/ae01.alicdn.com\/kf\/S2c7099fca1a144d691d7b560c032ce45v.jpg\" \/><\/p>\n<p><img decoding=\"async\" src=\"\/\/ae01.alicdn.com\/kf\/Sa0ebfd07a266425bb930cfe12edf9bbdU.jpg\" \/><img decoding=\"async\" src=\"\/\/ae01.alicdn.com\/kf\/S829dab036c3e451a9fa9e906f46fcb38b.jpg\" \/><\/p>\n<div><\/div>\n<p><img decoding=\"async\" src=\"\/\/ae01.alicdn.com\/kf\/Sb0c97a80adee4569af1a21322916bb3aZ.jpg\" \/><\/p>\n<p><img decoding=\"async\" src=\"\/\/ae01.alicdn.com\/kf\/S335ef05b7075476ab526845b10a18eabs.jpg\" \/><\/p>\n<p><img decoding=\"async\" src=\"\/\/ae01.alicdn.com\/kf\/S08265a8a04ae47d5bc66f70f0edd4e2f0.jpg\" \/><\/p>\n<div><\/div>\n<p><img decoding=\"async\" src=\"\/\/ae01.alicdn.com\/kf\/S30306d57a1fb4a879b079393646c47a8u.jpg\" \/><\/p>\n<p><img decoding=\"async\" src=\"\/\/ae01.alicdn.com\/kf\/Sdc0eef33f4f942eb9989e5e86cbe2255c.jpg\" \/><\/p>\n<div><\/div>\n<p><span id=\"tl_13\" style=\"font-size: 20px; font-family: arial, helvetica, sans-serif;\">La parte delantera de la bolsa principal es una bolsa de malla y un llavero.<\/span><\/p>\n<div><\/div>\n<p><img decoding=\"async\" src=\"\/\/ae01.alicdn.com\/kf\/S10f1c7097e4c4cc7a8fc6d37cbb0776bO.jpg\" \/><\/p>\n<div><\/div>\n<p><img decoding=\"async\" src=\"\/\/ae01.alicdn.com\/kf\/Sd1bb4fff1ae2432799799968707131c1J.jpg\" \/><\/p>\n<div><\/div>\n<p><span id=\"tl_14\" style=\"font-size: 20px; font-family: arial, helvetica, sans-serif;\">La parte posterior de la bolsa principal es un bolsillo con cremallera.<\/span><\/p>\n<div><\/div>\n<p><img decoding=\"async\" src=\"\/\/ae01.alicdn.com\/kf\/Sa345196b5f3e433381cc9a0ede633b70y.jpg\" \/><\/p>\n<div><\/div>\n<p><span id=\"tl_15\" style=\"font-size: 20px; font-family: arial, helvetica, sans-serif;\">Bolsillo frontal con cremallera.<\/span><\/p>\n<div><\/div>\n<p><img decoding=\"async\" src=\"\/\/ae01.alicdn.com\/kf\/S10a2715793b640f8b2b4b4272ede43d9W.jpg\" \/><\/p>\n<div><\/div>\n<p><span id=\"tl_16\" style=\"font-size: 20px; font-family: arial, helvetica, sans-serif;\">El bolsillo de la botella de red lateral.<\/span><\/p>\n<div><\/div>\n<p><img decoding=\"async\" src=\"\/\/ae01.alicdn.com\/kf\/Scd9b0ac10d2044fcb71ce7406ef0a7c78.jpg\" \/><\/p>\n<div><\/div>\n<p><img decoding=\"async\" src=\"\/\/ae01.alicdn.com\/kf\/S8adfbd5dbdd54499b71f400731c55152c.jpg\" \/><\/p>\n<div><\/div>\n<p style=\"font-size: 16px; font-weight: 500; line-height: 26px; margin: 0px; padding: 0px;\"><img decoding=\"async\" src=\"\/\/ae01.alicdn.com\/kf\/Sef6ca216987b48ddb613f9deb36af43bY.jpg\" \/><\/p>\n<p><img decoding=\"async\" src=\"\/\/ae01.alicdn.com\/kf\/S6b0ba7a49aab42fdb7d830b38d037f9cm.jpg\" \/><\/p>\n<div><\/div>\n<p><img decoding=\"async\" src=\"\/\/ae01.alicdn.com\/kf\/Sb599ac62b9724881a4fefa75b2182dd2z.jpg\" \/><\/p>\n<div><\/div>\n<p><img decoding=\"async\" src=\"\/\/ae01.alicdn.com\/kf\/Seffa4084f0da4a4cab99fef80554d522V.jpg\" \/><\/p>\n<p><img decoding=\"async\" src=\"\/\/ae01.alicdn.com\/kf\/S52c7f137f92045b09bcc16ac28180fbfH.jpg\" \/><\/p>\n<p><span id=\"tl_17\" style=\"font-size: 20px; font-family: arial, helvetica, sans-serif;\">En la parte inferior del algod\u00f3n de doble amortiguaci\u00f3n se puede colocar f\u00e1cilmente una c\u00e1mara. PERO, por favor, atenci\u00f3n, esta es una bolsa de cintura profesional para exteriores, no una bolsa de c\u00e1mara profesional.<\/span><\/p>\n<p><img decoding=\"async\" src=\"\/\/ae01.alicdn.com\/kf\/S478435e63b9e4de0af3d5c11a2c24453x.jpg\" \/><\/p>\n<p><img decoding=\"async\" src=\"\/\/ae01.alicdn.com\/kf\/S13da8a4c51b1406bb6a8514bb7da9ca8p.jpg\" \/><\/p>\n<p><img decoding=\"async\" src=\"\/\/ae01.alicdn.com\/kf\/S561525b7e969488ba35618077ae3f788S.jpg\" \/><\/p>\n<p><img decoding=\"async\" src=\"\/\/ae01.alicdn.com\/kf\/Saf6ac494d63a4bdc91035bd07ef9a09fB.jpg\" \/><\/p>\n<p><span id=\"tl_18\" style=\"font-size: 20px; font-family: arial, helvetica, sans-serif;\">El dise\u00f1o de los dos bolsillos delanteros, conveniente puede recibir una billetera, tel\u00e9fono m\u00f3vil y otros art\u00edculos.<\/span><\/p>\n<p><img decoding=\"async\" src=\"\/\/ae01.alicdn.com\/kf\/S4e57e55e2df94b03b0bfd8bd499d3390b.jpg\" \/><\/p>\n<p><span id=\"tl_19\" style=\"font-size: 20px; font-family: arial, helvetica, sans-serif;\">En ambos lados de los bolsillos de soporte de la cintura, puede sostener la llave, cierre de monta\u00f1ismo, silbato salvavidas, piezas el\u00e9ctricas peque\u00f1as y otras piezas peque\u00f1as.<\/span><\/p>\n<p><img decoding=\"async\" src=\"\/\/ae01.alicdn.com\/kf\/Sf8edadb23b2b44b5aa74e682ee5022dck.jpg\" \/><\/p>\n<p><span id=\"tl_20\" style=\"font-size: 20px; font-family: arial, helvetica, sans-serif;\">En el bolsillo interior se pueden colocar certificados, tel\u00e9fono m\u00f3vil, billetera y otros objetos de valor.<\/span><\/p>\n<p><img decoding=\"async\" src=\"\/\/ae01.alicdn.com\/kf\/S0da9f356cccf4c0d9b05b6aa8162bc3fH.jpg\" \/><\/p>\n<p><span id=\"tl_21\" style=\"font-size: 20px; font-family: arial, helvetica, sans-serif;\">El hilo es fino y las puntadas est\u00e1n ordenadas.<\/span><img decoding=\"async\" src=\"\/\/ae01.alicdn.com\/kf\/S2ecf5b431c7242299295e97486139fb5p.jpg\" \/><\/p>\n<p><span id=\"tl_22\" style=\"font-size: 20px; font-family: arial, helvetica, sans-serif;\">Muchas partes de la bolsa de cintura usando el proceso de fecha, m\u00e1s firme y duradero.<\/span><\/p>\n<p><img decoding=\"async\" src=\"\/\/ae01.alicdn.com\/kf\/S0135e7eefa8f4797ad4aee99e2396373M.jpg\" \/><\/p>\n<p><span id=\"tl_23\" style=\"font-size: 20px; font-family: arial, helvetica, sans-serif;\">La hebilla en forma de D se combina con la correa del hombro, puede colgar gafas, br\u00fajula, etc.<\/span><\/p>\n<p><span style=\"font-size: 22px; font-family: arial, helvetica, sans-serif;\"><strong id=\"tl_24\">Pantalla a color<\/strong><\/span><\/p>\n<p><img decoding=\"async\" src=\"\/\/ae01.alicdn.com\/kf\/S32d0a2912175404aab1f8e1d24e71d2ce.jpg\" \/><img decoding=\"async\" src=\"\/\/ae01.alicdn.com\/kf\/Sfdfa7a2538ff470f855b7b66e12a9b11j.jpg\" \/><img decoding=\"async\" src=\"\/\/ae01.alicdn.com\/kf\/Scfad410e5359455bb9167160e60c9ea4m.jpg\" \/><\/p>\n<p><img decoding=\"async\" src=\"\/\/ae01.alicdn.com\/kf\/S0f33bac854f649f49119411e47382859M.jpg\" \/><img decoding=\"async\" src=\"\/\/ae01.alicdn.com\/kf\/S144fef356b6f43e79d82a28841a314cdV.jpg\" \/><\/p>\n<p><img decoding=\"async\" src=\"\/\/ae01.alicdn.com\/kf\/S28ca0d101178404ea046b6bee6f8efb3O.jpg\" \/><\/p>\n<p><img decoding=\"async\" src=\"\/\/ae01.alicdn.com\/kf\/S95abf00bef464a6bb829083137bb6652A.jpg\" \/><img decoding=\"async\" src=\"\/\/ae01.alicdn.com\/kf\/Sf3a2459d65a24e8fbea9be35c2765485o.jpg\" \/><img decoding=\"async\" src=\"\/\/ae01.alicdn.com\/kf\/Sd0c3aba48eb34c5db4ae58b61c917ee3J.jpg\" \/><\/p>\n<div><\/div>\n<p><span style=\"font-size: 26px; font-family: arial, helvetica, sans-serif;\"><strong id=\"tl_25\">Pantalla Real Shot<\/strong><\/span><\/p>\n<p><img fetchpriority=\"high\" decoding=\"async\" src=\"\/\/ae01.alicdn.com\/kf\/S3686f42c8019462097dfa34579ee70cbJ.jpg\" width=\"800\" height=\"889\" \/><\/p>\n<p>&nbsp;<\/p>\n<p><img decoding=\"async\" src=\"\/\/ae01.alicdn.com\/kf\/S6daaa88997494deda9260c34ee22bb3cU.jpg\" width=\"800\" height=\"1066\" \/><\/p>\n<p>&nbsp;<\/p>\n<p><img decoding=\"async\" src=\"\/\/ae01.alicdn.com\/kf\/S830c3fdb63f94928a041ed0b188af259s.jpg\" \/><\/p>\n<div><\/div>\n<\/div>\n<\/div>\n<div><\/div>\n<\/div>\n<\/div>\n<div><\/div>\n<p>&nbsp;<\/p>\n<p>&nbsp;<\/p>\n<p>&nbsp;<\/p>\n<\/div>\n<\/div>\n\n    <div class=\"xs_social_share_widget xs_share_url after_content \t\tmain_content  wslu-style-1 wslu-share-box-shaped wslu-fill-colored wslu-none wslu-share-horizontal wslu-theme-font-no wslu-main_content\">\n\n\t\t\n        <ul>\n\t\t\t        <\/ul>\n    <\/div> \n","protected":false},"excerpt":{"rendered":"<p>&nbsp; \u3010Tama\u00f1o\u3011: El tama\u00f1o de la bolsa principal es 27*16*11(W * H * D). Es apto para cintura de 108-148cm. El soporte de la botella de agua puede acomodar un di\u00e1metro de 600ml. \u3010Multiusos\u3011: 2 correas de hombro adicionales, 3 formas de llevar (estilo cintura trasera, usando la correa del hombro, usando la correa de [&hellip;]<\/p>\n","protected":false},"featured_media":84232,"comment_status":"open","ping_status":"closed","template":"","meta":{"jetpack_publicize_message":"","jetpack_publicize_feature_enabled":true,"jetpack_social_post_already_shared":true,"jetpack_social_options":{"image_generator_settings":{"template":"highway","enabled":false},"version":2}},"product_brand":[],"product_cat":[274,195],"product_tag":[],"class_list":{"0":"post-84221","1":"product","2":"type-product","3":"status-publish","4":"has-post-thumbnail","6":"product_cat-bananos-otros","7":"product_cat-mochilas","9":"first","10":"instock","11":"sale","12":"taxable","13":"shipping-taxable","14":"purchasable","15":"product-type-variable"},"jetpack_publicize_connections":[],"jetpack_sharing_enabled":true,"_links":{"self":[{"href":"https:\/\/bodegaoutdoor.cl\/store\/wp-json\/wp\/v2\/product\/84221","targetHints":{"allow":["GET"]}}],"collection":[{"href":"https:\/\/bodegaoutdoor.cl\/store\/wp-json\/wp\/v2\/product"}],"about":[{"href":"https:\/\/bodegaoutdoor.cl\/store\/wp-json\/wp\/v2\/types\/product"}],"replies":[{"embeddable":true,"href":"https:\/\/bodegaoutdoor.cl\/store\/wp-json\/wp\/v2\/comments?post=84221"}],"version-history":[{"count":50,"href":"https:\/\/bodegaoutdoor.cl\/store\/wp-json\/wp\/v2\/product\/84221\/revisions"}],"predecessor-version":[{"id":84344,"href":"https:\/\/bodegaoutdoor.cl\/store\/wp-json\/wp\/v2\/product\/84221\/revisions\/84344"}],"wp:featuredmedia":[{"embeddable":true,"href":"https:\/\/bodegaoutdoor.cl\/store\/wp-json\/wp\/v2\/media\/84232"}],"wp:attachment":[{"href":"https:\/\/bodegaoutdoor.cl\/store\/wp-json\/wp\/v2\/media?parent=84221"}],"wp:term":[{"taxonomy":"product_brand","embeddable":true,"href":"https:\/\/bodegaoutdoor.cl\/store\/wp-json\/wp\/v2\/product_brand?post=84221"},{"taxonomy":"product_cat","embeddable":true,"href":"https:\/\/bodegaoutdoor.cl\/store\/wp-json\/wp\/v2\/product_cat?post=84221"},{"taxonomy":"product_tag","embeddable":true,"href":"https:\/\/bodegaoutdoor.cl\/store\/wp-json\/wp\/v2\/product_tag?post=84221"}],"curies":[{"name":"wp","href":"https:\/\/api.w.org\/{rel}","templated":true}]}}