{"id":84764,"date":"2024-07-24T21:27:18","date_gmt":"2024-07-25T01:27:18","guid":{"rendered":"https:\/\/bodegaoutdoor.cl\/store\/product\/chaleco-tactico-de-liberacion-rapida-tejido-de-nailon-1000d-6094k-con-triple-bolsa-para-cargador\/"},"modified":"2024-07-24T21:40:19","modified_gmt":"2024-07-25T01:40:19","slug":"chaleco-tactico-de-liberacion-rapida-tejido-de-nailon-1000d-6094k-con-triple-bolsa-para-cargador","status":"publish","type":"product","link":"https:\/\/bodegaoutdoor.cl\/store\/product\/chaleco-tactico-de-liberacion-rapida-tejido-de-nailon-1000d-6094k-con-triple-bolsa-para-cargador\/","title":{"rendered":"Chaleco t\u00e1ctico de liberaci\u00f3n r\u00e1pida, tejido de nailon 1000D, 6094K, con Triple bolsa para cargador"},"content":{"rendered":"<div>\n<div>\n<p>&nbsp;<\/p>\n<p id=\"tl_1\">Hice mi tela de nailon 1000D<\/p>\n<p id=\"tl_2\">Viene con hebilla de liberaci\u00f3n r\u00e1pida en el hombro y la cintura, el tama\u00f1o se puede ajustar en el hombro y la cintura con el velcro.<\/p>\n<p id=\"tl_3\">Con un panel de bolsa de revista triple en la parte delantera<\/p>\n<p id=\"tl_4\">Colores Multicam Black y Ranger Green en avaialbe<\/p>\n<p id=\"tl_5\">Apto para placas de 10 &#8221;x 12&#8221; para la parte trasera y delantera, placas de 6 &#8221;x 6&#8221; y 6 &#8221;x 8&#8221; para ambos lados<\/p>\n<p id=\"tl_6\">Peso total alrededor de 1,6 kg<\/p>\n<p><img decoding=\"async\" src=\"\/\/ae01.alicdn.com\/kf\/S275d64dd23594430938c66e90ee6d1ed5.jpg\" \/><img decoding=\"async\" src=\"\/\/ae01.alicdn.com\/kf\/S848e30090bc24166b7010c785f695c26A.jpg\" \/><img decoding=\"async\" src=\"\/\/ae01.alicdn.com\/kf\/Se5e9c7397ef14bd78f55ee102a36b82ea.jpg\" \/><img decoding=\"async\" src=\"\/\/ae01.alicdn.com\/kf\/S1ba06e0ccac04fca8f326b2510e15b97y.jpg\" \/><img decoding=\"async\" src=\"\/\/ae01.alicdn.com\/kf\/S70b89ba8260b4961b0be2a63296e204eC.jpg\" \/><img decoding=\"async\" src=\"\/\/ae01.alicdn.com\/kf\/Sb1b3876c9a1543378f220356610fc6409.jpg\" \/><img decoding=\"async\" src=\"\/\/ae01.alicdn.com\/kf\/S1e067e431c86469aa358c8fd843afb6az.jpg\" \/><img decoding=\"async\" src=\"\/\/ae01.alicdn.com\/kf\/S0542f0b2a8ce4c089653ef96dc992f390.jpg\" \/><img decoding=\"async\" src=\"\/\/ae01.alicdn.com\/kf\/S7e7d269b948d4208bf3f99a2079cc3d93.jpg\" \/><img decoding=\"async\" src=\"\/\/ae01.alicdn.com\/kf\/Sed6644d1f14d4eecbf058cdf592a82564.jpg\" \/><img decoding=\"async\" src=\"\/\/ae01.alicdn.com\/kf\/Sd0927f9df8884026b080e587aecbbd24m.jpg\" \/><img decoding=\"async\" src=\"\/\/ae01.alicdn.com\/kf\/Sa8af912731984be3890dda9bd7b1e50fH.jpg\" \/><img decoding=\"async\" src=\"\/\/ae01.alicdn.com\/kf\/Sf8dd29629b2b484f992c90ef63edee69V.jpg\" \/><img decoding=\"async\" src=\"\/\/ae01.alicdn.com\/kf\/S57e075c2413344af8f57bef845501a49e.jpg\" \/><img decoding=\"async\" src=\"\/\/ae01.alicdn.com\/kf\/S35847246119446c6b4e1ed0954ebd3af0.jpg\" \/><img decoding=\"async\" src=\"\/\/ae01.alicdn.com\/kf\/S08551436eeb34ea6877ef01ec421943e0.jpg\" \/><img decoding=\"async\" src=\"\/\/ae01.alicdn.com\/kf\/S6a412772761b4c9fa46c484566d8d7efG.jpg\" \/><img decoding=\"async\" src=\"\/\/ae01.alicdn.com\/kf\/S47ccbeeaefaa4e73b1dcf701eb5ffbf6k.jpg\" \/><img decoding=\"async\" src=\"\/\/ae01.alicdn.com\/kf\/S8f2d8621864a41c2956bf5ce48b38b1aV.jpg\" \/><img decoding=\"async\" src=\"\/\/ae01.alicdn.com\/kf\/S71d1accce4df4e8f9e9ab13bad0bceb1c.jpg\" \/><img decoding=\"async\" src=\"\/\/ae01.alicdn.com\/kf\/S92240dbfc9804cdaacc970de920cb542L.jpg\" \/><img decoding=\"async\" src=\"\/\/ae01.alicdn.com\/kf\/S5134b4b16c704c32863ab4fd36c404b6X.jpg\" \/><img decoding=\"async\" src=\"\/\/ae01.alicdn.com\/kf\/S733e46acf45f4a9389b1c92b7a74b8480.jpg\" \/><img decoding=\"async\" src=\"\/\/ae01.alicdn.com\/kf\/S0b5c334cbe1b4da7a08c6894b9779902s.jpg\" \/><\/p>\n<\/div>\n<\/div>\n<div>\n<div>\n<p id=\"tl_1\">Hice mi tela de nailon 1000D<\/p>\n<p id=\"tl_2\">Viene con hebilla de liberaci\u00f3n r\u00e1pida en el hombro y la cintura, el tama\u00f1o se puede ajustar en el hombro y la cintura con el velcro.<\/p>\n<p id=\"tl_3\">Con un panel de bolsa de revista triple en la parte delantera<\/p>\n<p id=\"tl_4\">Colores Multicam Black y Ranger Green en avaialbe<\/p>\n<p id=\"tl_5\">Apto para placas de 10 &#8221;x 12&#8221; para la parte trasera y delantera, placas de 6 &#8221;x 6&#8221; y 6 &#8221;x 8&#8221; para ambos lados<\/p>\n<p id=\"tl_6\">Peso total alrededor de 1,6 kg<\/p>\n<\/div>\n<\/div>\n<div>\n<div>\n<p><img decoding=\"async\" src=\"\/\/ae01.alicdn.com\/kf\/Sffb12c3173664b1c9cccd3fddce48a7dh.jpg\" \/><img decoding=\"async\" src=\"\/\/ae01.alicdn.com\/kf\/S5d574ad5c79a494683d29d27fa6f4b8aW.jpg\" \/><img decoding=\"async\" src=\"\/\/ae01.alicdn.com\/kf\/S24e6bc41e145416eba5fc14ae44c4d38O.jpg\" \/><img decoding=\"async\" src=\"\/\/ae01.alicdn.com\/kf\/S9ae579e13d8a476287c579a2e667748dr.jpg\" \/><img decoding=\"async\" src=\"\/\/ae01.alicdn.com\/kf\/S594d2db9eb5540a8bf5c00f84fdc04c17.jpg\" \/><img decoding=\"async\" src=\"\/\/ae01.alicdn.com\/kf\/S21da186e66af43d2814294404ac7ea0d9.jpg\" \/><img decoding=\"async\" src=\"\/\/ae01.alicdn.com\/kf\/S1f6f96eaaf0b4f9484ef6eb5b1332427H.jpg\" \/><img decoding=\"async\" src=\"\/\/ae01.alicdn.com\/kf\/S855dbe54be78491397dc81c99a5ad8f4Y.jpg\" \/><img decoding=\"async\" src=\"\/\/ae01.alicdn.com\/kf\/Sab947f2754d04351b0f0125f8af443b7C.jpg\" \/><img decoding=\"async\" src=\"\/\/ae01.alicdn.com\/kf\/Sb5bef293700e4561b269c260b7eabdd4T.jpg\" \/><img decoding=\"async\" src=\"\/\/ae01.alicdn.com\/kf\/S3b307067c0334422a4d3c5abe78af874r.jpg\" \/><img decoding=\"async\" src=\"\/\/ae01.alicdn.com\/kf\/S46e9b9adf8f44a4d8e28503b517ef57ey.jpg\" \/><img decoding=\"async\" src=\"\/\/ae01.alicdn.com\/kf\/Se23fb8a071344b7e9d3b277b1688d491P.jpg\" \/><img decoding=\"async\" src=\"\/\/ae01.alicdn.com\/kf\/S837912bf2c7d45769fdd3270b93c436b3.jpg\" \/><img decoding=\"async\" src=\"\/\/ae01.alicdn.com\/kf\/Se7b18ebe145f41d68ae1ccd813468034d.jpg\" \/><img decoding=\"async\" src=\"\/\/ae01.alicdn.com\/kf\/S8a2eae468418432a967824262b7260490.jpg\" \/><img decoding=\"async\" src=\"\/\/ae01.alicdn.com\/kf\/S43529caeef9a4bf9a8612c860ad5c0c8R.jpg\" \/><img decoding=\"async\" src=\"\/\/ae01.alicdn.com\/kf\/S81b3830e1b5c4950aece12c7bc7a53e32.jpg\" \/><img decoding=\"async\" src=\"\/\/ae01.alicdn.com\/kf\/S993d955f6f654e23ae2ad65be628a4f3B.jpg\" \/><img decoding=\"async\" src=\"\/\/ae01.alicdn.com\/kf\/Sef9fc2f49b2649dcaaa31bfd379b3af1H.jpg\" \/><img decoding=\"async\" src=\"\/\/ae01.alicdn.com\/kf\/S133d9df1065b466a93c6e0852c0d162dV.jpg\" \/><img decoding=\"async\" src=\"\/\/ae01.alicdn.com\/kf\/S6fba42abad3b401a93cadff033dfec0aH.jpg\" \/><img decoding=\"async\" src=\"\/\/ae01.alicdn.com\/kf\/Sbc460ce01da54354ba8abcc0dd14c305F.jpg\" \/><img decoding=\"async\" src=\"\/\/ae01.alicdn.com\/kf\/Sb53ef9769c6f46a1b9085bccda1622baO.jpg\" \/><\/p>\n<\/div>\n<\/div>\n\n    <div class=\"xs_social_share_widget xs_share_url after_content \t\tmain_content  wslu-style-1 wslu-share-box-shaped wslu-fill-colored wslu-none wslu-share-horizontal wslu-theme-font-no wslu-main_content\">\n\n\t\t\n        <ul>\n\t\t\t        <\/ul>\n    <\/div> \n","protected":false},"excerpt":{"rendered":"<p>&nbsp; Hice mi tela de nailon 1000D Viene con hebilla de liberaci\u00f3n r\u00e1pida en el hombro y la cintura, el tama\u00f1o se puede ajustar en el hombro y la cintura con el velcro. Con un panel de bolsa de revista triple en la parte delantera Colores Multicam Black y Ranger Green en avaialbe Apto para [&hellip;]<\/p>\n","protected":false},"featured_media":84768,"comment_status":"open","ping_status":"closed","template":"","meta":{"jetpack_publicize_message":"","jetpack_publicize_feature_enabled":true,"jetpack_social_post_already_shared":true,"jetpack_social_options":{"image_generator_settings":{"template":"highway","enabled":false},"version":2}},"product_brand":[],"product_cat":[487],"product_tag":[],"class_list":{"0":"post-84764","1":"product","2":"type-product","3":"status-publish","4":"has-post-thumbnail","6":"product_cat-airsoft","8":"first","9":"instock","10":"sale","11":"taxable","12":"shipping-taxable","13":"purchasable","14":"product-type-variable"},"jetpack_publicize_connections":[],"jetpack_sharing_enabled":true,"_links":{"self":[{"href":"https:\/\/bodegaoutdoor.cl\/store\/wp-json\/wp\/v2\/product\/84764","targetHints":{"allow":["GET"]}}],"collection":[{"href":"https:\/\/bodegaoutdoor.cl\/store\/wp-json\/wp\/v2\/product"}],"about":[{"href":"https:\/\/bodegaoutdoor.cl\/store\/wp-json\/wp\/v2\/types\/product"}],"replies":[{"embeddable":true,"href":"https:\/\/bodegaoutdoor.cl\/store\/wp-json\/wp\/v2\/comments?post=84764"}],"version-history":[{"count":50,"href":"https:\/\/bodegaoutdoor.cl\/store\/wp-json\/wp\/v2\/product\/84764\/revisions"}],"predecessor-version":[{"id":84873,"href":"https:\/\/bodegaoutdoor.cl\/store\/wp-json\/wp\/v2\/product\/84764\/revisions\/84873"}],"wp:featuredmedia":[{"embeddable":true,"href":"https:\/\/bodegaoutdoor.cl\/store\/wp-json\/wp\/v2\/media\/84768"}],"wp:attachment":[{"href":"https:\/\/bodegaoutdoor.cl\/store\/wp-json\/wp\/v2\/media?parent=84764"}],"wp:term":[{"taxonomy":"product_brand","embeddable":true,"href":"https:\/\/bodegaoutdoor.cl\/store\/wp-json\/wp\/v2\/product_brand?post=84764"},{"taxonomy":"product_cat","embeddable":true,"href":"https:\/\/bodegaoutdoor.cl\/store\/wp-json\/wp\/v2\/product_cat?post=84764"},{"taxonomy":"product_tag","embeddable":true,"href":"https:\/\/bodegaoutdoor.cl\/store\/wp-json\/wp\/v2\/product_tag?post=84764"}],"curies":[{"name":"wp","href":"https:\/\/api.w.org\/{rel}","templated":true}]}}