{"id":8733,"date":"2020-07-27T23:31:10","date_gmt":"2020-07-27T23:31:10","guid":{"rendered":"https:\/\/bodegaoutdoor.cl\/store\/product\/impermeable-800d-oxford-hombres-tactica-rinonera-mochila-deportes-al-aire-libre-senderismo-caza-montar-ejercito-bolsa-escalada-cinturon-bolsa\/"},"modified":"2023-05-04T19:19:33","modified_gmt":"2023-05-04T23:19:33","slug":"impermeable-800d-oxford-hombres-tactica-rinonera-mochila-deportes-al-aire-libre-senderismo-caza-montar-ejercito-bolsa-escalada-cinturon-bolsa","status":"publish","type":"product","link":"https:\/\/bodegaoutdoor.cl\/store\/product\/impermeable-800d-oxford-hombres-tactica-rinonera-mochila-deportes-al-aire-libre-senderismo-caza-montar-ejercito-bolsa-escalada-cinturon-bolsa\/","title":{"rendered":"Banano ri\u00f1onera Outdoor senderismo escalada cintur\u00f3n"},"content":{"rendered":"<div>\n<p style=\"font-family: 'OpenSans'; color: #000; font-weight: 900; font-size: 20px; line-height: 28px; margin-bottom: 12px;\">Impermeable 800D Oxford hombres t\u00e1ctica ri\u00f1onera mochila deportes al aire libre senderismo caza montar ej\u00e9rcito bolsa escalada cintur\u00f3n bolsa<\/p>\n<\/div>\n<div>\n<p style=\"font-family: 'OpenSans'; color: #000; font-weight: 900; font-size: 20px; line-height: 28px; margin-bottom: 12px;\">Descripci\u00f3n:<\/p>\n<p style=\"font-family: 'OpenSans'; color: #000; font-weight: 300; font-size: 14px; line-height: 20px; margin-bottom: 12px;\">Condici\u00f3n 100% a estrenar<\/p>\n<p>Nombre del producto: ri\u00f1onera t\u00e1ctica<\/p>\n<p>Material del producto: oxford resistente al agua 800D<\/p>\n<p>Forro de poli\u00e9ster: Poli\u00e9ster<\/p>\n<p>Capacidad: 3-5L<\/p>\n<p>Peso m\u00e1ximo de carga: 5kg<\/p>\n<p>Longitud ajustable de la cintura: 70 &#8211; 130cm\/27,56-51,18 pulgadas<\/p>\n<p>La aplicaci\u00f3n de la posici\u00f3n: cintura<\/p>\n<p>G\u00e9nero: hombres, mujeres<\/p>\n<p>Tama\u00f1o (largo x ancho x Alto):23*9*19cm<\/p>\n<p>Peso neto: alrededor de 0,4 kg<\/p>\n<\/div>\n<div>\n<p style=\"font-family: 'OpenSans'; color: #000; font-weight: 900; font-size: 20px; line-height: 28px; margin-bottom: 12px;\">Caracter\u00edsticas:<\/p>\n<p style=\"font-family: 'OpenSans'; color: #000; font-weight: 300; font-size: 14px; line-height: 20px; margin-bottom: 12px;\">-3 &#8211; 5L gran capacidad, ser capaz de poner 550ml botella de agua, cartera, tel\u00e9fonos, etc.<br \/>\n-Hecho de oxford 800D y material de tela, resistente al agua, resistente al desgaste y antiara\u00f1azos<br \/>\n-Dise\u00f1o del sistema Molle, se puede colocar en una bolsa peque\u00f1a, accesorios de bolsa, hervidor, etc. Puede ampliar la capacidad para acomodar m\u00e1s art\u00edculos<br \/>\n-Dise\u00f1o de varios bolsillos con 2 bolsillos con hebilla frontal, un bolsillo tipo parche con cremallera, una bolsa con soporte para botella de agua. Se puede utilizar para almacenar de forma segura tu cartera, tel\u00e9fono m\u00f3vil, varios tipos de tarjetas, botella de agua, linterna LED y otras necesidades al aire libre.<br \/>\n-La bolsa para hervidor se puede retirar y utilizar por separado.<br \/>\n-Bolsa multifuncional: se puede utilizar como ri\u00f1onera, bandolera o ri\u00f1onera<br \/>\n-Forro de poli\u00e9ster: Poli\u00e9ster<br \/>\n-Perfecto para la mayor\u00eda de las actividades deportivas como trotar, correr, escalar, senderismo, ciclismo de monta\u00f1a, gimnasio, equitaci\u00f3n, etc.<\/p>\n<\/div>\n<div>\n<p style=\"font-family: 'OpenSans'; color: #000; font-weight: 900; font-size: 20px; line-height: 28px; margin-bottom: 12px;\">El paquete incluye:<\/p>\n<p style=\"font-family: 'OpenSans'; color: #000; font-weight: 300; font-size: 14px; line-height: 20px; margin-bottom: 12px;\">1 x ri\u00f1onera t\u00e1ctica<\/p>\n<\/div>\n<div><img decoding=\"async\" title=\"Impermeable 800D Oxford hombres t\u00e1ctica ri\u00f1onera mochila deportes al aire libre senderismo caza montar ej\u00e9rcito bolsa escalada cintur\u00f3n bolsa\" src=\"https:\/\/bodegaoutdoor.cl\/store\/wp-content\/uploads\/2020\/07\/8733-lrx1dz.jpg\" alt=\"Impermeable 800D Oxford hombres t\u00e1ctica ri\u00f1onera mochila deportes al aire libre senderismo caza montar ej\u00e9rcito bolsa escalada cintur\u00f3n bolsa\" \/><img decoding=\"async\" title=\"Impermeable 800D Oxford hombres t\u00e1ctica ri\u00f1onera mochila deportes al aire libre senderismo caza montar ej\u00e9rcito bolsa escalada cintur\u00f3n bolsa\" src=\"https:\/\/bodegaoutdoor.cl\/store\/wp-content\/uploads\/2020\/07\/8733-msmsef.jpg\" alt=\"Impermeable 800D Oxford hombres t\u00e1ctica ri\u00f1onera mochila deportes al aire libre senderismo caza montar ej\u00e9rcito bolsa escalada cintur\u00f3n bolsa\" \/><img decoding=\"async\" title=\"Impermeable 800D Oxford hombres t\u00e1ctica ri\u00f1onera mochila deportes al aire libre senderismo caza montar ej\u00e9rcito bolsa escalada cintur\u00f3n bolsa\" src=\"https:\/\/bodegaoutdoor.cl\/store\/wp-content\/uploads\/2020\/07\/8733-yyrkwl.jpg\" alt=\"Impermeable 800D Oxford hombres t\u00e1ctica ri\u00f1onera mochila deportes al aire libre senderismo caza montar ej\u00e9rcito bolsa escalada cintur\u00f3n bolsa\" \/><img decoding=\"async\" title=\"Impermeable 800D Oxford hombres t\u00e1ctica ri\u00f1onera mochila deportes al aire libre senderismo caza montar ej\u00e9rcito bolsa escalada cintur\u00f3n bolsa\" src=\"https:\/\/bodegaoutdoor.cl\/store\/wp-content\/uploads\/2020\/07\/8733-cwjjl6.jpg\" alt=\"Impermeable 800D Oxford hombres t\u00e1ctica ri\u00f1onera mochila deportes al aire libre senderismo caza montar ej\u00e9rcito bolsa escalada cintur\u00f3n bolsa\" \/><\/div>\n<div><img decoding=\"async\" title=\"Impermeable 800D Oxford hombres t\u00e1ctica ri\u00f1onera mochila deportes al aire libre senderismo caza montar ej\u00e9rcito bolsa escalada cintur\u00f3n bolsa\" src=\"https:\/\/bodegaoutdoor.cl\/store\/wp-content\/uploads\/2020\/07\/8733-zpr5i9.jpg\" alt=\"Impermeable 800D Oxford hombres t\u00e1ctica ri\u00f1onera mochila deportes al aire libre senderismo caza montar ej\u00e9rcito bolsa escalada cintur\u00f3n bolsa\" \/><img decoding=\"async\" title=\"Impermeable 800D Oxford hombres t\u00e1ctica ri\u00f1onera mochila deportes al aire libre senderismo caza montar ej\u00e9rcito bolsa escalada cintur\u00f3n bolsa\" src=\"https:\/\/bodegaoutdoor.cl\/store\/wp-content\/uploads\/2020\/07\/8733-obiczy.jpg\" alt=\"Impermeable 800D Oxford hombres t\u00e1ctica ri\u00f1onera mochila deportes al aire libre senderismo caza montar ej\u00e9rcito bolsa escalada cintur\u00f3n bolsa\" \/><img decoding=\"async\" title=\"Impermeable 800D Oxford hombres t\u00e1ctica ri\u00f1onera mochila deportes al aire libre senderismo caza montar ej\u00e9rcito bolsa escalada cintur\u00f3n bolsa\" src=\"https:\/\/bodegaoutdoor.cl\/store\/wp-content\/uploads\/2020\/07\/8733-dtjdjp.jpg\" alt=\"Impermeable 800D Oxford hombres t\u00e1ctica ri\u00f1onera mochila deportes al aire libre senderismo caza montar ej\u00e9rcito bolsa escalada cintur\u00f3n bolsa\" \/><img decoding=\"async\" title=\"Impermeable 800D Oxford hombres t\u00e1ctica ri\u00f1onera mochila deportes al aire libre senderismo caza montar ej\u00e9rcito bolsa escalada cintur\u00f3n bolsa\" src=\"https:\/\/bodegaoutdoor.cl\/store\/wp-content\/uploads\/2020\/07\/8733-stnys2.jpg\" alt=\"Impermeable 800D Oxford hombres t\u00e1ctica ri\u00f1onera mochila deportes al aire libre senderismo caza montar ej\u00e9rcito bolsa escalada cintur\u00f3n bolsa\" \/><img decoding=\"async\" title=\"Impermeable 800D Oxford hombres t\u00e1ctica ri\u00f1onera mochila deportes al aire libre senderismo caza montar ej\u00e9rcito bolsa escalada cintur\u00f3n bolsa\" src=\"https:\/\/bodegaoutdoor.cl\/store\/wp-content\/uploads\/2020\/07\/8733-zc6epy.jpg\" alt=\"Impermeable 800D Oxford hombres t\u00e1ctica ri\u00f1onera mochila deportes al aire libre senderismo caza montar ej\u00e9rcito bolsa escalada cintur\u00f3n bolsa\" \/><\/div>\n<div><img decoding=\"async\" title=\"Impermeable 800D Oxford hombres t\u00e1ctica ri\u00f1onera mochila deportes al aire libre senderismo caza montar ej\u00e9rcito bolsa escalada cintur\u00f3n bolsa\" src=\"https:\/\/bodegaoutdoor.cl\/store\/wp-content\/uploads\/2020\/07\/8733-9byrvc.jpg\" alt=\"Impermeable 800D Oxford hombres t\u00e1ctica ri\u00f1onera mochila deportes al aire libre senderismo caza montar ej\u00e9rcito bolsa escalada cintur\u00f3n bolsa\" \/><img decoding=\"async\" title=\"Impermeable 800D Oxford hombres t\u00e1ctica ri\u00f1onera mochila deportes al aire libre senderismo caza montar ej\u00e9rcito bolsa escalada cintur\u00f3n bolsa\" src=\"https:\/\/bodegaoutdoor.cl\/store\/wp-content\/uploads\/2020\/07\/8733-nbvccp.jpg\" alt=\"Impermeable 800D Oxford hombres t\u00e1ctica ri\u00f1onera mochila deportes al aire libre senderismo caza montar ej\u00e9rcito bolsa escalada cintur\u00f3n bolsa\" \/><img decoding=\"async\" title=\"Impermeable 800D Oxford hombres t\u00e1ctica ri\u00f1onera mochila deportes al aire libre senderismo caza montar ej\u00e9rcito bolsa escalada cintur\u00f3n bolsa\" src=\"https:\/\/bodegaoutdoor.cl\/store\/wp-content\/uploads\/2020\/07\/8733-45vpge.jpg\" alt=\"Impermeable 800D Oxford hombres t\u00e1ctica ri\u00f1onera mochila deportes al aire libre senderismo caza montar ej\u00e9rcito bolsa escalada cintur\u00f3n bolsa\" \/><\/div>\n<div><img decoding=\"async\" title=\"Impermeable 800D Oxford hombres t\u00e1ctica ri\u00f1onera mochila deportes al aire libre senderismo caza montar ej\u00e9rcito bolsa escalada cintur\u00f3n bolsa\" src=\"https:\/\/bodegaoutdoor.cl\/store\/wp-content\/uploads\/2020\/07\/8733-7xzgg5.jpg\" alt=\"Impermeable 800D Oxford hombres t\u00e1ctica ri\u00f1onera mochila deportes al aire libre senderismo caza montar ej\u00e9rcito bolsa escalada cintur\u00f3n bolsa\" \/><img decoding=\"async\" title=\"Impermeable 800D Oxford hombres t\u00e1ctica ri\u00f1onera mochila deportes al aire libre senderismo caza montar ej\u00e9rcito bolsa escalada cintur\u00f3n bolsa\" src=\"https:\/\/bodegaoutdoor.cl\/store\/wp-content\/uploads\/2020\/07\/8733-n045ik.jpg\" alt=\"Impermeable 800D Oxford hombres t\u00e1ctica ri\u00f1onera mochila deportes al aire libre senderismo caza montar ej\u00e9rcito bolsa escalada cintur\u00f3n bolsa\" \/><img decoding=\"async\" title=\"Impermeable 800D Oxford hombres t\u00e1ctica ri\u00f1onera mochila deportes al aire libre senderismo caza montar ej\u00e9rcito bolsa escalada cintur\u00f3n bolsa\" src=\"https:\/\/bodegaoutdoor.cl\/store\/wp-content\/uploads\/2020\/07\/8733-avqy4v.jpg\" alt=\"Impermeable 800D Oxford hombres t\u00e1ctica ri\u00f1onera mochila deportes al aire libre senderismo caza montar ej\u00e9rcito bolsa escalada cintur\u00f3n bolsa\" \/><img decoding=\"async\" title=\"Impermeable 800D Oxford hombres t\u00e1ctica ri\u00f1onera mochila deportes al aire libre senderismo caza montar ej\u00e9rcito bolsa escalada cintur\u00f3n bolsa\" src=\"https:\/\/bodegaoutdoor.cl\/store\/wp-content\/uploads\/2020\/07\/8733-awjbni.jpg\" alt=\"Impermeable 800D Oxford hombres t\u00e1ctica ri\u00f1onera mochila deportes al aire libre senderismo caza montar ej\u00e9rcito bolsa escalada cintur\u00f3n bolsa\" \/><\/div>\n<div><img decoding=\"async\" title=\"Impermeable 800D Oxford hombres t\u00e1ctica ri\u00f1onera mochila deportes al aire libre senderismo caza montar ej\u00e9rcito bolsa escalada cintur\u00f3n bolsa\" src=\"https:\/\/bodegaoutdoor.cl\/store\/wp-content\/uploads\/2020\/07\/8733-fobn9o.jpg\" alt=\"Impermeable 800D Oxford hombres t\u00e1ctica ri\u00f1onera mochila deportes al aire libre senderismo caza montar ej\u00e9rcito bolsa escalada cintur\u00f3n bolsa\" \/><img decoding=\"async\" title=\"Impermeable 800D Oxford hombres t\u00e1ctica ri\u00f1onera mochila deportes al aire libre senderismo caza montar ej\u00e9rcito bolsa escalada cintur\u00f3n bolsa\" src=\"https:\/\/bodegaoutdoor.cl\/store\/wp-content\/uploads\/2020\/07\/8733-zym1vs.jpg\" alt=\"Impermeable 800D Oxford hombres t\u00e1ctica ri\u00f1onera mochila deportes al aire libre senderismo caza montar ej\u00e9rcito bolsa escalada cintur\u00f3n bolsa\" \/><img decoding=\"async\" title=\"Impermeable 800D Oxford hombres t\u00e1ctica ri\u00f1onera mochila deportes al aire libre senderismo caza montar ej\u00e9rcito bolsa escalada cintur\u00f3n bolsa\" src=\"https:\/\/bodegaoutdoor.cl\/store\/wp-content\/uploads\/2020\/07\/8733-nnebpx.jpg\" alt=\"Impermeable 800D Oxford hombres t\u00e1ctica ri\u00f1onera mochila deportes al aire libre senderismo caza montar ej\u00e9rcito bolsa escalada cintur\u00f3n bolsa\" \/><img decoding=\"async\" title=\"Impermeable 800D Oxford hombres t\u00e1ctica ri\u00f1onera mochila deportes al aire libre senderismo caza montar ej\u00e9rcito bolsa escalada cintur\u00f3n bolsa\" src=\"https:\/\/bodegaoutdoor.cl\/store\/wp-content\/uploads\/2020\/07\/8733-teeonm.jpg\" alt=\"Impermeable 800D Oxford hombres t\u00e1ctica ri\u00f1onera mochila deportes al aire libre senderismo caza montar ej\u00e9rcito bolsa escalada cintur\u00f3n bolsa\" \/><\/div>\n<div><img decoding=\"async\" title=\"Impermeable 800D Oxford hombres t\u00e1ctica ri\u00f1onera mochila deportes al aire libre senderismo caza montar ej\u00e9rcito bolsa escalada cintur\u00f3n bolsa\" src=\"https:\/\/bodegaoutdoor.cl\/store\/wp-content\/uploads\/2020\/07\/8733-idcmak.jpg\" alt=\"Impermeable 800D Oxford hombres t\u00e1ctica ri\u00f1onera mochila deportes al aire libre senderismo caza montar ej\u00e9rcito bolsa escalada cintur\u00f3n bolsa\" \/><img decoding=\"async\" title=\"Impermeable 800D Oxford hombres t\u00e1ctica ri\u00f1onera mochila deportes al aire libre senderismo caza montar ej\u00e9rcito bolsa escalada cintur\u00f3n bolsa\" src=\"https:\/\/bodegaoutdoor.cl\/store\/wp-content\/uploads\/2020\/07\/8733-rdmasn.jpg\" alt=\"Impermeable 800D Oxford hombres t\u00e1ctica ri\u00f1onera mochila deportes al aire libre senderismo caza montar ej\u00e9rcito bolsa escalada cintur\u00f3n bolsa\" \/><img decoding=\"async\" title=\"Impermeable 800D Oxford hombres t\u00e1ctica ri\u00f1onera mochila deportes al aire libre senderismo caza montar ej\u00e9rcito bolsa escalada cintur\u00f3n bolsa\" src=\"https:\/\/bodegaoutdoor.cl\/store\/wp-content\/uploads\/2020\/07\/8733-qyrapk.jpg\" alt=\"Impermeable 800D Oxford hombres t\u00e1ctica ri\u00f1onera mochila deportes al aire libre senderismo caza montar ej\u00e9rcito bolsa escalada cintur\u00f3n bolsa\" \/><img decoding=\"async\" title=\"Impermeable 800D Oxford hombres t\u00e1ctica ri\u00f1onera mochila deportes al aire libre senderismo caza montar ej\u00e9rcito bolsa escalada cintur\u00f3n bolsa\" src=\"https:\/\/bodegaoutdoor.cl\/store\/wp-content\/uploads\/2020\/07\/8733-evr6pi.jpg\" alt=\"Impermeable 800D Oxford hombres t\u00e1ctica ri\u00f1onera mochila deportes al aire libre senderismo caza montar ej\u00e9rcito bolsa escalada cintur\u00f3n bolsa\" \/><\/div>\n<div><img decoding=\"async\" title=\"Impermeable 800D Oxford hombres t\u00e1ctica ri\u00f1onera mochila deportes al aire libre senderismo caza montar ej\u00e9rcito bolsa escalada cintur\u00f3n bolsa\" src=\"https:\/\/bodegaoutdoor.cl\/store\/wp-content\/uploads\/2020\/07\/8733-k7ol3p.jpg\" alt=\"Impermeable 800D Oxford hombres t\u00e1ctica ri\u00f1onera mochila deportes al aire libre senderismo caza montar ej\u00e9rcito bolsa escalada cintur\u00f3n bolsa\" \/><img decoding=\"async\" title=\"Impermeable 800D Oxford hombres t\u00e1ctica ri\u00f1onera mochila deportes al aire libre senderismo caza montar ej\u00e9rcito bolsa escalada cintur\u00f3n bolsa\" src=\"https:\/\/bodegaoutdoor.cl\/store\/wp-content\/uploads\/2020\/07\/8733-5kwdeo.jpg\" alt=\"Impermeable 800D Oxford hombres t\u00e1ctica ri\u00f1onera mochila deportes al aire libre senderismo caza montar ej\u00e9rcito bolsa escalada cintur\u00f3n bolsa\" \/><img decoding=\"async\" title=\"Impermeable 800D Oxford hombres t\u00e1ctica ri\u00f1onera mochila deportes al aire libre senderismo caza montar ej\u00e9rcito bolsa escalada cintur\u00f3n bolsa\" src=\"https:\/\/bodegaoutdoor.cl\/store\/wp-content\/uploads\/2020\/07\/8733-klvlgk.jpg\" alt=\"Impermeable 800D Oxford hombres t\u00e1ctica ri\u00f1onera mochila deportes al aire libre senderismo caza montar ej\u00e9rcito bolsa escalada cintur\u00f3n bolsa\" \/><img decoding=\"async\" title=\"Impermeable 800D Oxford hombres t\u00e1ctica ri\u00f1onera mochila deportes al aire libre senderismo caza montar ej\u00e9rcito bolsa escalada cintur\u00f3n bolsa\" src=\"https:\/\/bodegaoutdoor.cl\/store\/wp-content\/uploads\/2020\/07\/8733-xba86e.jpg\" alt=\"Impermeable 800D Oxford hombres t\u00e1ctica ri\u00f1onera mochila deportes al aire libre senderismo caza montar ej\u00e9rcito bolsa escalada cintur\u00f3n bolsa\" \/><\/div>\n<div><img decoding=\"async\" title=\"Impermeable 800D Oxford hombres t\u00e1ctica ri\u00f1onera mochila deportes al aire libre senderismo caza montar ej\u00e9rcito bolsa escalada cintur\u00f3n bolsa\" src=\"https:\/\/bodegaoutdoor.cl\/store\/wp-content\/uploads\/2020\/07\/8733-vpxaag.jpg\" alt=\"Impermeable 800D Oxford hombres t\u00e1ctica ri\u00f1onera mochila deportes al aire libre senderismo caza montar ej\u00e9rcito bolsa escalada cintur\u00f3n bolsa\" \/><img decoding=\"async\" title=\"Impermeable 800D Oxford hombres t\u00e1ctica ri\u00f1onera mochila deportes al aire libre senderismo caza montar ej\u00e9rcito bolsa escalada cintur\u00f3n bolsa\" src=\"https:\/\/bodegaoutdoor.cl\/store\/wp-content\/uploads\/2020\/07\/8733-rbdxlf.jpg\" alt=\"Impermeable 800D Oxford hombres t\u00e1ctica ri\u00f1onera mochila deportes al aire libre senderismo caza montar ej\u00e9rcito bolsa escalada cintur\u00f3n bolsa\" \/><img decoding=\"async\" title=\"Impermeable 800D Oxford hombres t\u00e1ctica ri\u00f1onera mochila deportes al aire libre senderismo caza montar ej\u00e9rcito bolsa escalada cintur\u00f3n bolsa\" src=\"https:\/\/bodegaoutdoor.cl\/store\/wp-content\/uploads\/2020\/07\/8733-ucdktk.jpg\" alt=\"Impermeable 800D Oxford hombres t\u00e1ctica ri\u00f1onera mochila deportes al aire libre senderismo caza montar ej\u00e9rcito bolsa escalada cintur\u00f3n bolsa\" \/><img decoding=\"async\" title=\"Impermeable 800D Oxford hombres t\u00e1ctica ri\u00f1onera mochila deportes al aire libre senderismo caza montar ej\u00e9rcito bolsa escalada cintur\u00f3n bolsa\" src=\"https:\/\/bodegaoutdoor.cl\/store\/wp-content\/uploads\/2020\/07\/8733-8xvq1a.jpg\" alt=\"Impermeable 800D Oxford hombres t\u00e1ctica ri\u00f1onera mochila deportes al aire libre senderismo caza montar ej\u00e9rcito bolsa escalada cintur\u00f3n bolsa\" \/><\/div>\n<div><\/div>\n\n    <div class=\"xs_social_share_widget xs_share_url after_content \t\tmain_content  wslu-style-1 wslu-share-box-shaped wslu-fill-colored wslu-none wslu-share-horizontal wslu-theme-font-no wslu-main_content\">\n\n\t\t\n        <ul>\n\t\t\t        <\/ul>\n    <\/div> \n","protected":false},"excerpt":{"rendered":"<p>Impermeable 800D Oxford hombres t\u00e1ctica ri\u00f1onera mochila deportes al aire libre senderismo caza montar ej\u00e9rcito bolsa escalada cintur\u00f3n bolsa Descripci\u00f3n: Condici\u00f3n 100% a estrenar Nombre del producto: ri\u00f1onera t\u00e1ctica Material del producto: oxford resistente al agua 800D Forro de poli\u00e9ster: Poli\u00e9ster Capacidad: 3-5L Peso m\u00e1ximo de carga: 5kg Longitud ajustable de la cintura: 70 &#8211; [&hellip;]<\/p>\n","protected":false},"featured_media":8942,"comment_status":"open","ping_status":"closed","template":"","meta":{"jetpack_publicize_message":"","jetpack_publicize_feature_enabled":true,"jetpack_social_post_already_shared":true,"jetpack_social_options":{"image_generator_settings":{"template":"highway","enabled":false},"version":2}},"product_brand":[],"product_cat":[274,195],"product_tag":[],"class_list":{"0":"post-8733","1":"product","2":"type-product","3":"status-publish","4":"has-post-thumbnail","6":"product_cat-bananos-otros","7":"product_cat-mochilas","9":"first","10":"instock","11":"sale","12":"taxable","13":"shipping-taxable","14":"purchasable","15":"product-type-variable"},"jetpack_publicize_connections":[],"jetpack_sharing_enabled":true,"_links":{"self":[{"href":"https:\/\/bodegaoutdoor.cl\/store\/wp-json\/wp\/v2\/product\/8733","targetHints":{"allow":["GET"]}}],"collection":[{"href":"https:\/\/bodegaoutdoor.cl\/store\/wp-json\/wp\/v2\/product"}],"about":[{"href":"https:\/\/bodegaoutdoor.cl\/store\/wp-json\/wp\/v2\/types\/product"}],"replies":[{"embeddable":true,"href":"https:\/\/bodegaoutdoor.cl\/store\/wp-json\/wp\/v2\/comments?post=8733"}],"version-history":[{"count":2,"href":"https:\/\/bodegaoutdoor.cl\/store\/wp-json\/wp\/v2\/product\/8733\/revisions"}],"predecessor-version":[{"id":71311,"href":"https:\/\/bodegaoutdoor.cl\/store\/wp-json\/wp\/v2\/product\/8733\/revisions\/71311"}],"wp:featuredmedia":[{"embeddable":true,"href":"https:\/\/bodegaoutdoor.cl\/store\/wp-json\/wp\/v2\/media\/8942"}],"wp:attachment":[{"href":"https:\/\/bodegaoutdoor.cl\/store\/wp-json\/wp\/v2\/media?parent=8733"}],"wp:term":[{"taxonomy":"product_brand","embeddable":true,"href":"https:\/\/bodegaoutdoor.cl\/store\/wp-json\/wp\/v2\/product_brand?post=8733"},{"taxonomy":"product_cat","embeddable":true,"href":"https:\/\/bodegaoutdoor.cl\/store\/wp-json\/wp\/v2\/product_cat?post=8733"},{"taxonomy":"product_tag","embeddable":true,"href":"https:\/\/bodegaoutdoor.cl\/store\/wp-json\/wp\/v2\/product_tag?post=8733"}],"curies":[{"name":"wp","href":"https:\/\/api.w.org\/{rel}","templated":true}]}}