{"id":8747,"date":"2020-07-27T23:31:24","date_gmt":"2020-07-27T23:31:24","guid":{"rendered":"https:\/\/bodegaoutdoor.cl\/store\/product\/bolso-de-hombro-tactico-militar-800d-oxford-molle-bolso-de-ejercito-para-exteriores-senderismo-viaje-escalada-bolso-cruzado-senderismo-y-acampada\/"},"modified":"2023-05-04T19:19:32","modified_gmt":"2023-05-04T23:19:32","slug":"bolso-de-hombro-tactico-militar-800d-oxford-molle-bolso-de-ejercito-para-exteriores-senderismo-viaje-escalada-bolso-cruzado-senderismo-y-acampada","status":"publish","type":"product","link":"https:\/\/bodegaoutdoor.cl\/store\/product\/bolso-de-hombro-tactico-militar-800d-oxford-molle-bolso-de-ejercito-para-exteriores-senderismo-viaje-escalada-bolso-cruzado-senderismo-y-acampada\/","title":{"rendered":"Bolso de hombro t\u00e1ctico 800D Oxford Molle, viaje, escalada, bolso cruzado, senderismo"},"content":{"rendered":"<div>\n<p style=\"font-family: 'OpenSans'; color: #000; font-weight: 900; font-size: 20px; line-height: 28px; margin-bottom: 12px;\">Bolso de hombro t\u00e1ctico militar 800D Oxford Molle, bolso del ej\u00e9rcito, al aire libre, senderismo, viaje, escalada, bolso cruzado, Camping, senderismo<\/p>\n<\/div>\n<div>\n<p style=\"font-family: 'OpenSans'; color: #000; font-weight: 900; font-size: 20px; line-height: 28px; margin-bottom: 12px;\">Descripci\u00f3n:<\/p>\n<p style=\"font-family: 'OpenSans'; color: #000; font-weight: 300; font-size: 14px; line-height: 20px; margin-bottom: 12px;\">Condici\u00f3n 100% a estrenar<\/p>\n<p>Nombre del producto: bandolera t\u00e1ctica<\/p>\n<p>Tipo: bandolera t\u00e1ctica<\/p>\n<p>Material del producto: resistente al desgaste 800D Oxford<\/p>\n<p>G\u00e9nero: hombres, mujeres<\/p>\n<p>Capacidad: 25L<\/p>\n<p>Tipo de cierre: cremallera y hebilla<\/p>\n<p>Tama\u00f1o: 30*17*28cm<\/p>\n<p>Peso neto: alrededor de 0,8 kg<\/p>\n<\/div>\n<div>\n<p style=\"font-family: 'OpenSans'; color: #000; font-weight: 900; font-size: 20px; line-height: 28px; margin-bottom: 12px;\">Caracter\u00edsticas:<\/p>\n<p style=\"font-family: 'OpenSans'; color: #000; font-weight: 300; font-size: 14px; line-height: 20px; margin-bottom: 12px;\">-Construido por Oxford impermeable 800D, alta intensidad y duradero.<br \/>\n-Cierre de tapa con cierre de hebilla y bolsillo superior con cremallera y bolsillo frontal con cremallera.<br \/>\n-Compartimento principal grande con cierre de cord\u00f3n, 2 bolsillos abiertos en el interior y 1 bolsa cosida.<br \/>\n-Bolsillos laterales: cremallera, bolsillo molle y bolsillo de malla con cierre de cord\u00f3n.<br \/>\n-1 compartimento con cierre de cremallera en la parte posterior y multibolsillos para peque\u00f1os dispositivos como bol\u00edgrafo, linterna, etc.<br \/>\n-Superficie de contacto acolchada: almohadillas de malla esponjosa en la espalda, ventilaci\u00f3n c\u00f3moda y alta.<br \/>\n-Correa de hombro ajustable con almohadilla desmontable y hebilla de liberaci\u00f3n r\u00e1pida.<br \/>\n-Con Cinta ajustable (ancho de cm) en la espalda para sujetar los cinturones u otras cosas.<\/p>\n<\/div>\n<div>\n<p style=\"font-family: 'OpenSans'; color: #000; font-weight: 900; font-size: 20px; line-height: 28px; margin-bottom: 12px;\">El paquete incluye:<\/p>\n<p style=\"font-family: 'OpenSans'; color: #000; font-weight: 300; font-size: 14px; line-height: 20px; margin-bottom: 12px;\">1 * bolso t\u00e1ctico<\/p>\n<\/div>\n<div>\n<p style=\"font-family: 'OpenSans'; color: #000; font-weight: 900; font-size: 20px; line-height: 28px; margin-bottom: 12px;\">Nota:<\/p>\n<p style=\"font-family: 'OpenSans'; color: #000; font-weight: 300; font-size: 14px; line-height: 20px; margin-bottom: 12px;\">Puede haber diferencias de 1-2cm (0,4-0,8 pulgadas) debido a la medici\u00f3n manual. Gracias.<\/p>\n<\/div>\n<div><img decoding=\"async\" title=\"Bolso de hombro t\u00e1ctico militar 800D Oxford Molle, bolso de ej\u00e9rcito para exteriores, senderismo, viaje, escalada, bolso cruzado, senderismo y acampada\" src=\"https:\/\/bodegaoutdoor.cl\/store\/wp-content\/uploads\/2020\/07\/8747-n6iswb.jpg\" alt=\"Bolso de hombro t\u00e1ctico militar 800D Oxford Molle, bolso de ej\u00e9rcito para exteriores, senderismo, viaje, escalada, bolso cruzado, senderismo y acampada\" \/><img decoding=\"async\" title=\"Bolso de hombro t\u00e1ctico militar 800D Oxford Molle, bolso de ej\u00e9rcito para exteriores, senderismo, viaje, escalada, bolso cruzado, senderismo y acampada\" src=\"https:\/\/bodegaoutdoor.cl\/store\/wp-content\/uploads\/2020\/07\/8747-na0tov.jpg\" alt=\"Bolso de hombro t\u00e1ctico militar 800D Oxford Molle, bolso de ej\u00e9rcito para exteriores, senderismo, viaje, escalada, bolso cruzado, senderismo y acampada\" \/><img decoding=\"async\" title=\"Bolso de hombro t\u00e1ctico militar 800D Oxford Molle, bolso de ej\u00e9rcito para exteriores, senderismo, viaje, escalada, bolso cruzado, senderismo y acampada\" src=\"https:\/\/bodegaoutdoor.cl\/store\/wp-content\/uploads\/2020\/07\/8747-eljkpk.jpg\" alt=\"Bolso de hombro t\u00e1ctico militar 800D Oxford Molle, bolso de ej\u00e9rcito para exteriores, senderismo, viaje, escalada, bolso cruzado, senderismo y acampada\" \/><\/div>\n<div><img decoding=\"async\" title=\"Bolso de hombro t\u00e1ctico militar 800D Oxford Molle, bolso de ej\u00e9rcito para exteriores, senderismo, viaje, escalada, bolso cruzado, senderismo y acampada\" src=\"https:\/\/bodegaoutdoor.cl\/store\/wp-content\/uploads\/2020\/07\/8747-j19tew.jpg\" alt=\"Bolso de hombro t\u00e1ctico militar 800D Oxford Molle, bolso de ej\u00e9rcito para exteriores, senderismo, viaje, escalada, bolso cruzado, senderismo y acampada\" \/><img decoding=\"async\" title=\"Bolso de hombro t\u00e1ctico militar 800D Oxford Molle, bolso de ej\u00e9rcito para exteriores, senderismo, viaje, escalada, bolso cruzado, senderismo y acampada\" src=\"https:\/\/bodegaoutdoor.cl\/store\/wp-content\/uploads\/2020\/07\/8747-mzk8rp.jpg\" alt=\"Bolso de hombro t\u00e1ctico militar 800D Oxford Molle, bolso de ej\u00e9rcito para exteriores, senderismo, viaje, escalada, bolso cruzado, senderismo y acampada\" \/><img decoding=\"async\" title=\"Bolso de hombro t\u00e1ctico militar 800D Oxford Molle, bolso de ej\u00e9rcito para exteriores, senderismo, viaje, escalada, bolso cruzado, senderismo y acampada\" src=\"https:\/\/bodegaoutdoor.cl\/store\/wp-content\/uploads\/2020\/07\/8747-ma6jno.jpg\" alt=\"Bolso de hombro t\u00e1ctico militar 800D Oxford Molle, bolso de ej\u00e9rcito para exteriores, senderismo, viaje, escalada, bolso cruzado, senderismo y acampada\" \/><\/div>\n<div><img decoding=\"async\" title=\"Bolso de hombro t\u00e1ctico militar 800D Oxford Molle, bolso de ej\u00e9rcito para exteriores, senderismo, viaje, escalada, bolso cruzado, senderismo y acampada\" src=\"https:\/\/bodegaoutdoor.cl\/store\/wp-content\/uploads\/2020\/07\/8747-b9mwoz.jpg\" alt=\"Bolso de hombro t\u00e1ctico militar 800D Oxford Molle, bolso de ej\u00e9rcito para exteriores, senderismo, viaje, escalada, bolso cruzado, senderismo y acampada\" \/><img decoding=\"async\" title=\"Bolso de hombro t\u00e1ctico militar 800D Oxford Molle, bolso de ej\u00e9rcito para exteriores, senderismo, viaje, escalada, bolso cruzado, senderismo y acampada\" src=\"https:\/\/bodegaoutdoor.cl\/store\/wp-content\/uploads\/2020\/07\/8747-wqoliz.jpg\" alt=\"Bolso de hombro t\u00e1ctico militar 800D Oxford Molle, bolso de ej\u00e9rcito para exteriores, senderismo, viaje, escalada, bolso cruzado, senderismo y acampada\" \/><img decoding=\"async\" title=\"Bolso de hombro t\u00e1ctico militar 800D Oxford Molle, bolso de ej\u00e9rcito para exteriores, senderismo, viaje, escalada, bolso cruzado, senderismo y acampada\" src=\"https:\/\/bodegaoutdoor.cl\/store\/wp-content\/uploads\/2020\/07\/8747-hx38sl.jpg\" alt=\"Bolso de hombro t\u00e1ctico militar 800D Oxford Molle, bolso de ej\u00e9rcito para exteriores, senderismo, viaje, escalada, bolso cruzado, senderismo y acampada\" \/><\/div>\n<div><img decoding=\"async\" title=\"Bolso de hombro t\u00e1ctico militar 800D Oxford Molle, bolso de ej\u00e9rcito para exteriores, senderismo, viaje, escalada, bolso cruzado, senderismo y acampada\" src=\"https:\/\/bodegaoutdoor.cl\/store\/wp-content\/uploads\/2020\/07\/8747-frfmj0.jpg\" alt=\"Bolso de hombro t\u00e1ctico militar 800D Oxford Molle, bolso de ej\u00e9rcito para exteriores, senderismo, viaje, escalada, bolso cruzado, senderismo y acampada\" \/><img decoding=\"async\" title=\"Bolso de hombro t\u00e1ctico militar 800D Oxford Molle, bolso de ej\u00e9rcito para exteriores, senderismo, viaje, escalada, bolso cruzado, senderismo y acampada\" src=\"https:\/\/bodegaoutdoor.cl\/store\/wp-content\/uploads\/2020\/07\/8747-x1bitk.jpg\" alt=\"Bolso de hombro t\u00e1ctico militar 800D Oxford Molle, bolso de ej\u00e9rcito para exteriores, senderismo, viaje, escalada, bolso cruzado, senderismo y acampada\" \/><img decoding=\"async\" title=\"Bolso de hombro t\u00e1ctico militar 800D Oxford Molle, bolso de ej\u00e9rcito para exteriores, senderismo, viaje, escalada, bolso cruzado, senderismo y acampada\" src=\"https:\/\/bodegaoutdoor.cl\/store\/wp-content\/uploads\/2020\/07\/8747-k0e2vn.jpg\" alt=\"Bolso de hombro t\u00e1ctico militar 800D Oxford Molle, bolso de ej\u00e9rcito para exteriores, senderismo, viaje, escalada, bolso cruzado, senderismo y acampada\" \/><\/div>\n<div><img decoding=\"async\" title=\"Bolso de hombro t\u00e1ctico militar 800D Oxford Molle, bolso de ej\u00e9rcito para exteriores, senderismo, viaje, escalada, bolso cruzado, senderismo y acampada\" src=\"https:\/\/bodegaoutdoor.cl\/store\/wp-content\/uploads\/2020\/07\/8747-qaubxf.jpg\" alt=\"Bolso de hombro t\u00e1ctico militar 800D Oxford Molle, bolso de ej\u00e9rcito para exteriores, senderismo, viaje, escalada, bolso cruzado, senderismo y acampada\" \/><img decoding=\"async\" title=\"Bolso de hombro t\u00e1ctico militar 800D Oxford Molle, bolso de ej\u00e9rcito para exteriores, senderismo, viaje, escalada, bolso cruzado, senderismo y acampada\" src=\"https:\/\/bodegaoutdoor.cl\/store\/wp-content\/uploads\/2020\/07\/8747-tn9yzh.jpg\" alt=\"Bolso de hombro t\u00e1ctico militar 800D Oxford Molle, bolso de ej\u00e9rcito para exteriores, senderismo, viaje, escalada, bolso cruzado, senderismo y acampada\" \/><img decoding=\"async\" title=\"Bolso de hombro t\u00e1ctico militar 800D Oxford Molle, bolso de ej\u00e9rcito para exteriores, senderismo, viaje, escalada, bolso cruzado, senderismo y acampada\" src=\"https:\/\/bodegaoutdoor.cl\/store\/wp-content\/uploads\/2020\/07\/8747-wpmnqk.jpg\" alt=\"Bolso de hombro t\u00e1ctico militar 800D Oxford Molle, bolso de ej\u00e9rcito para exteriores, senderismo, viaje, escalada, bolso cruzado, senderismo y acampada\" \/><\/div>\n<div><img decoding=\"async\" title=\"Bolso de hombro t\u00e1ctico militar 800D Oxford Molle, bolso de ej\u00e9rcito para exteriores, senderismo, viaje, escalada, bolso cruzado, senderismo y acampada\" src=\"https:\/\/bodegaoutdoor.cl\/store\/wp-content\/uploads\/2020\/07\/8747-ei1jzw.jpg\" alt=\"Bolso de hombro t\u00e1ctico militar 800D Oxford Molle, bolso de ej\u00e9rcito para exteriores, senderismo, viaje, escalada, bolso cruzado, senderismo y acampada\" \/><img decoding=\"async\" title=\"Bolso de hombro t\u00e1ctico militar 800D Oxford Molle, bolso de ej\u00e9rcito para exteriores, senderismo, viaje, escalada, bolso cruzado, senderismo y acampada\" src=\"https:\/\/bodegaoutdoor.cl\/store\/wp-content\/uploads\/2020\/07\/8747-cn8jel.jpg\" alt=\"Bolso de hombro t\u00e1ctico militar 800D Oxford Molle, bolso de ej\u00e9rcito para exteriores, senderismo, viaje, escalada, bolso cruzado, senderismo y acampada\" \/><img decoding=\"async\" title=\"Bolso de hombro t\u00e1ctico militar 800D Oxford Molle, bolso de ej\u00e9rcito para exteriores, senderismo, viaje, escalada, bolso cruzado, senderismo y acampada\" src=\"https:\/\/bodegaoutdoor.cl\/store\/wp-content\/uploads\/2020\/07\/8747-br3ohw.jpg\" alt=\"Bolso de hombro t\u00e1ctico militar 800D Oxford Molle, bolso de ej\u00e9rcito para exteriores, senderismo, viaje, escalada, bolso cruzado, senderismo y acampada\" \/><img decoding=\"async\" title=\"Bolso de hombro t\u00e1ctico militar 800D Oxford Molle, bolso de ej\u00e9rcito para exteriores, senderismo, viaje, escalada, bolso cruzado, senderismo y acampada\" src=\"https:\/\/bodegaoutdoor.cl\/store\/wp-content\/uploads\/2020\/07\/8747-ucyahz.jpg\" alt=\"Bolso de hombro t\u00e1ctico militar 800D Oxford Molle, bolso de ej\u00e9rcito para exteriores, senderismo, viaje, escalada, bolso cruzado, senderismo y acampada\" \/><img decoding=\"async\" title=\"Bolso de hombro t\u00e1ctico militar 800D Oxford Molle, bolso de ej\u00e9rcito para exteriores, senderismo, viaje, escalada, bolso cruzado, senderismo y acampada\" src=\"https:\/\/bodegaoutdoor.cl\/store\/wp-content\/uploads\/2020\/07\/8747-bim2s9.jpg\" alt=\"Bolso de hombro t\u00e1ctico militar 800D Oxford Molle, bolso de ej\u00e9rcito para exteriores, senderismo, viaje, escalada, bolso cruzado, senderismo y acampada\" \/><img decoding=\"async\" title=\"Bolso de hombro t\u00e1ctico militar 800D Oxford Molle, bolso de ej\u00e9rcito para exteriores, senderismo, viaje, escalada, bolso cruzado, senderismo y acampada\" src=\"https:\/\/bodegaoutdoor.cl\/store\/wp-content\/uploads\/2020\/07\/8747-sxkegs.jpg\" alt=\"Bolso de hombro t\u00e1ctico militar 800D Oxford Molle, bolso de ej\u00e9rcito para exteriores, senderismo, viaje, escalada, bolso cruzado, senderismo y acampada\" \/><img decoding=\"async\" title=\"Bolso de hombro t\u00e1ctico militar 800D Oxford Molle, bolso de ej\u00e9rcito para exteriores, senderismo, viaje, escalada, bolso cruzado, senderismo y acampada\" src=\"https:\/\/bodegaoutdoor.cl\/store\/wp-content\/uploads\/2020\/07\/8747-hlbhsg.jpg\" alt=\"Bolso de hombro t\u00e1ctico militar 800D Oxford Molle, bolso de ej\u00e9rcito para exteriores, senderismo, viaje, escalada, bolso cruzado, senderismo y acampada\" \/><\/div>\n<div><img decoding=\"async\" title=\"Bolso de hombro t\u00e1ctico militar 800D Oxford Molle, bolso de ej\u00e9rcito para exteriores, senderismo, viaje, escalada, bolso cruzado, senderismo y acampada\" src=\"https:\/\/bodegaoutdoor.cl\/store\/wp-content\/uploads\/2020\/07\/8747-dejyf3.jpg\" alt=\"Bolso de hombro t\u00e1ctico militar 800D Oxford Molle, bolso de ej\u00e9rcito para exteriores, senderismo, viaje, escalada, bolso cruzado, senderismo y acampada\" \/><img decoding=\"async\" title=\"Bolso de hombro t\u00e1ctico militar 800D Oxford Molle, bolso de ej\u00e9rcito para exteriores, senderismo, viaje, escalada, bolso cruzado, senderismo y acampada\" src=\"https:\/\/bodegaoutdoor.cl\/store\/wp-content\/uploads\/2020\/07\/8747-keeluo.jpg\" alt=\"Bolso de hombro t\u00e1ctico militar 800D Oxford Molle, bolso de ej\u00e9rcito para exteriores, senderismo, viaje, escalada, bolso cruzado, senderismo y acampada\" \/><img decoding=\"async\" title=\"Bolso de hombro t\u00e1ctico militar 800D Oxford Molle, bolso de ej\u00e9rcito para exteriores, senderismo, viaje, escalada, bolso cruzado, senderismo y acampada\" src=\"https:\/\/bodegaoutdoor.cl\/store\/wp-content\/uploads\/2020\/07\/8747-ihby3v.jpg\" alt=\"Bolso de hombro t\u00e1ctico militar 800D Oxford Molle, bolso de ej\u00e9rcito para exteriores, senderismo, viaje, escalada, bolso cruzado, senderismo y acampada\" \/><img decoding=\"async\" title=\"Bolso de hombro t\u00e1ctico militar 800D Oxford Molle, bolso de ej\u00e9rcito para exteriores, senderismo, viaje, escalada, bolso cruzado, senderismo y acampada\" src=\"https:\/\/bodegaoutdoor.cl\/store\/wp-content\/uploads\/2020\/07\/8747-2hzkfb.jpg\" alt=\"Bolso de hombro t\u00e1ctico militar 800D Oxford Molle, bolso de ej\u00e9rcito para exteriores, senderismo, viaje, escalada, bolso cruzado, senderismo y acampada\" \/><img decoding=\"async\" title=\"Bolso de hombro t\u00e1ctico militar 800D Oxford Molle, bolso de ej\u00e9rcito para exteriores, senderismo, viaje, escalada, bolso cruzado, senderismo y acampada\" src=\"https:\/\/bodegaoutdoor.cl\/store\/wp-content\/uploads\/2020\/07\/8747-03ic1i.jpg\" alt=\"Bolso de hombro t\u00e1ctico militar 800D Oxford Molle, bolso de ej\u00e9rcito para exteriores, senderismo, viaje, escalada, bolso cruzado, senderismo y acampada\" \/><img decoding=\"async\" title=\"Bolso de hombro t\u00e1ctico militar 800D Oxford Molle, bolso de ej\u00e9rcito para exteriores, senderismo, viaje, escalada, bolso cruzado, senderismo y acampada\" src=\"https:\/\/bodegaoutdoor.cl\/store\/wp-content\/uploads\/2020\/07\/8747-yudump.jpg\" alt=\"Bolso de hombro t\u00e1ctico militar 800D Oxford Molle, bolso de ej\u00e9rcito para exteriores, senderismo, viaje, escalada, bolso cruzado, senderismo y acampada\" \/><img decoding=\"async\" title=\"Bolso de hombro t\u00e1ctico militar 800D Oxford Molle, bolso de ej\u00e9rcito para exteriores, senderismo, viaje, escalada, bolso cruzado, senderismo y acampada\" src=\"https:\/\/bodegaoutdoor.cl\/store\/wp-content\/uploads\/2020\/07\/8747-rcpkat.jpg\" alt=\"Bolso de hombro t\u00e1ctico militar 800D Oxford Molle, bolso de ej\u00e9rcito para exteriores, senderismo, viaje, escalada, bolso cruzado, senderismo y acampada\" \/><img decoding=\"async\" title=\"Bolso de hombro t\u00e1ctico militar 800D Oxford Molle, bolso de ej\u00e9rcito para exteriores, senderismo, viaje, escalada, bolso cruzado, senderismo y acampada\" src=\"https:\/\/bodegaoutdoor.cl\/store\/wp-content\/uploads\/2020\/07\/8747-qcqxtg.jpg\" alt=\"Bolso de hombro t\u00e1ctico militar 800D Oxford Molle, bolso de ej\u00e9rcito para exteriores, senderismo, viaje, escalada, bolso cruzado, senderismo y acampada\" \/><img decoding=\"async\" title=\"Bolso de hombro t\u00e1ctico militar 800D Oxford Molle, bolso de ej\u00e9rcito para exteriores, senderismo, viaje, escalada, bolso cruzado, senderismo y acampada\" src=\"https:\/\/bodegaoutdoor.cl\/store\/wp-content\/uploads\/2020\/07\/8747-dmldm5.jpg\" alt=\"Bolso de hombro t\u00e1ctico militar 800D Oxford Molle, bolso de ej\u00e9rcito para exteriores, senderismo, viaje, escalada, bolso cruzado, senderismo y acampada\" \/><\/div>\n<div><img decoding=\"async\" title=\"Bolso de hombro t\u00e1ctico militar 800D Oxford Molle, bolso de ej\u00e9rcito para exteriores, senderismo, viaje, escalada, bolso cruzado, senderismo y acampada\" src=\"https:\/\/bodegaoutdoor.cl\/store\/wp-content\/uploads\/2020\/07\/8747-uuyoau.jpg\" alt=\"Bolso de hombro t\u00e1ctico militar 800D Oxford Molle, bolso de ej\u00e9rcito para exteriores, senderismo, viaje, escalada, bolso cruzado, senderismo y acampada\" \/><\/div>\n\n    <div class=\"xs_social_share_widget xs_share_url after_content \t\tmain_content  wslu-style-1 wslu-share-box-shaped wslu-fill-colored wslu-none wslu-share-horizontal wslu-theme-font-no wslu-main_content\">\n\n\t\t\n        <ul>\n\t\t\t        <\/ul>\n    <\/div> \n","protected":false},"excerpt":{"rendered":"<p>Bolso de hombro t\u00e1ctico militar 800D Oxford Molle, bolso del ej\u00e9rcito, al aire libre, senderismo, viaje, escalada, bolso cruzado, Camping, senderismo Descripci\u00f3n: Condici\u00f3n 100% a estrenar Nombre del producto: bandolera t\u00e1ctica Tipo: bandolera t\u00e1ctica Material del producto: resistente al desgaste 800D Oxford G\u00e9nero: hombres, mujeres Capacidad: 25L Tipo de cierre: cremallera y hebilla Tama\u00f1o: 30*17*28cm [&hellip;]<\/p>\n","protected":false},"featured_media":8991,"comment_status":"open","ping_status":"closed","template":"","meta":{"jetpack_publicize_message":"","jetpack_publicize_feature_enabled":true,"jetpack_social_post_already_shared":true,"jetpack_social_options":{"image_generator_settings":{"template":"highway","enabled":false},"version":2}},"product_brand":[],"product_cat":[195,238],"product_tag":[],"class_list":{"0":"post-8747","1":"product","2":"type-product","3":"status-publish","4":"has-post-thumbnail","6":"product_cat-mochilas","7":"product_cat-mochilas-10-30-litros","9":"first","10":"instock","11":"sale","12":"taxable","13":"shipping-taxable","14":"purchasable","15":"product-type-variable"},"jetpack_publicize_connections":[],"jetpack_sharing_enabled":true,"_links":{"self":[{"href":"https:\/\/bodegaoutdoor.cl\/store\/wp-json\/wp\/v2\/product\/8747","targetHints":{"allow":["GET"]}}],"collection":[{"href":"https:\/\/bodegaoutdoor.cl\/store\/wp-json\/wp\/v2\/product"}],"about":[{"href":"https:\/\/bodegaoutdoor.cl\/store\/wp-json\/wp\/v2\/types\/product"}],"replies":[{"embeddable":true,"href":"https:\/\/bodegaoutdoor.cl\/store\/wp-json\/wp\/v2\/comments?post=8747"}],"version-history":[{"count":2,"href":"https:\/\/bodegaoutdoor.cl\/store\/wp-json\/wp\/v2\/product\/8747\/revisions"}],"predecessor-version":[{"id":71310,"href":"https:\/\/bodegaoutdoor.cl\/store\/wp-json\/wp\/v2\/product\/8747\/revisions\/71310"}],"wp:featuredmedia":[{"embeddable":true,"href":"https:\/\/bodegaoutdoor.cl\/store\/wp-json\/wp\/v2\/media\/8991"}],"wp:attachment":[{"href":"https:\/\/bodegaoutdoor.cl\/store\/wp-json\/wp\/v2\/media?parent=8747"}],"wp:term":[{"taxonomy":"product_brand","embeddable":true,"href":"https:\/\/bodegaoutdoor.cl\/store\/wp-json\/wp\/v2\/product_brand?post=8747"},{"taxonomy":"product_cat","embeddable":true,"href":"https:\/\/bodegaoutdoor.cl\/store\/wp-json\/wp\/v2\/product_cat?post=8747"},{"taxonomy":"product_tag","embeddable":true,"href":"https:\/\/bodegaoutdoor.cl\/store\/wp-json\/wp\/v2\/product_tag?post=8747"}],"curies":[{"name":"wp","href":"https:\/\/api.w.org\/{rel}","templated":true}]}}