{"id":9131,"date":"2020-07-28T05:01:22","date_gmt":"2020-07-28T05:01:22","guid":{"rendered":"https:\/\/bodegaoutdoor.cl\/store\/product\/pasamontanas-transpirable-para-motocross-mascara-facial-para-ciclismo-cuello-y-capucha\/"},"modified":"2023-05-04T19:19:32","modified_gmt":"2023-05-04T23:19:32","slug":"pasamontanas-transpirable-para-motocross-mascara-facial-para-ciclismo-cuello-y-capucha","status":"publish","type":"product","link":"https:\/\/bodegaoutdoor.cl\/store\/product\/pasamontanas-transpirable-para-motocross-mascara-facial-para-ciclismo-cuello-y-capucha\/","title":{"rendered":"Pasamonta\u00f1as transpirable para Motocross, m\u00e1scara facial para ciclismo, cuello y capucha"},"content":{"rendered":"<div>\n<ul>\n<li style=\"font-family: OpenSans;color: #000000;font-weight: 900;font-size: 20px;line-height: 28px\">Descripci\u00f3n:<\/li>\n<\/ul>\n<p style=\"font-family: 'OpenSans';color: #000;font-weight: 300;font-size: 14px;line-height: 20px;margin-bottom: 12px\">Material: material de red de algod\u00f3n<br \/>\nN\u00famero de modelo: MTT-17266T<\/p>\n<p>Color: gris, rojo, negro, azul<br \/>\nTama\u00f1o: tama\u00f1o libre<\/p>\n<p>Caracter\u00edsticas del producto:<br \/>\nFabricaci\u00f3n de tejido de Lycra negra, con c\u00f3modo, transpirable, m\u00e1s suave, m\u00e1s flexible.<br \/>\n2 La flexibilidad es mejor, puede cubrir completamente la cabeza y el cuello de cada pieza, m\u00e1s personal y m\u00e1s c\u00f3modo. Especialmente ligero, f\u00e1cil mantenimiento.<br \/>\n2. Aunque es muy fino, pero hay una gran flexibilidad, adecuada para polvo, insectos. Llevar un casco en el interior puede proteger mejor la cabeza, las orejas y la boca.<\/p>\n<p>La longitud se puede envolver alrededor del cuello para prevenir picaduras de mosquitos y la penetraci\u00f3n de polvo.<br \/>\n3 Este estilo de funda para la cabeza puede cubrir la cara, ocultar la identidad, proteger el papel de la cabeza, en muchas \u00e1reas de aplicaci\u00f3n. Como simulaci\u00f3n CS,<\/p>\n<p>Para exteriores, viento y arena, sol, ambiente especial para polvo, esqu\u00ed alpino, protecci\u00f3n de la cabeza del conductor de carreras, etc.<\/p>\n<p>El paquete incluye<\/p>\n<p>1 x m\u00e1scara<\/p>\n<\/div>\n<div><img decoding=\"async\" style=\"margin-bottom: 10px\" title=\"Pasamonta\u00f1as transpirable para Motocross, m\u00e1scara facial para ciclismo, cuello y capucha\" src=\"https:\/\/bodegaoutdoor.cl\/store\/wp-content\/uploads\/2020\/07\/9131-1xfrr6.jpg\" alt=\"Pasamonta\u00f1as transpirable para Motocross, m\u00e1scara facial para ciclismo, cuello y capucha\" \/><img decoding=\"async\" style=\"margin-bottom: 10px\" title=\"Pasamonta\u00f1as transpirable para Motocross, m\u00e1scara facial para ciclismo, cuello y capucha\" src=\"https:\/\/bodegaoutdoor.cl\/store\/wp-content\/uploads\/2020\/07\/9131-qorex0.jpg\" alt=\"Pasamonta\u00f1as transpirable para Motocross, m\u00e1scara facial para ciclismo, cuello y capucha\" \/><img decoding=\"async\" style=\"margin-bottom: 10px\" title=\"Pasamonta\u00f1as transpirable para Motocross, m\u00e1scara facial para ciclismo, cuello y capucha\" src=\"https:\/\/bodegaoutdoor.cl\/store\/wp-content\/uploads\/2020\/07\/9131-byx73x.jpg\" alt=\"Pasamonta\u00f1as transpirable para Motocross, m\u00e1scara facial para ciclismo, cuello y capucha\" \/><img decoding=\"async\" style=\"margin-bottom: 10px\" title=\"Pasamonta\u00f1as transpirable para Motocross, m\u00e1scara facial para ciclismo, cuello y capucha\" src=\"https:\/\/bodegaoutdoor.cl\/store\/wp-content\/uploads\/2020\/07\/9131-czszyo.jpg\" alt=\"Pasamonta\u00f1as transpirable para Motocross, m\u00e1scara facial para ciclismo, cuello y capucha\" \/><img decoding=\"async\" style=\"margin-bottom: 10px\" title=\"Pasamonta\u00f1as transpirable para Motocross, m\u00e1scara facial para ciclismo, cuello y capucha\" src=\"https:\/\/bodegaoutdoor.cl\/store\/wp-content\/uploads\/2020\/07\/9131-zjhpmv.jpg\" alt=\"Pasamonta\u00f1as transpirable para Motocross, m\u00e1scara facial para ciclismo, cuello y capucha\" \/><img decoding=\"async\" style=\"margin-bottom: 10px\" title=\"Pasamonta\u00f1as transpirable para Motocross, m\u00e1scara facial para ciclismo, cuello y capucha\" src=\"https:\/\/bodegaoutdoor.cl\/store\/wp-content\/uploads\/2020\/07\/9131-jc4el3.jpg\" alt=\"Pasamonta\u00f1as transpirable para Motocross, m\u00e1scara facial para ciclismo, cuello y capucha\" \/><img decoding=\"async\" style=\"margin-bottom: 10px\" title=\"Pasamonta\u00f1as transpirable para Motocross, m\u00e1scara facial para ciclismo, cuello y capucha\" src=\"https:\/\/bodegaoutdoor.cl\/store\/wp-content\/uploads\/2020\/07\/9131-vsggfk.jpg\" alt=\"Pasamonta\u00f1as transpirable para Motocross, m\u00e1scara facial para ciclismo, cuello y capucha\" \/><img decoding=\"async\" style=\"margin-bottom: 10px\" title=\"Pasamonta\u00f1as transpirable para Motocross, m\u00e1scara facial para ciclismo, cuello y capucha\" src=\"https:\/\/bodegaoutdoor.cl\/store\/wp-content\/uploads\/2020\/07\/9131-r5odp8.jpg\" alt=\"Pasamonta\u00f1as transpirable para Motocross, m\u00e1scara facial para ciclismo, cuello y capucha\" \/><img decoding=\"async\" style=\"margin-bottom: 10px\" title=\"Pasamonta\u00f1as transpirable para Motocross, m\u00e1scara facial para ciclismo, cuello y capucha\" src=\"https:\/\/bodegaoutdoor.cl\/store\/wp-content\/uploads\/2020\/07\/9131-ous05n.jpg\" alt=\"Pasamonta\u00f1as transpirable para Motocross, m\u00e1scara facial para ciclismo, cuello y capucha\" \/><\/div>\n\n    <div class=\"xs_social_share_widget xs_share_url after_content \t\tmain_content  wslu-style-1 wslu-share-box-shaped wslu-fill-colored wslu-none wslu-share-horizontal wslu-theme-font-no wslu-main_content\">\n\n\t\t\n        <ul>\n\t\t\t        <\/ul>\n    <\/div> \n","protected":false},"excerpt":{"rendered":"<p style=\"padding-left: 40px;text-align: left\"><span style=\"color: #ff0000\">PRECIO MAYOR M\u00cdNIMO 3 UNIDADES $4.990<\/span><\/p>\n","protected":false},"featured_media":9188,"comment_status":"open","ping_status":"closed","template":"","meta":{"jetpack_publicize_message":"","jetpack_publicize_feature_enabled":true,"jetpack_social_post_already_shared":true,"jetpack_social_options":{"image_generator_settings":{"template":"highway","enabled":false},"version":2}},"product_brand":[],"product_cat":[64,62],"product_tag":[],"class_list":{"0":"post-9131","1":"product","2":"type-product","3":"status-publish","4":"has-post-thumbnail","6":"product_cat-accessories","7":"product_cat-vestuario-hombre","9":"first","10":"instock","11":"sale","12":"taxable","13":"shipping-taxable","14":"purchasable","15":"product-type-variable"},"jetpack_publicize_connections":[],"jetpack_sharing_enabled":true,"_links":{"self":[{"href":"https:\/\/bodegaoutdoor.cl\/store\/wp-json\/wp\/v2\/product\/9131","targetHints":{"allow":["GET"]}}],"collection":[{"href":"https:\/\/bodegaoutdoor.cl\/store\/wp-json\/wp\/v2\/product"}],"about":[{"href":"https:\/\/bodegaoutdoor.cl\/store\/wp-json\/wp\/v2\/types\/product"}],"replies":[{"embeddable":true,"href":"https:\/\/bodegaoutdoor.cl\/store\/wp-json\/wp\/v2\/comments?post=9131"}],"version-history":[{"count":2,"href":"https:\/\/bodegaoutdoor.cl\/store\/wp-json\/wp\/v2\/product\/9131\/revisions"}],"predecessor-version":[{"id":71307,"href":"https:\/\/bodegaoutdoor.cl\/store\/wp-json\/wp\/v2\/product\/9131\/revisions\/71307"}],"wp:featuredmedia":[{"embeddable":true,"href":"https:\/\/bodegaoutdoor.cl\/store\/wp-json\/wp\/v2\/media\/9188"}],"wp:attachment":[{"href":"https:\/\/bodegaoutdoor.cl\/store\/wp-json\/wp\/v2\/media?parent=9131"}],"wp:term":[{"taxonomy":"product_brand","embeddable":true,"href":"https:\/\/bodegaoutdoor.cl\/store\/wp-json\/wp\/v2\/product_brand?post=9131"},{"taxonomy":"product_cat","embeddable":true,"href":"https:\/\/bodegaoutdoor.cl\/store\/wp-json\/wp\/v2\/product_cat?post=9131"},{"taxonomy":"product_tag","embeddable":true,"href":"https:\/\/bodegaoutdoor.cl\/store\/wp-json\/wp\/v2\/product_tag?post=9131"}],"curies":[{"name":"wp","href":"https:\/\/api.w.org\/{rel}","templated":true}]}}